{"id":90,"date":"2018-10-19T17:11:32","date_gmt":"2018-10-19T16:11:32","guid":{"rendered":"http:\/\/sites.ipleiria.pt\/15historias\/?page_id=90"},"modified":"2019-06-11T12:58:41","modified_gmt":"2019-06-11T11:58:41","slug":"caso-5-comercio-online-e-so-um-clique","status":"publish","type":"page","link":"https:\/\/sites.ipleiria.pt\/15historias\/caso-5-comercio-online-e-so-um-clique\/","title":{"rendered":"Caso 5: Com\u00e9rcio online? \u00c9 s\u00f3 um clique&#8230;"},"content":{"rendered":"\n<div class=\"wp-block-image\"><figure class=\"aligncenter\"><img loading=\"lazy\" decoding=\"async\" width=\"179\" height=\"173\" src=\"http:\/\/sites.ipleiria.pt\/15historias\/files\/2019\/03\/img-24.png\" alt=\"\" class=\"wp-image-515\" \/><\/figure><\/div>\n\n\n<div class=\"container\">\n<h1 class=\"article-title\">Caso 5: Com\u00e9rcio online? \u00c9 s\u00f3 um clique&#8230;<\/h1>\n<div class=\"author-card\">\n<p class=\"author-name\"><strong>Autores:<\/strong> Manuela Francisco<sup>1<\/sup> e Norberto Sousa<sup>2<\/sup><\/p>\n<p class=\"author-description\"><sup>1<\/sup> Unidade de Ensino a Dist\u00e2ncia, Instituto Polit\u00e9cnico de Leiria<br \/><sup>2<\/sup> ComAcesso<\/p>\n<\/div>\n<p class=\"author-reference\"><strong>Referir este caso:<\/strong> Francisco, M. &amp;\u00a0Sousa, N. (2018). Com\u00e9rcio online? \u00c9 s\u00f3 um clique&#8230; In R. Cadima, I. Pereira, M. Francisco &amp; S. Cunha (Coords.).\u00a0<em>15 hist\u00f3rias para incluir.<\/em> [Online]. Polit\u00e9cnico de Leiria: Leiria.<\/p>\n<\/div>\n<div class=\"container--gray mr-top30 mr-bottom50\">\n<div class=\"container\">\n<h2 class=\"article-subtitle\">Para come\u00e7ar<\/h2>\n<p>O com\u00e9rcio online ou eCommerce diz respeito a\u00a0qualquer tipo de atividade econ\u00f3mica realizada por via eletr\u00f3nica (Rolf, 1997). Apesar de ser\u00a0hoje utilizado pela maioria das empresas, em\u00a0todo o mundo, a legisla\u00e7\u00e3o existente incide\u00a0fundamentalmente na regulamenta\u00e7\u00e3o das\u00a0atividades econ\u00f3micas (DeLone &amp; McLean, 2004)\u00a0e, mais recentemente, na prote\u00e7\u00e3o de dados dos\u00a0utilizadores.<\/p>\n<p>Em quest\u00f5es de acessibilidade, a\u00a0legisla\u00e7\u00e3o portuguesa, de acordo com a Diretiva\u00a0Europeia 2016\/2012 e com a RCM n\u00ba 91\/2012, define\u00a0que a Administra\u00e7\u00e3o P\u00fablica est\u00e1 obrigada a cumprir o n\u00edvel de conformidade duplo &#8220;A\u201d das diretrizes de acessibilidade WCAG. Contudo, se\u00a0nem todas as institui\u00e7\u00f5es p\u00fablicas, est\u00e3o a cumprir\u00a0com estes requisitos, poder-se-\u00e1 ter uma ideia do\u00a0cen\u00e1rio relativo \u00e0 acessibilidade no com\u00e9rcio online.\u00a0Apesar de muitas atividades econ\u00f3micas serem de\u00a0interesse p\u00fablico, a maioria dos servi\u00e7os e websites\u00a0n\u00e3o s\u00e3o acess\u00edveis, conforme Gon\u00e7alves, Martins &amp;\u00a0Branco (2014).<\/p>\n<p>Considerando que pessoas com algum tipo de incapacidade ou defici\u00eancia, nomeadamente ao n\u00edvel da vis\u00e3o, sentem dificuldades em realizar compras em espa\u00e7os f\u00edsicos (ex. falta de etiquetas em Braille e de textos ampliados), a web, pelo seu potencial inclusivo e capacidade de interoperabilidade entre diferentes tecnologias, deveria ser uma alternativa eficaz e eficiente para todos.<\/p>\n<\/div>\n<\/div>\n<div class=\"container\">\n<h2 class=\"article-subtitle\">Para ler<\/h2>\n<p>Sou o Filipe, tenho 43 anos e j\u00e1 corri meio mundo&#8230; mas o que me caracteriza mesmo \u00e9 a imensa paix\u00e3o por fotografia. Sempre fiz registos de eventos tradicionais como casamentos e batizados. Inicialmente fotos, depois fotos e v\u00eddeo, hoje em dia \u00e9 mais a fotorreportagem. A parte mais complexa \u00e9 sempre a das provas, uma vez que os clientes n\u00e3o s\u00e3o apenas os \u201cprotagonistas\u201d mas tamb\u00e9m os convidados &#8211; muito mais dif\u00edcil de chegar. Mas gra\u00e7as aos avan\u00e7os tecnol\u00f3gicos relacionados com a internet, criei uma \u201cwebstore\u201d e tem funcionado lindamente.<\/p>\n<p>O processo \u00e9 simples e seguro. Crio o \u00e1lbum do cliente, protegido com uma palavra-chave, e envio os dados de acesso por email. O cliente, por sua vez, encaminha os dados para os seus convidados. Todos acedem \u00e0s fotos, adicionam \u00e0 lista de compras e finalizam com pagamento online. Tem corrido muito bem mesmo, ali\u00e1s, aumentei o volume de vendas! Mas, na semana passada recebi a seguinte mensagem:<\/p>\n<div class=\"story--dialog\">\n<p>Caro Filipe,<\/p>\n<p>Tentei aceder ao \u00e1lbum de fotografias com os dados que a Sofia e o Martim me enviaram\u00a0e fiquei extremamente descontente com o cen\u00e1rio. Por acaso o Filipe j\u00e1 ouviu falar em\u00a0acessibilidade na web? Estou em crer que n\u00e3o. E \u00e9 por considerar que \u00e9 uma quest\u00e3o\u00a0de ignor\u00e2ncia e n\u00e3o de neglig\u00eancia consciente que lhe escrevo e n\u00e3o avan\u00e7o com uma\u00a0den\u00fancia na Defesa do Consumidor.\u00a0<\/p>\n<p>Tenho baixa-vis\u00e3o e uso software para amplia\u00e7\u00e3o e leitor de ecr\u00e3. Quando tentei entrar no \u00e1lbum foi uma aventura! Foi um saltar constante entre os softwares que utilizo&#8230; Primeiro encontrar o campo da senha, depois de entrar deparei-me com fotos que, devido \u00e0 amplia\u00e7\u00e3o que necessito para ver o que est\u00e1 no ecr\u00e3, n\u00e3o consigo ter a perce\u00e7\u00e3o total da foto. Mais uma vez ativei o leitor de ecr\u00e3 para ver se tinha algum texto alternativo com indica\u00e7\u00e3o das pessoas que estavam nas fotos e\u2026 nada.\u00a0<\/p>\n<p>Assim, se o Filipe pretende comercializar as fotos online, dever\u00e1 ter em considera\u00e7\u00e3o que\u00a0os seus clientes podem ter problemas de vis\u00e3o e t\u00eam, tal como todos os outros, direito a\u00a0adquirir as fotos.\u00a0<\/p>\n<p>Cordiais cumprimentos,\u00a0M.<\/p>\n<\/div>\n<p>Fiquei estupefacto com esta mensagem!<\/p>\n<p>Nunca me passou pela cabe\u00e7a que \u201cuma pessoa que n\u00e3o v\u00ea\u201d tivesse interesse\u00a0em adquirir fotos. Ali\u00e1s, quando pensei avan\u00e7ar com a webstore fiz pesquisas\u00a0para encontrar a melhor solu\u00e7\u00e3o e nenhuma falou em acessibilidade, como por\u00a0exemplo neste site \u201cWebsite Design Tips for Wedding Photographers\u201d ou nos tops\u00a0de melhores sites nesta \u00e1rea como \u201c<em>20 Wedding Photographers with Outstanding\u00a0Websites<\/em>\u201d.<\/p>\n<p>Decidi utilizar a ferramenta Shoot Proof que por ser uma das recomendadas para\u00a0este neg\u00f3cio deveria responder a todos os requisitos. Depois deste mail fui fazer\u00a0novas pesquisas, nomeadamente de sites ligados a fotos e parece-me que todos s\u00e3o muito\u00a0semelhantes ao meu&#8230;<\/p>\n<p>Ter\u00e1 esta reclama\u00e7\u00e3o fundamento? No fundo, estas pessoas tamb\u00e9m n\u00e3o v\u00e3o ao\u00a0cinema, n\u00e3o conduzem&#8230; Ser\u00e1 que n\u00e3o estarei a exagerar na preocupa\u00e7\u00e3o? Se calhar\u00a0estou a tentar ser mais papista que o Papa&#8230;<\/p>\n<\/div>\n<div class=\"container--gray mr-top30 mr-bottom50\">\n<div class=\"container\">\n<h2 class=\"article-subtitle\">Para equacionar<\/h2>\n<p>E agora&#8230;<\/p>\n<ul>\n<li>Mudar de ferramenta<\/li>\n<li>Ferramentas de webstore\u00a0existentes sem acessibilidade<\/li>\n<li>Pedir aos clientes que\u00a0descrevam as fotos<\/li>\n<li>Tornar acess\u00edvel servi\u00e7os\/produtos exclusivamente\u00a0visuais para casos\u00a0espor\u00e1dicos<\/li>\n<li>Consequ\u00eancias deste tipo\u00a0de reclama\u00e7\u00e3o<\/li>\n<li>Existem coimas para com\u00e9rcio online que n\u00e3o esteja acess\u00edvel\u00a0a todos<\/li>\n<\/ul>\n<\/div>\n<\/div>\n<div class=\"container\">\n<h2 class=\"article-subtitle\">Para debater<\/h2>\n<p class=\"section--subtitle\">1. O que deve fazer o Filipe?<\/p>\n<p>Quais as estrat\u00e9gias concretas que o Filipe deve adotar?<\/p>\n<p>Deixar o site como est\u00e1? Tornar o site acess\u00edvel?<\/p>\n<p>Descrever as fotos e v\u00eddeos?\u00a0Como?&#8230; se ele n\u00e3o sabe o nome dos convidados?\u00a0Antes de fazer o trabalho deve perguntar ao cliente se vai ter convidados com\u00a0dificuldades ao n\u00edvel da vis\u00e3o?<\/p>\n<p class=\"section--subtitle\">2. Como deve responder \u00e0 reclama\u00e7\u00e3o?<\/p>\n<p>O que dizer \u00e0 pessoa que reclamou?\u00a0Que desconhecia o problema?\u00a0Que vai tentar melhorar?\u00a0Que deve pedir aos amigos para lhe descreverem as fotos?\u00a0Pedir-lhe ajuda de como fazer, para que n\u00e3o se repita a situa\u00e7\u00e3o?<\/p>\n<p class=\"section--subtitle\">3. Mudar de ferramenta resolve o problema?<\/p>\n<p>Ser\u00e1 que contratando um programador que desenvolva uma webstore acess\u00edvel\u00a0resolve o problema?<\/p>\n<p>Haver\u00e1 alguma ferramenta que descreva as imagens de forma autom\u00e1tica?<\/p>\n<p class=\"section--subtitle\">4. Um site com conte\u00fados meramente visuais deve ser acess\u00edvel?<\/p>\n<p>De acordo com o Filipe, se uma pessoa cega ou com baixa vis\u00e3o n\u00e3o consegue\u00a0ver as fotos e os v\u00eddeos, talvez n\u00e3o fa\u00e7a sentido preocupar-se com quest\u00f5es de\u00a0acessibilidade.<\/p>\n<p>Nas suas palavras \u201c<em>Ter\u00e1 esta reclama\u00e7\u00e3o fundamento? No fundo,\u00a0estas pessoas tamb\u00e9m n\u00e3o v\u00e3o ao cinema, n\u00e3o conduzem&#8230;<\/em>\u201d\u00a0Ser\u00e1 que o Filipe tem raz\u00e3o?\u00a0Far\u00e1 sentido tornar o site e os conte\u00fados (apenas imagens), acess\u00edveis para\u00a0pessoas com incapacidade visual?<\/p>\n<blockquote>\n<p>(\u2026) o problema apenas se\u00a0resolve quando todos tivermos\u00a0consci\u00eancia do problema\u00a0de uma forma geral. A partir\u00a0desse momento, deixar\u00e1 de ser\u00a0problema e evoluir\u00e1 para rotina.<br \/><cite>Samuel Patroc\u00ednio<\/cite><\/p>\n<\/blockquote>\n<blockquote>\n<p>Criar uma plataforma onde as\u00a0pessoas que aparecem nas fotos\u00a0se identifiquem, identifiquem os\u00a0outros e acrescentem outro tipo\u00a0de informa\u00e7\u00e3o (\u2026). Deste modo,\u00a0enriqueceria as fotografias e descri\u00e7\u00f5es, tornando o \u201c\u00e1lbum\u201d\u00a0um lugar de conv\u00edvio e intera\u00e7\u00e3o\u00a0entre todos.<br \/><cite>Liliana Bernardo<\/cite><\/p>\n<\/blockquote>\n<blockquote>\n<p>(\u2026) A dignidade de cada pessoa \u00e9 um\u00a0valor supremo. Limitar, restringir ou\u00a0impedir, qualquer pessoa com limita\u00e7\u00f5es\u00a0f\u00edsicas ou outras, \u00e0 informa\u00e7\u00e3o a que\u00a0deve ter acesso, \u00e9 \u201cferir\u201d o \u00e2mago da dignidade humana.<br \/><cite>Samuel Patroc\u00ednio<\/cite><\/p>\n<\/blockquote>\n<\/div>\n<div class=\"container--gray mr-top30 mr-bottom50\">\n<div class=\"container\">\n<h2 class=\"article-subtitle\">Para reter<\/h2>\n<p>Considerando que cada caso \u00e9 um caso e que as solu\u00e7\u00f5es adotadas para uma situa\u00e7\u00e3o poder\u00e3o n\u00e3o ser as indicadas para\u00a0outras, deixamos um poss\u00edvel desfecho, baseado numa situa\u00e7\u00e3o real.<\/p>\n<p>A situa\u00e7\u00e3o ainda n\u00e3o foi resolvida.<\/p>\n<p>O Filipe falou com um programador e a situa\u00e7\u00e3o n\u00e3o \u00e9 f\u00e1cil de resolver. S\u00f3 criando uma plataforma de raiz, mas que exige\u00a0bastante tempo uma vez que ter\u00e1 de integrar processos de prote\u00e7\u00e3o de imagem &#8211; n\u00e3o permitir guardar ou descarregar &#8211; que\u00a0acabam por n\u00e3o ser acess\u00edveis e colocam barreiras \u00e0s tecnologias de apoio. Em alternativa, poder\u00e1 colocar uma marca de\u00a0\u00e1gua nas fotos, tal como acontece nos bancos de imagens.<\/p>\n<p>Mas se, em termos de plataforma, o problema pode ser resolvido pelo programador, em termos de conte\u00fado a quest\u00e3o \u00e9 mais\u00a0complexa.<\/p>\n<p>Para que as fotos e v\u00eddeos possam ser acess\u00edveis ser\u00e1 necess\u00e1rio descrev\u00ea-las&#8230; e o fot\u00f3grafo desconhece o nome dos convidados. Este processo ter\u00e1 de ser feito pelo cliente, mas ir\u00e1 exigir tempo uma vez que uma fotorreportagem tem mais de 100 fotos e os v\u00eddeos chegam a ter a dura\u00e7\u00e3o de 1 hora.<\/p>\n<p>Como tal, sempre que surge um trabalho, o Filipe alerta o cliente para a necessidade de descrever as imagens assim que tiver\u00a0as provas e antes de as disponibilizar no site, explicando o porqu\u00ea. Mas, verdade seja dita, a maioria dos clientes refere que tal n\u00e3o ser\u00e1 necess\u00e1rio pois n\u00e3o t\u00eam convidados com este tipo de dificuldade&#8230;<\/p>\n<\/div>\n<\/div>\n<div class=\"container\">\n<h2 class=\"article-subtitle\">Para consultar<\/h2>\n<p class=\"section--subtitle\">Refer\u00eancias<\/p>\n<p>DeLone, W. H. &amp; McLean, E. R. (2004) Measuring e-Commerce Success: Applying the DeLone &amp; McLean Information Systems Success Model, International\u00a0Journal of Electronic Commerce, 9:1, 31-47, DOI: 10.1080\/10864415.2004.11044317<\/p>\n<p>Diretiva (UE) 2016\/2284 (2016, dezembro 14) do Parlamento Europeu e do Conselho. <a href=\"https:\/\/eur-lex.europa.eu\/legal-content\/pt\/TXT\/?uri=CELEX:32016L2284\" target=\"_blank\" rel=\"noopener noreferrer\">https:\/\/eur-lex.europa.eu\/legal-content\/pt\/TXT\/?uri=CELEX:32016L2284<\/a><\/p>\n<p>Gon\u00e7alves, R.; Martins, J. &amp; Branco, F. (2014). A review on the Portuguese enterprises web accessibility levels \u2014 a website accessibility high level improvement proposal. Procedia Computer Science, 27 (2014), pp. 176-185, DOI: 10.1016\/j.procs.2014.02.021<\/p>\n<p>Resolu\u00e7\u00e3o do Conselho de Ministros N.\u00ba 91\/2012 (2012, novembro 8) da Presid\u00eancia do Conselho de Ministros. Di\u00e1rio da Rep\u00fablica, 1.\u00aa s\u00e9rie, N.\u00ba 216, pp.6460-6465. <a href=\"http:\/\/dre.pt\/pdf1sdip\/2012\/11\/21600\/0646006465.pdf\" target=\"_blank\" rel=\"noopener noreferrer\">http:\/\/dre.pt\/pdf1sdip\/2012\/11\/21600\/0646006465.pdf<\/a><\/p>\n<p>Rolf T. W. (1997) Electronic Commerce: Definition, Theory, and Context, The Information Society, 13:1, 1-16, DOI: 10.1080\/019722497129241<\/p>\n<p class=\"section--subtitle\">Sugest\u00f5es de pesquisa<\/p>\n<p>E-Commerce Accessibility: Our Top 7 Issues for Product Detail Pages <a href=\"https:\/\/accessible360.com\/accessible360-blog\/e-commerce-accessibility-top-7-issues-product-detail-pages\/\" target=\"_blank\" rel=\"noopener noreferrer\">https:\/\/accessible360.com\/accessible360-blog\/e-commerce-accessibility-top-7-issues-product-detail-pages\/<\/a><\/p>\n<p>Ecommerce Website Accessibility: Why and How to Improve it <a href=\"https:\/\/blog.templatetoaster.com\/ecommerce-website-accessibility\/\" target=\"_blank\" rel=\"noopener noreferrer\">https:\/\/blog.templatetoaster.com\/ecommerce-website-accessibility\/<\/a><\/p>\n<p>Tipos de defici\u00eancia visual <a href=\"https:\/\/www.news-medical.net\/health\/Types-of-visual-impairment-(Portuguese).aspx\" target=\"_blank\" rel=\"noopener noreferrer\">https:\/\/www.news-medical.net\/health\/Types-of-visual-impairment-(Portuguese).aspx<\/a><\/p>\n<p>E-commerce: compras on-line mais seguras para os consumidores <a href=\"http:\/\/www.asae.gov.pt\/pagina.aspx?f=3&amp;back=1&amp;id=22209\" target=\"_blank\" rel=\"noopener noreferrer\">http:\/\/www.asae.gov.pt\/pagina.aspx?f=3&amp;back=1&amp;id=22209<\/a><\/p>\n<\/div>","protected":false},"excerpt":{"rendered":"<p>Caso 5: Com\u00e9rcio online? \u00c9 s\u00f3 um clique&#8230; Autores: Manuela Francisco1 e Norberto Sousa2 1 Unidade de Ensino a Dist\u00e2ncia, Instituto Polit\u00e9cnico de Leiria2 ComAcesso Referir este caso: Francisco, M. &amp;\u00a0Sousa, N. (2018). Com\u00e9rcio online? \u00c9 s\u00f3 um clique&#8230; In R. Cadima, I. Pereira, M. Francisco &amp; S. Cunha (Coords.).\u00a015 hist\u00f3rias para incluir. [Online]. Polit\u00e9cnico (&#8230;)<\/p>\n","protected":false},"author":60,"featured_media":0,"parent":0,"menu_order":3,"comment_status":"closed","ping_status":"closed","template":"page-templates\/stories.php","meta":{"footnotes":""},"class_list":["post-90","page","type-page","status-publish","hentry"],"_links":{"self":[{"href":"https:\/\/sites.ipleiria.pt\/15historias\/wp-json\/wp\/v2\/pages\/90","targetHints":{"allow":["GET"]}}],"collection":[{"href":"https:\/\/sites.ipleiria.pt\/15historias\/wp-json\/wp\/v2\/pages"}],"about":[{"href":"https:\/\/sites.ipleiria.pt\/15historias\/wp-json\/wp\/v2\/types\/page"}],"author":[{"embeddable":true,"href":"https:\/\/sites.ipleiria.pt\/15historias\/wp-json\/wp\/v2\/users\/60"}],"replies":[{"embeddable":true,"href":"https:\/\/sites.ipleiria.pt\/15historias\/wp-json\/wp\/v2\/comments?post=90"}],"version-history":[{"count":10,"href":"https:\/\/sites.ipleiria.pt\/15historias\/wp-json\/wp\/v2\/pages\/90\/revisions"}],"predecessor-version":[{"id":668,"href":"https:\/\/sites.ipleiria.pt\/15historias\/wp-json\/wp\/v2\/pages\/90\/revisions\/668"}],"wp:attachment":[{"href":"https:\/\/sites.ipleiria.pt\/15historias\/wp-json\/wp\/v2\/media?parent=90"}],"curies":[{"name":"wp","href":"https:\/\/api.w.org\/{rel}","templated":true}]}}