{"id":17,"date":"2018-03-07T16:23:36","date_gmt":"2018-03-07T16:23:36","guid":{"rendered":"http:\/\/sites.ipleiria.pt\/1enda2018\/?page_id=17"},"modified":"2018-07-18T09:30:59","modified_gmt":"2018-07-18T09:30:59","slug":"organizacao","status":"publish","type":"page","link":"https:\/\/sites.ipleiria.pt\/1enda2018\/organizacao\/","title":{"rendered":"Organiza\u00e7\u00e3o"},"content":{"rendered":"<p>O Encontro Nacional sobre Discurso Acad\u00e9mico (ENDA) \u00e9 <a href=\"http:\/\/sites.ipleiria.pt\/1enda2018\/comissao-organizadora\/\">organizado pelos investigadores do N\u00facleo Tem\u00e1tico\u00a0<i>Discursos e Pr\u00e1ticas Discursivas Acad\u00e9micas<\/i><\/a>, do\u00a0<a href=\"http:\/\/celga.iltec.pt\/\" target=\"_blank\" rel=\"noopener\">CELGA-ILTEC<\/a>\u00a0(Centro de Estudos de Lingu\u00edstica Geral e Aplicada) da Universidade de Coimbra\u00a0em parceria com a Escola Superior de Educa\u00e7\u00e3o e de Ci\u00eancias Sociais do Instituto Polit\u00e9cnico de Leiria.<\/p>\n<p>O ENDA ter\u00e1 lugar na Escola\u00a0Superior de Educa\u00e7\u00e3o e de Ci\u00eancias Sociais do Instituto Polit\u00e9cnico de Leiria nos dias 7 e 8 de Setembro de 2018.<\/p>\n<p>&nbsp;<\/p>\n<p>&nbsp;<\/p>\n<p>&nbsp;<\/p>\n<hr \/>\n<p><img loading=\"lazy\" decoding=\"async\" class=\"alignnone wp-image-356 size-large\" src=\"http:\/\/sites.ipleiria.pt\/1enda2018\/files\/2018\/07\/logotipos-site-enda-1-1024x221.jpg\" alt=\"\" width=\"604\" height=\"130\" srcset=\"https:\/\/sites.ipleiria.pt\/1enda2018\/files\/2018\/07\/logotipos-site-enda-1-1024x221.jpg 1024w, https:\/\/sites.ipleiria.pt\/1enda2018\/files\/2018\/07\/logotipos-site-enda-1-300x65.jpg 300w, https:\/\/sites.ipleiria.pt\/1enda2018\/files\/2018\/07\/logotipos-site-enda-1-768x165.jpg 768w, https:\/\/sites.ipleiria.pt\/1enda2018\/files\/2018\/07\/logotipos-site-enda-1.jpg 1657w\" sizes=\"auto, (max-width: 604px) 100vw, 604px\" \/><\/p>\n","protected":false},"excerpt":{"rendered":"<p>O Encontro Nacional sobre Discurso Acad\u00e9mico (ENDA) \u00e9 organizado pelos investigadores do N\u00facleo Tem\u00e1tico\u00a0Discursos e Pr\u00e1ticas Discursivas Acad\u00e9micas, do\u00a0CELGA-ILTEC\u00a0(Centro de Estudos de Lingu\u00edstica Geral e Aplicada) da Universidade de Coimbra\u00a0em parceria com a Escola Superior de Educa\u00e7\u00e3o e de Ci\u00eancias Sociais do Instituto Polit\u00e9cnico de Leiria. O ENDA ter\u00e1 lugar na Escola\u00a0Superior de Educa\u00e7\u00e3o e &hellip; <a href=\"https:\/\/sites.ipleiria.pt\/1enda2018\/organizacao\/\" class=\"more-link\">Continuar a ler <span class=\"screen-reader-text\">Organiza\u00e7\u00e3o<\/span> <span class=\"meta-nav\">&rarr;<\/span><\/a><\/p>\n","protected":false},"author":3483,"featured_media":0,"parent":0,"menu_order":0,"comment_status":"closed","ping_status":"closed","template":"","meta":{"footnotes":""},"class_list":["post-17","page","type-page","status-publish","hentry"],"_links":{"self":[{"href":"https:\/\/sites.ipleiria.pt\/1enda2018\/wp-json\/wp\/v2\/pages\/17","targetHints":{"allow":["GET"]}}],"collection":[{"href":"https:\/\/sites.ipleiria.pt\/1enda2018\/wp-json\/wp\/v2\/pages"}],"about":[{"href":"https:\/\/sites.ipleiria.pt\/1enda2018\/wp-json\/wp\/v2\/types\/page"}],"author":[{"embeddable":true,"href":"https:\/\/sites.ipleiria.pt\/1enda2018\/wp-json\/wp\/v2\/users\/3483"}],"replies":[{"embeddable":true,"href":"https:\/\/sites.ipleiria.pt\/1enda2018\/wp-json\/wp\/v2\/comments?post=17"}],"version-history":[{"count":29,"href":"https:\/\/sites.ipleiria.pt\/1enda2018\/wp-json\/wp\/v2\/pages\/17\/revisions"}],"predecessor-version":[{"id":358,"href":"https:\/\/sites.ipleiria.pt\/1enda2018\/wp-json\/wp\/v2\/pages\/17\/revisions\/358"}],"wp:attachment":[{"href":"https:\/\/sites.ipleiria.pt\/1enda2018\/wp-json\/wp\/v2\/media?parent=17"}],"curies":[{"name":"wp","href":"https:\/\/api.w.org\/{rel}","templated":true}]}}