{"id":22,"date":"2013-10-02T15:55:39","date_gmt":"2013-10-02T15:55:39","guid":{"rendered":"http:\/\/sites.ipleiria.pt\/3jornadaseconomiasocial\/?page_id=22"},"modified":"2014-08-26T15:11:03","modified_gmt":"2014-08-26T15:11:03","slug":"ficha-de-inscricao","status":"publish","type":"page","link":"https:\/\/sites.ipleiria.pt\/3jornadaseconomiasocial\/ficha-de-inscricao\/","title":{"rendered":"Inscri\u00e7\u00f5es"},"content":{"rendered":"<p><strong>Inscri\u00e7\u00f5es devem ser realizadas at\u00e9 ao dia 1 de outubro<\/strong><em><\/p>\n<p><strong>Investimento:<\/strong><br \/>\nAssociados da EAPN Portugal, Professores\/as e Estudantes do IPL e Pessoas em situa\u00e7\u00e3o de desemprego \u2013 <strong>5\u20ac<\/strong><br \/>\nN\u00e3o Associados da EAPN Portugal \u2013 <strong>10\u20ac<\/strong><\/p>\n<p><iframe loading=\"lazy\" src=\"https:\/\/docs.google.com\/forms\/d\/12FiKIjjm7R3xpNODHD0tLZvqPks5lrER_v9Gu-nVFg4\/viewform?embedded=true\" width=\"760\" height=\"950\" frameborder=\"0\" marginheight=\"0\" marginwidth=\"0\">Loading&#8230;<\/iframe><\/p>\n<p><strong>O pagamento das inscri\u00e7\u00f5es dever\u00e1 ser realizado:<\/strong><br \/>\nPor cheque, \u00e0 ordem de EAPN \u2013 Rede Europeia Anti-Pobreza \/ Portugal ou, em alternativa, por transfer\u00eancia banc\u00e1ria para o <strong>NIB: 0033 0000 0004 5757 7819 5<\/strong><\/p>\n<p><strong>Nota:<\/strong> Ap\u00f3s realizar a transfer\u00eancia, dever\u00e1 enviar o comprovativo de pagamento para o seguinte e-mail: leiria@eapn.pt (dever\u00e1, ainda, apresent\u00e1-lo no secretariado, no dia das Jornadas)<\/p>\n","protected":false},"excerpt":{"rendered":"<p>Inscri\u00e7\u00f5es devem ser realizadas at\u00e9 ao dia 1 de outubro Investimento: Associados da EAPN Portugal, Professores\/as e Estudantes do IPL e Pessoas em situa\u00e7\u00e3o de desemprego \u2013 5\u20ac N\u00e3o Associados da EAPN Portugal \u2013 10\u20ac Loading&#8230; O pagamento das inscri\u00e7\u00f5es dever\u00e1 ser realizado: Por cheque, \u00e0 ordem de EAPN \u2013 Rede Europeia Anti-Pobreza \/ Portugal [&hellip;]<\/p>\n","protected":false},"author":102,"featured_media":0,"parent":0,"menu_order":2,"comment_status":"closed","ping_status":"closed","template":"","meta":{"footnotes":""},"class_list":["post-22","page","type-page","status-publish","hentry"],"_links":{"self":[{"href":"https:\/\/sites.ipleiria.pt\/3jornadaseconomiasocial\/wp-json\/wp\/v2\/pages\/22","targetHints":{"allow":["GET"]}}],"collection":[{"href":"https:\/\/sites.ipleiria.pt\/3jornadaseconomiasocial\/wp-json\/wp\/v2\/pages"}],"about":[{"href":"https:\/\/sites.ipleiria.pt\/3jornadaseconomiasocial\/wp-json\/wp\/v2\/types\/page"}],"author":[{"embeddable":true,"href":"https:\/\/sites.ipleiria.pt\/3jornadaseconomiasocial\/wp-json\/wp\/v2\/users\/102"}],"replies":[{"embeddable":true,"href":"https:\/\/sites.ipleiria.pt\/3jornadaseconomiasocial\/wp-json\/wp\/v2\/comments?post=22"}],"version-history":[{"count":16,"href":"https:\/\/sites.ipleiria.pt\/3jornadaseconomiasocial\/wp-json\/wp\/v2\/pages\/22\/revisions"}],"predecessor-version":[{"id":208,"href":"https:\/\/sites.ipleiria.pt\/3jornadaseconomiasocial\/wp-json\/wp\/v2\/pages\/22\/revisions\/208"}],"wp:attachment":[{"href":"https:\/\/sites.ipleiria.pt\/3jornadaseconomiasocial\/wp-json\/wp\/v2\/media?parent=22"}],"curies":[{"name":"wp","href":"https:\/\/api.w.org\/{rel}","templated":true}]}}