{"id":7,"date":"2020-01-16T14:55:06","date_gmt":"2020-01-16T14:55:06","guid":{"rendered":"http:\/\/4eihm.sites.ipleiria.pt\/?page_id=7"},"modified":"2023-05-24T17:19:04","modified_gmt":"2023-05-24T17:19:04","slug":"4eihm","status":"publish","type":"page","link":"https:\/\/sites.ipleiria.pt\/4eihm\/","title":{"rendered":"4.\u00ba EIHM"},"content":{"rendered":"\t\t<div data-elementor-type=\"wp-page\" data-elementor-id=\"7\" class=\"elementor elementor-7\">\n\t\t\t\t\t\t<section class=\"has_eae_slider elementor-section elementor-top-section elementor-element elementor-element-8333951 elementor-section-boxed elementor-section-height-default elementor-section-height-default\" data-eae-slider=\"4682\" data-id=\"8333951\" data-element_type=\"section\" data-settings=\"{&quot;background_background&quot;:&quot;slideshow&quot;,&quot;background_slideshow_gallery&quot;:[{&quot;id&quot;:&quot;719&quot;,&quot;url&quot;:&quot;http:\\\/\\\/sites.ipleiria.pt\\\/4eihm\\\/files\\\/2022\\\/11\\\/Banner.jpg&quot;}],&quot;background_slideshow_loop&quot;:&quot;yes&quot;,&quot;background_slideshow_slide_duration&quot;:5000,&quot;background_slideshow_slide_transition&quot;:&quot;fade&quot;,&quot;background_slideshow_transition_duration&quot;:500}\">\n\t\t\t\t\t\t<div class=\"elementor-container elementor-column-gap-default\">\n\t\t\t\t\t<div class=\"has_eae_slider aux-parallax-section elementor-column elementor-col-50 elementor-top-column elementor-element elementor-element-24330aa\" data-eae-slider=\"54674\" data-id=\"24330aa\" data-element_type=\"column\">\n\t\t\t<div class=\"elementor-widget-wrap elementor-element-populated\">\n\t\t\t\t\t\t<div class=\"elementor-element elementor-element-1018f8d elementor-widget elementor-widget-heading\" data-id=\"1018f8d\" data-element_type=\"widget\" data-widget_type=\"heading.default\">\n\t\t\t\t<div class=\"elementor-widget-container\">\n\t\t\t\t\t<h2 class=\"elementor-heading-title elementor-size-default\">4.\u00ba Encontro Ib\u00e9rico<\/h2>\t\t\t\t<\/div>\n\t\t\t\t<\/div>\n\t\t\t\t<div class=\"elementor-element elementor-element-ea65af0 elementor-widget elementor-widget-heading\" data-id=\"ea65af0\" data-element_type=\"widget\" data-widget_type=\"heading.default\">\n\t\t\t\t<div class=\"elementor-widget-container\">\n\t\t\t\t\t<h2 class=\"elementor-heading-title elementor-size-default\">de Hist\u00f3ria da Matem\u00e1tica<\/h2>\t\t\t\t<\/div>\n\t\t\t\t<\/div>\n\t\t\t\t<div class=\"elementor-element elementor-element-f391a76 elementor-widget elementor-widget-heading\" data-id=\"f391a76\" data-element_type=\"widget\" data-widget_type=\"heading.default\">\n\t\t\t\t<div class=\"elementor-widget-container\">\n\t\t\t\t\t<h2 class=\"elementor-heading-title elementor-size-default\">22 a 24 de junho de 2023<\/h2>\t\t\t\t<\/div>\n\t\t\t\t<\/div>\n\t\t\t\t<div class=\"elementor-element elementor-element-86d2b1d elementor-widget elementor-widget-heading\" data-id=\"86d2b1d\" data-element_type=\"widget\" data-widget_type=\"heading.default\">\n\t\t\t\t<div class=\"elementor-widget-container\">\n\t\t\t\t\t<h2 class=\"elementor-heading-title elementor-size-default\">Museu de Leiria<\/h2>\t\t\t\t<\/div>\n\t\t\t\t<\/div>\n\t\t\t\t<div class=\"elementor-element elementor-element-925c0df elementor-widget elementor-widget-heading\" data-id=\"925c0df\" data-element_type=\"widget\" data-widget_type=\"heading.default\">\n\t\t\t\t<div class=\"elementor-widget-container\">\n\t\t\t\t\t<h2 class=\"elementor-heading-title elementor-size-default\">Leiria - Portugal<\/h2>\t\t\t\t<\/div>\n\t\t\t\t<\/div>\n\t\t\t\t\t<\/div>\n\t\t<\/div>\n\t\t\t\t<div class=\"has_eae_slider aux-parallax-section elementor-column elementor-col-50 elementor-top-column elementor-element elementor-element-2802184\" data-eae-slider=\"55578\" data-id=\"2802184\" data-element_type=\"column\">\n\t\t\t<div class=\"elementor-widget-wrap\">\n\t\t\t\t\t\t\t<\/div>\n\t\t<\/div>\n\t\t\t\t\t<\/div>\n\t\t<\/section>\n\t\t\t\t<section class=\"has_eae_slider elementor-section elementor-top-section elementor-element elementor-element-325f7ae elementor-section-boxed elementor-section-height-default elementor-section-height-default\" data-eae-slider=\"10061\" data-id=\"325f7ae\" data-element_type=\"section\">\n\t\t\t\t\t\t<div class=\"elementor-container elementor-column-gap-default\">\n\t\t\t\t\t<div class=\"has_eae_slider aux-parallax-section elementor-column elementor-col-100 elementor-top-column elementor-element elementor-element-01307c0\" data-eae-slider=\"64453\" data-id=\"01307c0\" data-element_type=\"column\">\n\t\t\t<div class=\"elementor-widget-wrap elementor-element-populated\">\n\t\t\t\t\t\t<div class=\"elementor-element elementor-element-b137f34 elementor-widget elementor-widget-spacer\" data-id=\"b137f34\" data-element_type=\"widget\" data-widget_type=\"spacer.default\">\n\t\t\t\t<div class=\"elementor-widget-container\">\n\t\t\t\t\t\t\t<div class=\"elementor-spacer\">\n\t\t\t<div class=\"elementor-spacer-inner\"><\/div>\n\t\t<\/div>\n\t\t\t\t\t\t<\/div>\n\t\t\t\t<\/div>\n\t\t\t\t<section class=\"has_eae_slider elementor-section elementor-inner-section elementor-element elementor-element-255124c elementor-section-boxed elementor-section-height-default elementor-section-height-default\" data-eae-slider=\"2909\" data-id=\"255124c\" data-element_type=\"section\">\n\t\t\t\t\t\t<div class=\"elementor-container elementor-column-gap-default\">\n\t\t\t\t\t<div class=\"has_eae_slider aux-parallax-section elementor-column elementor-col-33 elementor-inner-column elementor-element elementor-element-493f2e9\" data-eae-slider=\"74376\" data-id=\"493f2e9\" data-element_type=\"column\">\n\t\t\t<div class=\"elementor-widget-wrap elementor-element-populated\">\n\t\t\t\t\t\t<div class=\"elementor-element elementor-element-4beaeb7 elementor-view-default elementor-position-top elementor-mobile-position-top elementor-widget elementor-widget-icon-box\" data-id=\"4beaeb7\" data-element_type=\"widget\" data-widget_type=\"icon-box.default\">\n\t\t\t\t<div class=\"elementor-widget-container\">\n\t\t\t\t\t\t\t<div class=\"elementor-icon-box-wrapper\">\n\n\t\t\t\t\t\t<div class=\"elementor-icon-box-icon\">\n\t\t\t\t<span  class=\"elementor-icon\">\n\t\t\t\t<i aria-hidden=\"true\" class=\"far fa-calendar-check\"><\/i>\t\t\t\t<\/span>\n\t\t\t<\/div>\n\t\t\t\n\t\t\t\t\t\t<div class=\"elementor-icon-box-content\">\n\n\t\t\t\t\t\t\t\t\t<h3 class=\"elementor-icon-box-title\">\n\t\t\t\t\t\t<span  >\n\t\t\t\t\t\t\t22 a 24 de Junho de 2023\t\t\t\t\t\t<\/span>\n\t\t\t\t\t<\/h3>\n\t\t\t\t\n\t\t\t\t\n\t\t\t<\/div>\n\t\t\t\n\t\t<\/div>\n\t\t\t\t\t\t<\/div>\n\t\t\t\t<\/div>\n\t\t\t\t<div class=\"elementor-element elementor-element-3b8d347 elementor-widget elementor-widget-text-editor\" data-id=\"3b8d347\" data-element_type=\"widget\" data-widget_type=\"text-editor.default\">\n\t\t\t\t<div class=\"elementor-widget-container\">\n\t\t\t\t\t\t\t\t\t<p>Nos pr\u00f3ximos dias 22 a 24 de junho de 2023 ter\u00e1 lugar no Museu de Leiria o 4.\u00ba Encontro Ib\u00e9rico de Hist\u00f3ria da Matem\u00e1tica (EIHM), uma iniciativa organizada conjuntamente pela <a href=\"https:\/\/www.rsme.es\/\" target=\"_blank\" rel=\"noopener\">Real Sociedad Matem\u00e1tica Espa\u00f1ola<\/a> (RSME) e pela\u00a0<a href=\"https:\/\/www.spm.pt\/\" target=\"_blank\" rel=\"noopener\">Sociedade Portuguesa de Matem\u00e1tica<\/a>\u00a0(SPM), atrav\u00e9s do seu <a href=\"https:\/\/www.spm.pt\/seminario-nacional-de-historia-da-matematica\" target=\"_blank\" rel=\"noopener\">Semin\u00e1rio Nacional de Hist\u00f3ria da Matem\u00e1tica<\/a>.<\/p>\t\t\t\t\t\t\t\t<\/div>\n\t\t\t\t<\/div>\n\t\t\t\t\t<\/div>\n\t\t<\/div>\n\t\t\t\t<div class=\"has_eae_slider aux-parallax-section elementor-column elementor-col-33 elementor-inner-column elementor-element elementor-element-76aa171\" data-eae-slider=\"45016\" data-id=\"76aa171\" data-element_type=\"column\">\n\t\t\t<div class=\"elementor-widget-wrap\">\n\t\t\t\t\t\t\t<\/div>\n\t\t<\/div>\n\t\t\t\t<div class=\"has_eae_slider aux-parallax-section elementor-column elementor-col-33 elementor-inner-column elementor-element elementor-element-2ffb830\" data-eae-slider=\"62498\" data-id=\"2ffb830\" data-element_type=\"column\">\n\t\t\t<div class=\"elementor-widget-wrap elementor-element-populated\">\n\t\t\t\t\t\t<div class=\"elementor-element elementor-element-75bc9ea elementor-view-default elementor-position-top elementor-mobile-position-top elementor-widget elementor-widget-icon-box\" data-id=\"75bc9ea\" data-element_type=\"widget\" data-widget_type=\"icon-box.default\">\n\t\t\t\t<div class=\"elementor-widget-container\">\n\t\t\t\t\t\t\t<div class=\"elementor-icon-box-wrapper\">\n\n\t\t\t\t\t\t<div class=\"elementor-icon-box-icon\">\n\t\t\t\t<span  class=\"elementor-icon\">\n\t\t\t\t<i aria-hidden=\"true\" class=\"auxicon auxicon-location\"><\/i>\t\t\t\t<\/span>\n\t\t\t<\/div>\n\t\t\t\n\t\t\t\t\t\t<div class=\"elementor-icon-box-content\">\n\n\t\t\t\t\t\t\t\t\t<h3 class=\"elementor-icon-box-title\">\n\t\t\t\t\t\t<span  >\n\t\t\t\t\t\t\tEncontro realizado no museu de leiria\t\t\t\t\t\t<\/span>\n\t\t\t\t\t<\/h3>\n\t\t\t\t\n\t\t\t\t\n\t\t\t<\/div>\n\t\t\t\n\t\t<\/div>\n\t\t\t\t\t\t<\/div>\n\t\t\t\t<\/div>\n\t\t\t\t<div class=\"elementor-element elementor-element-9678999 elementor-widget elementor-widget-text-editor\" data-id=\"9678999\" data-element_type=\"widget\" data-widget_type=\"text-editor.default\">\n\t\t\t\t<div class=\"elementor-widget-container\">\n\t\t\t\t\t\t\t\t\t<p>O\u00a0<a href=\"http:\/\/www.usc.es\/congresos\/rsme2013\/\" target=\"_blank\" rel=\"noopener\">1.\u00ba EIHM<\/a> ocorreu em Santiago de Compostela em 2013, durante o Congresso da Real Sociedade Matem\u00e1tica Espanhola, sendo uma das suas sess\u00f5es especiais. O <a href=\"http:\/\/www.mat.uc.pt\/~2eihm\/\" target=\"_blank\" rel=\"noopener\">2.\u00ba EIHM<\/a>\u00a0decorreu em 2016 em Coimbra, como encontro sat\u00e9lite do Encontro Nacional da Sociedade Portuguesa de Matem\u00e1tica. O\u00a0<a href=\"https:\/\/3encuentroibericohm.wordpress.com\/\" target=\"_blank\" rel=\"noopener\">3.\u00ba EIHM<\/a>\u00a0decorreu em Sevilha em 2019. A 4.\u00aa edi\u00e7\u00e3o decorre em Leiria e conta com o apoio do\u00a0<a href=\"https:\/\/www.ipleiria.pt\/estg-dmat\/\" target=\"_blank\" rel=\"noopener\">Departamento de Matem\u00e1tica<\/a>\u00a0da\u00a0<a href=\"https:\/\/www.ipleiria.pt\/estg\/\" target=\"_blank\" rel=\"noopener\">Escola Superior de Tecnologia e Gest\u00e3o<\/a>\u00a0do\u00a0<a href=\"https:\/\/www.ipleiria.pt\/\" target=\"_blank\" rel=\"noopener\">Polit\u00e9cnico de Leiria<\/a>.<\/p><p><span style=\"text-decoration: underline\"><a href=\"http:\/\/sites.ipleiria.pt\/4eihm\/files\/2022\/11\/Poster4EIHM.pdf\" target=\"_blank\" rel=\"noopener\">Cartaz do evento (.pdf<\/a>)<\/span><\/p>\t\t\t\t\t\t\t\t<\/div>\n\t\t\t\t<\/div>\n\t\t\t\t\t<\/div>\n\t\t<\/div>\n\t\t\t\t\t<\/div>\n\t\t<\/section>\n\t\t\t\t\t<\/div>\n\t\t<\/div>\n\t\t\t\t\t<\/div>\n\t\t<\/section>\n\t\t\t\t<section class=\"has_eae_slider elementor-section elementor-top-section elementor-element elementor-element-68b47d5c elementor-section-content-middle elementor-section-boxed elementor-section-height-default elementor-section-height-default\" data-eae-slider=\"57008\" data-id=\"68b47d5c\" data-element_type=\"section\" data-settings=\"{&quot;background_background&quot;:&quot;classic&quot;}\">\n\t\t\t\t\t\t<div class=\"elementor-container elementor-column-gap-no\">\n\t\t\t\t\t<div class=\"has_eae_slider aux-parallax-section elementor-column elementor-col-100 elementor-top-column elementor-element elementor-element-5d2eae4c\" data-eae-slider=\"11951\" data-id=\"5d2eae4c\" data-element_type=\"column\">\n\t\t\t<div class=\"elementor-widget-wrap elementor-element-populated\">\n\t\t\t\t\t\t<div class=\"elementor-element elementor-element-56d5082 elementor-widget elementor-widget-heading\" data-id=\"56d5082\" data-element_type=\"widget\" data-widget_type=\"heading.default\">\n\t\t\t\t<div class=\"elementor-widget-container\">\n\t\t\t\t\t<h4 class=\"elementor-heading-title elementor-size-default\">Inscri\u00e7\u00f5es<\/h4>\t\t\t\t<\/div>\n\t\t\t\t<\/div>\n\t\t\t\t<div class=\"elementor-element elementor-element-721d05e8 elementor-widget elementor-widget-text-editor\" data-id=\"721d05e8\" data-element_type=\"widget\" data-widget_type=\"text-editor.default\">\n\t\t\t\t<div class=\"elementor-widget-container\">\n\t\t\t\t\t\t\t\t\t<p>Para o registo no 4.\u00ba Encontro Ib\u00e9rico de Hist\u00f3ria da Matem\u00e1tica, dever\u00e1 preencher uma ficha de inscri\u00e7\u00e3o.<\/p>\t\t\t\t\t\t\t\t<\/div>\n\t\t\t\t<\/div>\n\t\t\t\t<div class=\"elementor-element elementor-element-c71d6de elementor-align-center elementor-widget elementor-widget-button\" data-id=\"c71d6de\" data-element_type=\"widget\" data-widget_type=\"button.default\">\n\t\t\t\t<div class=\"elementor-widget-container\">\n\t\t\t\t\t\t\t\t\t<div class=\"elementor-button-wrapper\">\n\t\t\t\t\t<a class=\"elementor-button elementor-button-link elementor-size-sm\" href=\"https:\/\/sites.ipleiria.pt\/4eihm\/inscricoes\/\">\n\t\t\t\t\t\t<span class=\"elementor-button-content-wrapper\">\n\t\t\t\t\t\t\t\t\t<span class=\"elementor-button-text\">saber +<\/span>\n\t\t\t\t\t<\/span>\n\t\t\t\t\t<\/a>\n\t\t\t\t<\/div>\n\t\t\t\t\t\t\t\t<\/div>\n\t\t\t\t<\/div>\n\t\t\t\t\t<\/div>\n\t\t<\/div>\n\t\t\t\t\t<\/div>\n\t\t<\/section>\n\t\t\t\t<section class=\"has_eae_slider elementor-section elementor-top-section elementor-element elementor-element-5fc8db40 elementor-section-content-middle elementor-reverse-mobile elementor-section-full_width elementor-section-height-default elementor-section-height-default\" data-eae-slider=\"80318\" data-id=\"5fc8db40\" data-element_type=\"section\">\n\t\t\t\t\t\t<div class=\"elementor-container elementor-column-gap-no\">\n\t\t\t\t\t<div class=\"has_eae_slider aux-parallax-section elementor-column elementor-col-33 elementor-top-column elementor-element elementor-element-a484a8b\" data-eae-slider=\"83624\" data-id=\"a484a8b\" data-element_type=\"column\">\n\t\t\t<div class=\"elementor-widget-wrap\">\n\t\t\t\t\t\t\t<\/div>\n\t\t<\/div>\n\t\t\t\t<div class=\"has_eae_slider aux-parallax-section elementor-column elementor-col-33 elementor-top-column elementor-element elementor-element-74726faa\" data-eae-slider=\"65993\" data-id=\"74726faa\" data-element_type=\"column\">\n\t\t\t<div class=\"elementor-widget-wrap elementor-element-populated\">\n\t\t\t\t\t\t<div class=\"elementor-element elementor-element-6afb1e09 elementor-widget elementor-widget-heading\" data-id=\"6afb1e09\" data-element_type=\"widget\" data-widget_type=\"heading.default\">\n\t\t\t\t<div class=\"elementor-widget-container\">\n\t\t\t\t\t<h3 class=\"elementor-heading-title elementor-size-default\">Submiss\u00f5es <\/h3>\t\t\t\t<\/div>\n\t\t\t\t<\/div>\n\t\t\t\t<div class=\"elementor-element elementor-element-344eb6c elementor-align-left elementor-widget elementor-widget-button\" data-id=\"344eb6c\" data-element_type=\"widget\" data-widget_type=\"button.default\">\n\t\t\t\t<div class=\"elementor-widget-container\">\n\t\t\t\t\t\t\t\t\t<div class=\"elementor-button-wrapper\">\n\t\t\t\t\t<a class=\"elementor-button elementor-button-link elementor-size-sm\" href=\"https:\/\/sites.ipleiria.pt\/4eihm\/submissoes\/\">\n\t\t\t\t\t\t<span class=\"elementor-button-content-wrapper\">\n\t\t\t\t\t\t\t\t\t<span class=\"elementor-button-text\">saber +<\/span>\n\t\t\t\t\t<\/span>\n\t\t\t\t\t<\/a>\n\t\t\t\t<\/div>\n\t\t\t\t\t\t\t\t<\/div>\n\t\t\t\t<\/div>\n\t\t\t\t\t<\/div>\n\t\t<\/div>\n\t\t\t\t<div class=\"has_eae_slider aux-parallax-section elementor-column elementor-col-33 elementor-top-column elementor-element elementor-element-7c2a0bc6\" data-eae-slider=\"33501\" data-id=\"7c2a0bc6\" data-element_type=\"column\">\n\t\t\t<div class=\"elementor-widget-wrap elementor-element-populated\">\n\t\t\t\t\t\t<div class=\"elementor-element elementor-element-c032fe6 elementor-widget elementor-widget-image\" data-id=\"c032fe6\" data-element_type=\"widget\" data-widget_type=\"image.default\">\n\t\t\t\t<div class=\"elementor-widget-container\">\n\t\t\t\t\t\t\t\t\t\t\t\t\t\t\t<img fetchpriority=\"high\" decoding=\"async\" width=\"1920\" height=\"1018\" src=\"https:\/\/sites.ipleiria.pt\/4eihm\/files\/2020\/01\/P1020204-2BW.jpg\" class=\"attachment-full size-full wp-image-298\" alt=\"\" \/>\t\t\t\t\t\t\t\t\t\t\t\t\t\t\t<\/div>\n\t\t\t\t<\/div>\n\t\t\t\t\t<\/div>\n\t\t<\/div>\n\t\t\t\t\t<\/div>\n\t\t<\/section>\n\t\t\t\t<section class=\"has_eae_slider elementor-section elementor-top-section elementor-element elementor-element-e412e3e elementor-section-full_width elementor-section-height-default elementor-section-height-default\" data-eae-slider=\"2718\" data-id=\"e412e3e\" data-element_type=\"section\">\n\t\t\t\t\t\t<div class=\"elementor-container elementor-column-gap-default\">\n\t\t\t\t\t<div class=\"has_eae_slider aux-parallax-section elementor-column elementor-col-100 elementor-top-column elementor-element elementor-element-a7b8ae9\" data-eae-slider=\"85717\" data-id=\"a7b8ae9\" data-element_type=\"column\">\n\t\t\t<div class=\"elementor-widget-wrap elementor-element-populated\">\n\t\t\t\t\t\t<div class=\"elementor-element elementor-element-a51d1bb elementor-widget__width-inherit elementor-widget elementor-widget-google_maps\" data-id=\"a51d1bb\" data-element_type=\"widget\" data-widget_type=\"google_maps.default\">\n\t\t\t\t<div class=\"elementor-widget-container\">\n\t\t\t\t\t\t\t<div class=\"elementor-custom-embed\">\n\t\t\t<iframe loading=\"lazy\"\n\t\t\t\t\tsrc=\"https:\/\/maps.google.com\/maps?q=museu%20de%20leiria&#038;t=m&#038;z=17&#038;output=embed&#038;iwloc=near\"\n\t\t\t\t\ttitle=\"museu de leiria\"\n\t\t\t\t\taria-label=\"museu de leiria\"\n\t\t\t><\/iframe>\n\t\t<\/div>\n\t\t\t\t\t\t<\/div>\n\t\t\t\t<\/div>\n\t\t\t\t\t<\/div>\n\t\t<\/div>\n\t\t\t\t\t<\/div>\n\t\t<\/section>\n\t\t\t\t<section class=\"has_eae_slider elementor-section elementor-top-section elementor-element elementor-element-39a61a0 elementor-section-boxed elementor-section-height-default elementor-section-height-default\" data-eae-slider=\"51845\" data-id=\"39a61a0\" data-element_type=\"section\">\n\t\t\t\t\t\t<div class=\"elementor-container elementor-column-gap-default\">\n\t\t\t\t\t<div class=\"has_eae_slider aux-parallax-section elementor-column elementor-col-100 elementor-top-column elementor-element elementor-element-fb4067d\" data-eae-slider=\"89029\" data-id=\"fb4067d\" data-element_type=\"column\">\n\t\t\t<div class=\"elementor-widget-wrap\">\n\t\t\t\t\t\t\t<\/div>\n\t\t<\/div>\n\t\t\t\t\t<\/div>\n\t\t<\/section>\n\t\t\t\t<\/div>\n\t\t","protected":false},"excerpt":{"rendered":"<p>4.\u00ba Encontro Ib\u00e9rico de Hist\u00f3ria da Matem\u00e1tica 22 a 24 de junho de 2023 Museu de Leiria Leiria &#8211; Portugal 22 a 24 de Junho de 2023 Nos pr\u00f3ximos dias 22 a 24 de junho de 2023 ter\u00e1 lugar no Museu de Leiria o 4.\u00ba Encontro Ib\u00e9rico de Hist\u00f3ria da Matem\u00e1tica (EIHM), uma iniciativa organizada [&hellip;]<\/p>\n","protected":false},"author":1962,"featured_media":0,"parent":0,"menu_order":0,"comment_status":"closed","ping_status":"closed","template":"","meta":{"footnotes":""},"class_list":["post-7","page","type-page","status-publish","hentry"],"_links":{"self":[{"href":"https:\/\/sites.ipleiria.pt\/4eihm\/wp-json\/wp\/v2\/pages\/7","targetHints":{"allow":["GET"]}}],"collection":[{"href":"https:\/\/sites.ipleiria.pt\/4eihm\/wp-json\/wp\/v2\/pages"}],"about":[{"href":"https:\/\/sites.ipleiria.pt\/4eihm\/wp-json\/wp\/v2\/types\/page"}],"author":[{"embeddable":true,"href":"https:\/\/sites.ipleiria.pt\/4eihm\/wp-json\/wp\/v2\/users\/1962"}],"replies":[{"embeddable":true,"href":"https:\/\/sites.ipleiria.pt\/4eihm\/wp-json\/wp\/v2\/comments?post=7"}],"version-history":[{"count":204,"href":"https:\/\/sites.ipleiria.pt\/4eihm\/wp-json\/wp\/v2\/pages\/7\/revisions"}],"predecessor-version":[{"id":904,"href":"https:\/\/sites.ipleiria.pt\/4eihm\/wp-json\/wp\/v2\/pages\/7\/revisions\/904"}],"wp:attachment":[{"href":"https:\/\/sites.ipleiria.pt\/4eihm\/wp-json\/wp\/v2\/media?parent=7"}],"curies":[{"name":"wp","href":"https:\/\/api.w.org\/{rel}","templated":true}]}}