{"id":29,"date":"2020-01-08T16:14:10","date_gmt":"2020-01-08T16:14:10","guid":{"rendered":"http:\/\/sites.ipleiria.pt\/2enda2020\/?page_id=29"},"modified":"2025-04-24T19:07:20","modified_gmt":"2025-04-24T19:07:20","slug":"comissao-cientifica-2","status":"publish","type":"page","link":"https:\/\/sites.ipleiria.pt\/4enda2025\/comissao-cientifica-2\/","title":{"rendered":"Comiss\u00e3o Cient\u00edfica"},"content":{"rendered":"\n<ul class=\"wp-block-list\">\n<li>Alexandra Guedes Pinto<\/li>\n\n\n\n<li>Andr\u00e9 Rauber<\/li>\n\n\n\n<li>Carla Teixeira<\/li>\n\n\n\n<li>Carlos A. M. Gouveia<\/li>\n\n\n\n<li>C\u00e9lia Barbeiro<\/li>\n\n\n\n<li>Clara Amorim<\/li>\n\n\n\n<li>Clara Keating<\/li>\n\n\n\n<li>Concei\u00e7\u00e3o Siopa<\/li>\n\n\n\n<li>Emmy Gonzalez Lillo<\/li>\n\n\n\n<li>Fatiha Dechicha Parahyba<\/li>\n\n\n\n<li>F\u00e1tima Silva<\/li>\n\n\n\n<li>Fernanda Botelho<\/li>\n\n\n\n<li>Isabel Sebasti\u00e3o<\/li>\n\n\n\n<li>\u00cdris Susana Pires Pereira<\/li>\n\n\n\n<li>Isabel Margarida Duarte<\/li>\n\n\n\n<li>Joana Vieira Santos<\/li>\n\n\n\n<li>Jos\u00e9 Ant\u00f3nio Brand\u00e3o<\/li>\n\n\n\n<li>Luciana Gra\u00e7a<\/li>\n\n\n\n<li>Lu\u00eds Filipe Barbeiro<\/li>\n\n\n\n<li>Lu\u00edsa \u00c1lvares Pereira<\/li>\n\n\n\n<li>Maria Aldina Marques<\/li>\n\n\n\n<li>Mariana Pinto<\/li>\n\n\n\n<li>Osvaldo Faquir<\/li>\n\n\n\n<li>Paulo Feytor Pinto<\/li>\n\n\n\n<li>Rui Ramos<\/li>\n\n\n\n<li>Rute Rosa<\/li>\n\n\n\n<li>S\u00f3nia Valente Rodrigues<\/li>\n\n\n\n<li>Tanara Zingano Kuhn<\/li>\n\n\n\n<li>Teresa da Costa<\/li>\n\n\n\n<li>Vera L\u00facia Crist\u00f3v\u00e3o<\/li>\n<\/ul>\n\n\n\n<p>(\u00daltima atualiza\u00e7\u00e3o: 24 de abril de 2025)<\/p>\n","protected":false},"excerpt":{"rendered":"<p>(\u00daltima atualiza\u00e7\u00e3o: 24 de abril de 2025)<\/p>\n","protected":false},"author":102,"featured_media":0,"parent":0,"menu_order":0,"comment_status":"closed","ping_status":"closed","template":"","meta":{"footnotes":""},"class_list":["post-29","page","type-page","status-publish","hentry"],"_links":{"self":[{"href":"https:\/\/sites.ipleiria.pt\/4enda2025\/wp-json\/wp\/v2\/pages\/29","targetHints":{"allow":["GET"]}}],"collection":[{"href":"https:\/\/sites.ipleiria.pt\/4enda2025\/wp-json\/wp\/v2\/pages"}],"about":[{"href":"https:\/\/sites.ipleiria.pt\/4enda2025\/wp-json\/wp\/v2\/types\/page"}],"author":[{"embeddable":true,"href":"https:\/\/sites.ipleiria.pt\/4enda2025\/wp-json\/wp\/v2\/users\/102"}],"replies":[{"embeddable":true,"href":"https:\/\/sites.ipleiria.pt\/4enda2025\/wp-json\/wp\/v2\/comments?post=29"}],"version-history":[{"count":8,"href":"https:\/\/sites.ipleiria.pt\/4enda2025\/wp-json\/wp\/v2\/pages\/29\/revisions"}],"predecessor-version":[{"id":944,"href":"https:\/\/sites.ipleiria.pt\/4enda2025\/wp-json\/wp\/v2\/pages\/29\/revisions\/944"}],"wp:attachment":[{"href":"https:\/\/sites.ipleiria.pt\/4enda2025\/wp-json\/wp\/v2\/media?parent=29"}],"curies":[{"name":"wp","href":"https:\/\/api.w.org\/{rel}","templated":true}]}}