{"id":654,"date":"2022-10-31T18:16:50","date_gmt":"2022-10-31T18:16:50","guid":{"rendered":"https:\/\/sites.ipleiria.pt\/5ciead\/?page_id=654"},"modified":"2022-10-31T18:20:20","modified_gmt":"2022-10-31T18:20:20","slug":"iv-minicurso","status":"publish","type":"page","link":"https:\/\/sites.ipleiria.pt\/5ciead\/pt\/iv-minicurso\/","title":{"rendered":"IV Minicurso"},"content":{"rendered":"\n<p><strong>IV MINICURSO T\u00c9CNICO &#8211; \u201c\u00c1RVORES ORNAMENTAIS E ESPA\u00c7OS VERDES EM MEIO URBANO\u201d<\/strong>&nbsp;(presencial e online)&nbsp;<\/p>\n\n\n\n<figure class=\"wp-block-image size-large\"><img loading=\"lazy\" decoding=\"async\" width=\"725\" height=\"1024\" src=\"https:\/\/sites.ipleiria.pt\/5ciead\/files\/2022\/10\/Cartaz-IV-Minicurso-Pombal-725x1024.jpg\" alt=\"\" class=\"wp-image-655\" srcset=\"https:\/\/sites.ipleiria.pt\/5ciead\/files\/2022\/10\/Cartaz-IV-Minicurso-Pombal-725x1024.jpg 725w, https:\/\/sites.ipleiria.pt\/5ciead\/files\/2022\/10\/Cartaz-IV-Minicurso-Pombal-212x300.jpg 212w, https:\/\/sites.ipleiria.pt\/5ciead\/files\/2022\/10\/Cartaz-IV-Minicurso-Pombal-768x1085.jpg 768w, https:\/\/sites.ipleiria.pt\/5ciead\/files\/2022\/10\/Cartaz-IV-Minicurso-Pombal-1087x1536.jpg 1087w, https:\/\/sites.ipleiria.pt\/5ciead\/files\/2022\/10\/Cartaz-IV-Minicurso-Pombal-1450x2048.jpg 1450w, https:\/\/sites.ipleiria.pt\/5ciead\/files\/2022\/10\/Cartaz-IV-Minicurso-Pombal-scaled.jpg 1812w\" sizes=\"auto, (max-width: 725px) 100vw, 725px\" \/><\/figure>\n\n\n\n<p>As \u00e1rvores ornamentais e os espa\u00e7os verdes em meio urbano s\u00e3o decisivos para a qualidade de vida dos cidad\u00e3os que deles podem beneficiar, bem como para a biodiversidade em geral. Infelizmente, a conserva\u00e7\u00e3o e gest\u00e3o deste patrim\u00f3nio n\u00e3o tem merecido aten\u00e7\u00e3o proporcional \u00e0 sua import\u00e2ncia. O presente minicurso, aberto \u00e0 participa\u00e7\u00e3o da comunidade em geral, \u00e9 particularmente destinado a t\u00e9cnicos aut\u00e1rquicos e de outras institui\u00e7\u00f5es com atividade diretamente relacionada com a gest\u00e3o de \u00e1rvores ornamentais e espa\u00e7os verdes em meio urbano. Pretende-se, com a sua realiza\u00e7\u00e3o, conhecer e divulgar os principais desafios que se colocam \u00e0 correta gest\u00e3o de \u00e1rvores ornamentais e espa\u00e7os verdes em meio urbano, contribuindo para a forma\u00e7\u00e3o t\u00e9cnica dos agentes que gerem este valioso patrim\u00f3nio urbano. Naturalmente, sendo o minicurso aberto \u00e0 participa\u00e7\u00e3o da comunidade, visa proporcionar a todos os participantes um conjunto de conhecimentos t\u00e9cnicos e cient\u00edficos de base que lhes permita exercer uma cidadania ambientalmente mais consciente.&nbsp;<\/p>\n","protected":false},"excerpt":{"rendered":"<p>IV MINICURSO T\u00c9CNICO &#8211; \u201c\u00c1RVORES ORNAMENTAIS E ESPA\u00c7OS VERDES EM MEIO URBANO\u201d&nbsp;(presencial e online)&nbsp; As \u00e1rvores ornamentais e os espa\u00e7os verdes em meio urbano s\u00e3o decisivos para a qualidade de vida dos cidad\u00e3os que deles podem beneficiar, bem como para&hellip;  <\/p>\n<p class=\"more-link\"><a href=\"https:\/\/sites.ipleiria.pt\/5ciead\/pt\/iv-minicurso\/\">Continue reading <span class=\"meta-nav\">&rarr;<\/span><\/a><\/p>\n","protected":false},"author":102,"featured_media":0,"parent":0,"menu_order":0,"comment_status":"closed","ping_status":"closed","template":"","meta":{"footnotes":""},"class_list":["post-654","page","type-page","status-publish","hentry"],"_links":{"self":[{"href":"https:\/\/sites.ipleiria.pt\/5ciead\/wp-json\/wp\/v2\/pages\/654","targetHints":{"allow":["GET"]}}],"collection":[{"href":"https:\/\/sites.ipleiria.pt\/5ciead\/wp-json\/wp\/v2\/pages"}],"about":[{"href":"https:\/\/sites.ipleiria.pt\/5ciead\/wp-json\/wp\/v2\/types\/page"}],"author":[{"embeddable":true,"href":"https:\/\/sites.ipleiria.pt\/5ciead\/wp-json\/wp\/v2\/users\/102"}],"replies":[{"embeddable":true,"href":"https:\/\/sites.ipleiria.pt\/5ciead\/wp-json\/wp\/v2\/comments?post=654"}],"version-history":[{"count":1,"href":"https:\/\/sites.ipleiria.pt\/5ciead\/wp-json\/wp\/v2\/pages\/654\/revisions"}],"predecessor-version":[{"id":656,"href":"https:\/\/sites.ipleiria.pt\/5ciead\/wp-json\/wp\/v2\/pages\/654\/revisions\/656"}],"wp:attachment":[{"href":"https:\/\/sites.ipleiria.pt\/5ciead\/wp-json\/wp\/v2\/media?parent=654"}],"curies":[{"name":"wp","href":"https:\/\/api.w.org\/{rel}","templated":true}]}}