{"id":10,"date":"2015-08-25T09:30:55","date_gmt":"2015-08-25T09:30:55","guid":{"rendered":"http:\/\/sites.ipleiria.pt\/5jornadaseconomiasocial\/?page_id=10"},"modified":"2015-10-06T10:41:33","modified_gmt":"2015-10-06T10:41:33","slug":"inscricoes","status":"publish","type":"page","link":"https:\/\/sites.ipleiria.pt\/5jornadaseconomiasocial\/inscricoes\/","title":{"rendered":"Inscri\u00e7\u00f5es"},"content":{"rendered":"<p><b>Inscri\u00e7\u00f5es devem ser realizadas at\u00e9 ao dia 5 de outubro<\/b><\/br><br \/>\n<b>Investimento:<\/b><br \/>\n<span style=\"text-decoration: underline;\">Jornadas<\/span><br \/><em>(5\u20ac se Associados da EAPN Portugal, Professores\/as, Estudantes do IPL e Pessoas em situa\u00e7\u00e3o de desemprego; 10\u20ac N\u00e3o Associados da EAPN Portugal)<\/em><\/p>\n<p><iframe loading=\"lazy\" src=\"https:\/\/docs.google.com\/forms\/d\/1yhbSs-ytFq9yfXwGB-A0t3nuAa5xEdenQ5WsWEK_Tag\/viewform?embedded=true\" width=\"760\" height=\"1300\" frameborder=\"0\" marginheight=\"0\" marginwidth=\"0\">Loading&#8230;<\/iframe><\/p>\n<p><b>O pagamento das inscri\u00e7\u00f5es dever\u00e1 ser realizado:<\/b><br \/>\nPor cheque, \u00e0 ordem de EAPN \u2013 Rede Europeia Anti-Pobreza \/ Portugal ou, em alternativa, por transfer\u00eancia banc\u00e1ria para o <b>NIB: 0033 0000 0004 5757 7819 5<\/b><\/br><br \/>\nNota: Ap\u00f3s realizar a transfer\u00eancia, dever\u00e1 enviar o comprovativo de pagamento para o seguinte e-mail: <a href=\"mailto:leiria@eapn.pt\"\/>leiria@eapn.pt<\/a><br \/>\n<i><u>(dever\u00e1, ainda, apresent\u00e1-lo no secretariado, no dia das Jornadas)<\/u><\/i><\/p>\n","protected":false},"excerpt":{"rendered":"<p>Inscri\u00e7\u00f5es devem ser realizadas at\u00e9 ao dia 5 de outubro Investimento: Jornadas(5\u20ac se Associados da EAPN Portugal, Professores\/as, Estudantes do IPL e Pessoas em situa\u00e7\u00e3o de desemprego; 10\u20ac N\u00e3o Associados da EAPN Portugal) Loading&#8230; O pagamento das inscri\u00e7\u00f5es dever\u00e1 ser realizado: Por cheque, \u00e0 ordem de EAPN \u2013 Rede Europeia Anti-Pobreza \/ Portugal ou, em &hellip; <a href=\"https:\/\/sites.ipleiria.pt\/5jornadaseconomiasocial\/inscricoes\/\" class=\"more-link\">Continuar a ler <span class=\"screen-reader-text\">Inscri\u00e7\u00f5es<\/span> <span class=\"meta-nav\">&rarr;<\/span><\/a><\/p>\n","protected":false},"author":102,"featured_media":0,"parent":0,"menu_order":2,"comment_status":"closed","ping_status":"closed","template":"","meta":{"footnotes":""},"class_list":["post-10","page","type-page","status-publish","hentry"],"_links":{"self":[{"href":"https:\/\/sites.ipleiria.pt\/5jornadaseconomiasocial\/wp-json\/wp\/v2\/pages\/10","targetHints":{"allow":["GET"]}}],"collection":[{"href":"https:\/\/sites.ipleiria.pt\/5jornadaseconomiasocial\/wp-json\/wp\/v2\/pages"}],"about":[{"href":"https:\/\/sites.ipleiria.pt\/5jornadaseconomiasocial\/wp-json\/wp\/v2\/types\/page"}],"author":[{"embeddable":true,"href":"https:\/\/sites.ipleiria.pt\/5jornadaseconomiasocial\/wp-json\/wp\/v2\/users\/102"}],"replies":[{"embeddable":true,"href":"https:\/\/sites.ipleiria.pt\/5jornadaseconomiasocial\/wp-json\/wp\/v2\/comments?post=10"}],"version-history":[{"count":35,"href":"https:\/\/sites.ipleiria.pt\/5jornadaseconomiasocial\/wp-json\/wp\/v2\/pages\/10\/revisions"}],"predecessor-version":[{"id":158,"href":"https:\/\/sites.ipleiria.pt\/5jornadaseconomiasocial\/wp-json\/wp\/v2\/pages\/10\/revisions\/158"}],"wp:attachment":[{"href":"https:\/\/sites.ipleiria.pt\/5jornadaseconomiasocial\/wp-json\/wp\/v2\/media?parent=10"}],"curies":[{"name":"wp","href":"https:\/\/api.w.org\/{rel}","templated":true}]}}