{"id":12,"date":"2015-08-25T09:31:39","date_gmt":"2015-08-25T09:31:39","guid":{"rendered":"http:\/\/sites.ipleiria.pt\/5jornadaseconomiasocial\/?page_id=12"},"modified":"2015-10-06T10:22:59","modified_gmt":"2015-10-06T10:22:59","slug":"oradores-e-moderadores","status":"publish","type":"page","link":"https:\/\/sites.ipleiria.pt\/5jornadaseconomiasocial\/oradores-e-moderadores\/","title":{"rendered":"Oradores e Moderadores"},"content":{"rendered":"<table style=\"width: 799px;height: 1670px\">\n<tbody>\n<tr valign=\"top\">\n<td valign=\"top\" width=\"100px;\"><img loading=\"lazy\" decoding=\"async\" class=\"alignnone size-full wp-image-232\" src=\"http:\/\/sites.ipleiria.pt\/5jornadaseconomiasocial\/files\/2015\/10\/foto_Ana_Neves.jpg\" alt=\"Alexandra Neves\" width=\"250\" height=\"250\" \/><\/a><\/td>\n<td width=\"700px;\"><strong>Alexandra Neves<\/strong> nascida em 1974 em Vila Pouca de Aguiar e residente em Leiria. Licenciada em Gest\u00e3o de Recursos Humanos, P\u00f3s Graduada em Gest\u00e3o avan\u00e7ada e Mestre em Gerontologia. Iniciou a sua atividade profissional como formadora de grupos desfavorecidos. A partir do ano 2001, at\u00e9 aos dias de hoje, analisou e acompanhou projetos a financiamento ao Fundo Social Europeu (POEFDS, POPH e Portugal 2020).<\/td>\n<\/tr>\n<tr valign=\"top\">\n<td valign=\"top\" width=\"100px;\"><img loading=\"lazy\" decoding=\"async\" class=\"alignnone size-full wp-image-232\" src=\"http:\/\/sites.ipleiria.pt\/5jornadaseconomiasocial\/files\/2015\/09\/Eduardo_Gra\u00e7a.jpg\" alt=\"Eduardo Gra\u00e7a\" width=\"250\" height=\"250\" \/><\/a><\/td>\n<td width=\"700px;\"><strong>Eduardo Gra\u00e7a<\/strong> \u00e9 licenciado em Organiza\u00e7\u00e3o e Gest\u00e3o de Empresas pelo Instituto Superior de Economia (ISE) da Universidade de Lisboa. Exerceu, entre outras, as fun\u00e7\u00f5es de presidente do INATEL e do INSCOOP e, desde 19 de fevereiro de 2010, \u00e9 Presidente da Dire\u00e7\u00e3o da Cooperativa Ant\u00f3nio S\u00e9rgio para a Economia Social (CASES).<\/td>\n<\/tr>\n<tr valign=\"top\">\n<td valign=\"top\" width=\"100px;\"><img loading=\"lazy\" decoding=\"async\" class=\"alignnone size-full wp-image-232\" src=\"http:\/\/sites.ipleiria.pt\/5jornadaseconomiasocial\/files\/2015\/09\/jorge_brandao.jpg\" alt=\"Jorge Brand\u00e3o\" width=\"250\" height=\"250\" \/><\/a><\/td>\n<td width=\"700px;\"><strong>Jorge Manuel Bastos Brand\u00e3o<\/strong> nasceu em Coimbra, a 16 de Fevereiro de 1965. Licenciado (1987) e Mestre em Geografia Regional (1993) pela Faculdade de Letras da Universidade de Coimbra, desenvolve a sua atividade profissional, desde 1987, na Comiss\u00e3o de Coordena\u00e7\u00e3o e Desenvolvimento Regional do Centro, nas \u00e1reas do desenvolvimento regional e da coopera\u00e7\u00e3o internacional. Atualmente exerce as fun\u00e7\u00f5es de Vogal da Comiss\u00e3o Diretiva do Programa Operacional Regional do Centro 2014-2020.<\/td>\n<\/tr>\n<tr>\n<td valign=\"top\" width=\"100px;\"><img loading=\"lazy\" decoding=\"async\" class=\"alignnone size-full wp-image-234\" src=\"http:\/\/sites.ipleiria.pt\/5jornadaseconomiasocial\/files\/2015\/09\/patricia_duarte.jpg\" alt=\"Patr\u00edcia Duarte\" width=\"250\" height=\"250\" \/><\/a><\/td>\n<td width=\"700px;\"><strong>Patr\u00edcia Duarte<\/strong> natural de Leiria, \u00e9 licenciada em Comunica\u00e7\u00e3o Social, pelo Instituto Superior de Ci\u00eancias Sociais e Pol\u00edticas (ISCSP) e p\u00f3s-graduada em Marketing Relacional e Comunica\u00e7\u00e3o pelo INDEG\/ISCTE. Iniciou a atividade jornal\u00edstica em 1996 e \u00e9 desde 2010 diretora-adjunta do seman\u00e1rio REGI\u00c3O DE LEIRIA.<\/td>\n<\/tr>\n<tr>\n<td valign=\"top\" width=\"100px;\"><img loading=\"lazy\" decoding=\"async\" class=\"alignnone size-full wp-image-234\" src=\"http:\/\/sites.ipleiria.pt\/5jornadaseconomiasocial\/files\/2015\/09\/foto_Paulo_Teixeira.jpg\" alt=\"Paulo Teixeira\" width=\"250\" height=\"250\" \/><\/a><\/td>\n<td width=\"700px;\"><strong>Paulo Teixeira<\/strong> \u00e9 Mestre em Planeamento e Avalia\u00e7\u00e3o de Processos de Desenvolvimento e Licenciado em Sociologia e Planeamento pelo Instituto Superior de Ci\u00eancias do Trabalho e da Empresa (ISCTE). Possui uma vasta e multifacetada experi\u00eancia profissional, tendo trabalhado para ONGs, na coordena\u00e7\u00e3o de equipas de projetos de interven\u00e7\u00e3o, e para o Estado, no planeamento e acompanhamento da implementa\u00e7\u00e3o de Programas Nacionais (nomeadamente o Programa Rede Social, no extinto IDS \u2013 Instituto para o Desenvolvimento Social e posteriormente no Instituto de Seguran\u00e7a Social).<br \/>\nExerce atualmente as fun\u00e7\u00f5es de consultor e formador em Autarquias, IPSSs, ONGs e outras institui\u00e7\u00f5es p\u00fablicas e privadas (com e sem fins lucrativos), nas \u00e1reas do planeamento, gest\u00e3o e avalia\u00e7\u00e3o de programas e projetos, planeamento estrat\u00e9gico territorial, lideran\u00e7a e gest\u00e3o de equipas, mudan\u00e7a organizacional e sistemas de avalia\u00e7\u00e3o de desempenho. <\/td>\n<\/tr>\n<tr>\n<td valign=\"top\" width=\"100px;\"><img loading=\"lazy\" decoding=\"async\" src=\"http:\/\/sites.ipleiria.pt\/5jornadaseconomiasocial\/files\/2015\/09\/pedro_hespanha.jpg\" alt=\"Pedro Hespanha\" width=\"250\" height=\"250\" class=\"alignnone size-full wp-image-350\" \/><\/a><\/td>\n<td width=\"700px;\"><strong>Pedro Hespanha<\/strong> \u00e9 Licenciado em Direito, em 1968, e Doutorado em Sociologia pela Universidade de Coimbra em 1990, tem investigado, publicado e ensinado nas \u00e1reas da sociologia rural, das pol\u00edticas sociais, da sociologia da sa\u00fade e da defici\u00eancia e, mais recentemente, da economia popular e solid\u00e1ria. Membro fundador do Centro de Estudos Sociais da Universidade de Coimbra (CES), Coordena o N\u00facleo de Estudos sobre Pol\u00edticas Sociais, Trabalho e Desigualdades (POSTRADE) e o Grupo de Estudos sobre Economia Solid\u00e1ria (ECOSOL\/CES). Foi Presidente do Conselho Directivo da Faculdade de Economia da Universidade de Coimbra entre 2002 e 2004, Presidente do Conselho Cient\u00edfico do CES entre 2010 e 2013 e membro do Conselho Geral da Universidade de Coimbra a partir de 2012. Foi investigador Visitante da Universidade de Wisconsin-Madison (EUA) e Professor-Visitante das Universidades Federal do Rio Grande do Sul (Brasil), V\u00e4xj\u00f6 (Su\u00e9cia), Agostinho Neto (Angola) e Universidade Internacional de Andaluzia.<\/td>\n<\/tr>\n<tr>\n<td valign=\"top\" width=\"100px;\"><img loading=\"lazy\" decoding=\"async\" src=\"http:\/\/sites.ipleiria.pt\/5jornadaseconomiasocial\/files\/2015\/09\/paulo_teixeira.jpg\" alt=\"Pedro Krupenski\" width=\"250\" height=\"250\" class=\"alignnone size-full wp-image-345\" \/><\/a><\/td>\n<td width=\"700px;\"><strong>Pedro Krupenski<\/strong> \u00e9 licenciado em Direito pela Universidade Cat\u00f3lica Portuguesa. Exerceu advocacia (especializando-se em Direito Penal) durante alguns anos ap\u00f3s o que mudou de carreira para a \u00e1rea da Coopera\u00e7\u00e3o para o Desenvolvimento. Trabalhou v\u00e1rios anos nas \u00e1reas da sa\u00fade, educa\u00e7\u00e3o e desenvolvimento sustent\u00e1vel para diferentes organiza\u00e7\u00f5es n\u00e3o-governamentais portuguesas e internacionais e em diferentes pa\u00edses como Mo\u00e7ambique e Timor Leste. De regresso a Portugal assumiu a Direc\u00e7\u00e3o Executiva da Plataforma Portuguesa das Organiza\u00e7\u00f5es N\u00e3o Governamentais para o Desenvolvimento (ONGD) ao que se seguiu \u2013 com alguns outros projectos por entremeio \u2013 a Direc\u00e7\u00e3o Executiva da Amnistia Internacional &#8211; Portugal. Actualmente \u00e9 Director de Desenvolvimento da Oikos &#8211; Coopera\u00e7\u00e3o e Desenvolvimento. \u00c9 tamb\u00e9m Presidente da Plataforma Portuguesa das ONGD, fun\u00e7\u00e3o que cumula com a que desempenha na Oikos.<\/td>\n<\/tr>\n<tr>\n<td valign=\"top\" width=\"100px;\"><img loading=\"lazy\" decoding=\"async\" class=\"alignnone size-full wp-image-240\" src=\"http:\/\/sites.ipleiria.pt\/5jornadaseconomiasocial\/files\/2015\/09\/silva_ferreira.jpg\" alt=\"S\u00edlvia Martins\" width=\"250\" height=\"250\" \/><\/a><\/td>\n<td width=\"700px;\"><strong>S\u00edlvia Ferreira<\/strong> \u00e9 professora auxiliar em Sociologia, na Faculdade de Economia da Universidade de Coimbra, investigadora do Centro de Estudos Sociais e do Centro de Estudos Cooperativos e da Economia Social da FEUC. \u00c9 docente nos tr\u00eas n\u00edveis de estudos, nas licenciaturas em Sociologia e Economia, Mestrado em Sociologia, Mestrado em Roads to Democracy, Mestrado em Interven\u00e7\u00e3o Social, Inova\u00e7\u00e3o e Empreendedorismo. \u00c9 co-coordenadora do programa de Doutoramento em Sociolgia e daP\u00f3s-Gradua\u00e7\u00e3o em Economia Social.<br \/>\n\u00c9 doutorada em Sociologia pela Universidade de Lancaster (RU). A sua investiga\u00e7\u00e3o tem focado a reforma da seguran\u00e7a social, o terceiro sector e as pol\u00edticas sociais, o papel das organiza\u00e7\u00f5es do terceiro sector na promo\u00e7\u00e3o da igualdade entre sexos, o empreendedorismo social no terceiro sector e na economia social em Portugal e na Europa, o voluntariado, a governa\u00e7\u00e3o atrav\u00e9s de parcerias locais Estado\/terceiro sector. Os seus interesses cient\u00edficos t\u00eam incidido sobre a evolu\u00e7\u00e3o da natureza do Estado-Provid\u00eancia e das &#8220;misturas de bem-estar&#8221;.<br \/>\nO seu trabalho de extens\u00e3o universit\u00e1ria tem incidido na rela\u00e7\u00e3o entre a universidade e a sociedade, particularmente o terceiro sector\/economia social.<\/td>\n<\/tr>\n<tr>\n<td valign=\"top\" width=\"100px;\"><img loading=\"lazy\" decoding=\"async\" class=\"alignnone size-full wp-image-241\" src=\"http:\/\/sites.ipleiria.pt\/5jornadaseconomiasocial\/files\/2015\/09\/tania_santos.jpg\" alt=\"T\u00e2nia Santos\" width=\"250\" height=\"250\" \/><\/a><\/td>\n<td width=\"700px;\"><strong>T\u00e2nia Cristina Sim\u00f5es de Matos dos Santos<\/strong> \u00e9 docente da Escola Superior de Educa\u00e7\u00e3o e Ci\u00eancias Sociais do Instituto Polit\u00e9cnico de Leiria (ESECS-IPL), desde 2005. Doutorou-se, em 2010, pela Universidad de Extremadura, Espanha, onde apresentou a tese \u201cSolv\u00eancia Financeira dos Sistemas de Pens\u00f5es da Uni\u00e3o Europeia\u201d. Licenciou-se (em 2001) na Faculdade de Economia da Universidade de Coimbra e obteve (em 2006), pela mesma Faculdade, o grau de mestre com a apresenta\u00e7\u00e3o da tese \u201cDisparidades Regionais no Emprego e no Desemprego em Portugal\u201d. \u00c9 investigadora do Observat\u00f3rio de Empresas Familiares do IPL e \u00e9 membro do globADVANTAGE &#8211; Center of Research on International Business &#038; Strategy do IPL. Foi gratificada, em 2005, com o Pr\u00e9mio Sasakawa Young Leaders Fellowship Fund (SYLFF) atribu\u00eddo pelas entidades Funda\u00e7\u00e3o T\u00f3quio e Faculdade de Economia da Universidade de Coimbra a estudantes dos Mestrados em Economia e Geografia que se distingam pelas suas capacidades acad\u00e9micas e humanas. Tem vindo a publicar diversos artigos e a participar em confer\u00eancias relacionadas com as tem\u00e1ticas do empreendedorismo, sistemas de pens\u00f5es e educa\u00e7\u00e3o financeira. Enquanto docente, tem vindo a lecionar unidades curriculares ligadas \u00e0s \u00e1reas de Economia, Empreendedorismo e Gest\u00e3o de Empresas.<\/td>\n<\/tr>\n<\/tbody>\n<\/table>\n","protected":false},"excerpt":{"rendered":"<p>Alexandra Neves nascida em 1974 em Vila Pouca de Aguiar e residente em Leiria. Licenciada em Gest\u00e3o de Recursos Humanos, P\u00f3s Graduada em Gest\u00e3o avan\u00e7ada e Mestre em Gerontologia. Iniciou a sua atividade profissional como formadora de grupos desfavorecidos. A partir do ano 2001, at\u00e9 aos dias de hoje, analisou e acompanhou projetos a financiamento &hellip; <a href=\"https:\/\/sites.ipleiria.pt\/5jornadaseconomiasocial\/oradores-e-moderadores\/\" class=\"more-link\">Continuar a ler <span class=\"screen-reader-text\">Oradores e Moderadores<\/span> <span class=\"meta-nav\">&rarr;<\/span><\/a><\/p>\n","protected":false},"author":102,"featured_media":0,"parent":0,"menu_order":3,"comment_status":"closed","ping_status":"closed","template":"","meta":{"footnotes":""},"class_list":["post-12","page","type-page","status-publish","hentry"],"_links":{"self":[{"href":"https:\/\/sites.ipleiria.pt\/5jornadaseconomiasocial\/wp-json\/wp\/v2\/pages\/12","targetHints":{"allow":["GET"]}}],"collection":[{"href":"https:\/\/sites.ipleiria.pt\/5jornadaseconomiasocial\/wp-json\/wp\/v2\/pages"}],"about":[{"href":"https:\/\/sites.ipleiria.pt\/5jornadaseconomiasocial\/wp-json\/wp\/v2\/types\/page"}],"author":[{"embeddable":true,"href":"https:\/\/sites.ipleiria.pt\/5jornadaseconomiasocial\/wp-json\/wp\/v2\/users\/102"}],"replies":[{"embeddable":true,"href":"https:\/\/sites.ipleiria.pt\/5jornadaseconomiasocial\/wp-json\/wp\/v2\/comments?post=12"}],"version-history":[{"count":34,"href":"https:\/\/sites.ipleiria.pt\/5jornadaseconomiasocial\/wp-json\/wp\/v2\/pages\/12\/revisions"}],"predecessor-version":[{"id":152,"href":"https:\/\/sites.ipleiria.pt\/5jornadaseconomiasocial\/wp-json\/wp\/v2\/pages\/12\/revisions\/152"}],"wp:attachment":[{"href":"https:\/\/sites.ipleiria.pt\/5jornadaseconomiasocial\/wp-json\/wp\/v2\/media?parent=12"}],"curies":[{"name":"wp","href":"https:\/\/api.w.org\/{rel}","templated":true}]}}