{"id":19,"date":"2017-03-15T17:31:26","date_gmt":"2017-03-15T17:31:26","guid":{"rendered":"http:\/\/sites.ipleiria.pt\/6jornadaseconomiasocial\/?page_id=19"},"modified":"2017-03-30T14:33:28","modified_gmt":"2017-03-30T14:33:28","slug":"oradores-e-moderadores","status":"publish","type":"page","link":"https:\/\/sites.ipleiria.pt\/6jornadaseconomiasocial\/oradores-e-moderadores\/","title":{"rendered":"Oradores e Moderadores"},"content":{"rendered":"<table style=\"width: 799px; height: 1670px;\">\n<tbody>\n<tr valign=\"top\">\n<td valign=\"top\" width=\"100px;\"><img loading=\"lazy\" decoding=\"async\" class=\"alignnone size-full wp-image-232\" src=\"http:\/\/sites.ipleiria.pt\/6jornadaseconomiasocial\/files\/2017\/03\/Maria_Rita_Byrne.png\" alt=\"Maria Rita Byrne\" width=\"250\" height=\"250\" \/><\/td>\n<td width=\"700px;\"><strong>Maria Rita Byrne<\/strong> \u00e9 licenciada em Gest\u00e3o e Administra\u00e7\u00e3o de Empresas pela Universidade Cat\u00f3lica Portuguesa, desde 1991. Percurso no Banco BPI: No Banco BPI desde 1991. At\u00e9 2012 esteve maioritariamente ligada a \u00e1reas de neg\u00f3cio, desenvolvendo projetos diversos e passando por diversas \u00e1reas de marketing. Desde 2012 \u00e9 respons\u00e1vel pela coordena\u00e7\u00e3o e gest\u00e3o dos Pr\u00e9mios BPI, assegurando as edi\u00e7\u00f5es anuais dos Pr\u00e9mios BPI Capacitar, BPI Seniores e BPI Solid\u00e1rio.<\/td>\n<\/tr>\n<tr valign=\"top\">\n<td valign=\"top\" width=\"100px;\"><img loading=\"lazy\" decoding=\"async\" class=\"alignnone size-full wp-image-232\" src=\"http:\/\/sites.ipleiria.pt\/6jornadaseconomiasocial\/files\/2017\/03\/Luisa_Ferreira_Malho.png\" alt=\"Luisa Ferreira Malh\u00f3\" width=\"250\" height=\"250\" \/><\/td>\n<td width=\"700px;\"><strong>Luisa Ferreira Malh\u00f3<\/strong> \u00e9 licenciada em Sociologia pelo ISCTE \u2013 IUL.<br \/>\nA sua experi\u00eancia profissional passa pelo trabalho numa IPSS no bairro da Bela Vista, em Set\u00fabal, assumindo posteriormente fun\u00e7\u00f5es de Coordenadora Geral do Centro Social Paroquial do Campo Grande, em Lisboa, Integra desde 2001 a equipa central do programa Escolhas \u2013 programa governamental que visa promover a inclus\u00e3o social de crian\u00e7as e jovens de contextos vulner\u00e1veis, tendo em vista a igualdade de oportunidades. Em 2007 assume as fun\u00e7\u00f5es de Coordenadora da Zona Sul e Ilhas, em 2010 assume a Coordena\u00e7\u00e3o da Zona Lisboa e a desde 2016 ocupa o cargo de diretora do Programa Escolhas.<\/td>\n<\/tr>\n<tr valign=\"top\">\n<td valign=\"top\" width=\"100px;\"><img loading=\"lazy\" decoding=\"async\" class=\"alignnone size-full wp-image-232\" src=\"http:\/\/sites.ipleiria.pt\/6jornadaseconomiasocial\/files\/2017\/03\/Filipa_Rodrigues.png\" alt=\"Filipa Rodrigues\" width=\"250\" height=\"250\" \/><\/td>\n<td width=\"700px;\"><strong>Filipa Rodrigues<\/strong> \u00e9 Corporate Social Responsibility Manager no Lidl, e assume a responsabilidade de definir, desenvolver e implementar a estrat\u00e9gia de responsabilidade social nas comunidades locais, com o objetivo de criar um impacto social positivo. A Responsabilidade Social do Lidl assenta em cinco pilares estrat\u00e9gicos nas \u00e1reas de recursos humanos, ambiente, sortido, fornecedores e apoio \u00e0 comunidade, sendo objetivo comum a todas as \u00e1reas, a maximiza\u00e7\u00e3o do impacto positivo das suas opera\u00e7\u00f5es nas comunidades mais pr\u00f3ximas, de norte a sul do pa\u00eds.<\/td>\n<\/tr>\n<tr>\n<td valign=\"top\" width=\"100px;\"><img loading=\"lazy\" decoding=\"async\" class=\"alignnone size-full wp-image-234\" src=\"http:\/\/sites.ipleiria.pt\/6jornadaseconomiasocial\/files\/2017\/03\/Rui_Duarte_Santos.png\" alt=\"Rui Duarte Silva\" width=\"250\" height=\"250\" \/><\/td>\n<td width=\"700px;\"><strong>Rui Duarte Santos<\/strong>, \u00e9 licenciado em Servi\u00e7o Social pelo Instituto Superior Bissaya Barreto. Mestre em European Comparative Social Studies, pela Universidade Norte de Londres. Doutorou-se pela Universidade de Turim, onde apresentou a tese \u201cThe psychosocial adaptation of young people involved in road traffic accidents: a longitudinal study\u201d. Atualmente \u00e9 Professor Adjunto Convidado na Escola Superior de Educa\u00e7\u00e3o e Ci\u00eancias Sociais do Instituto Polit\u00e9cnico de Leiria (ESECS-IPL), Investigador Integrado do CICS.NOVA.IPLeiria, e desempenha fun\u00e7\u00f5es como Diretor T\u00e9cnico numa IPSS do distrito de Leiria. A sua investiga\u00e7\u00e3o tem incidido em diversas \u00e1reas como a fam\u00edlia, inf\u00e2ncia e juventude, qualidade de vida, comportamentos de risco e empregabilidade na \u00e1rea social.<\/td>\n<\/tr>\n<tr>\n<td valign=\"top\" width=\"100px;\"><img loading=\"lazy\" decoding=\"async\" class=\"alignnone size-full wp-image-234\" src=\"http:\/\/sites.ipleiria.pt\/6jornadaseconomiasocial\/files\/2017\/03\/Virginia_Batista.png\" alt=\"Virg\u00ednia Batista\" width=\"250\" height=\"250\" \/><\/td>\n<td width=\"700px;\"><strong>Virg\u00ednia Batista<\/strong>, 38 anos, natural do Fund\u00e3o. \u00c9 Animadora Sociocultural e Coordenadora do Matriz E6G, projeto de inclus\u00e3o social de crian\u00e7as e jovens, desde 2010. Mentora de v\u00e1rios projetos de empreendedorismo social e apaixonada pelo trabalho que desenvolve.<\/td>\n<\/tr>\n<tr>\n<td valign=\"top\" width=\"100px;\"><img loading=\"lazy\" decoding=\"async\" class=\"alignnone size-full wp-image-350\" src=\"http:\/\/sites.ipleiria.pt\/6jornadaseconomiasocial\/files\/2017\/03\/Helena_Pina_Vaz-.png\" alt=\"Helena Pina Vaz\" width=\"250\" height=\"250\" \/><\/td>\n<td width=\"700px;\">\u00a0<strong>Helena Pina Vaz<\/strong> \u00e9 diretora do CLIB &#8211; Col\u00e9gio Luso-Internacional de Braga, desde 1999. Volunt\u00e1ria na Comiss\u00e3o Executiva da PAR &#8211; Plataforma de Apoio aos Refugiados e, desde 2011, \u00e9 Presidente da Dire\u00e7\u00e3o da Habitat for Humanity Portugal.<\/td>\n<\/tr>\n<tr>\n<td valign=\"top\" width=\"100px;\"><img loading=\"lazy\" decoding=\"async\" class=\"alignnone size-full wp-image-345\" src=\"http:\/\/sites.ipleiria.pt\/6jornadaseconomiasocial\/files\/2017\/03\/Paulo_Teixeira.png\" alt=\"Paulo Teixeira\" width=\"250\" height=\"250\" \/><\/td>\n<td width=\"700px;\">\u00a0<strong>Paulo Teixeira<\/strong> \u00e9 mestre em Planeamento e Avalia\u00e7\u00e3o de Processos de Desenvolvimento e Licenciado em Sociologia e Planeamento pelo Instituto Superior de Ci\u00eancias do Trabalho e da Empresa (ISCTE). Possui uma vasta e multifacetada experi\u00eancia profissional, tendo trabalhado para Organiza\u00e7\u00f5es da Economia Social, na coordena\u00e7\u00e3o de equipas de projetos de interven\u00e7\u00e3o, e para o Estado, no planeamento e acompanhamento da implementa\u00e7\u00e3o de Programas Nacionais (nomeadamente o Programa Rede Social, no extinto IDS \u2013 Instituto para o Desenvolvimento Social e posteriormente no Instituto de Seguran\u00e7a Social).<br \/>\nExerce atualmente as fun\u00e7\u00f5es de avaliador, consultor e formador em Autarquias, Funda\u00e7\u00f5es, Organismos Internacionais, IPSSs, ONGs e outras institui\u00e7\u00f5es p\u00fablicas e privadas (com e sem fins lucrativos), nas \u00e1reas do planeamento, gest\u00e3o e avalia\u00e7\u00e3o de pol\u00edticas, programas e projetos, planeamento estrat\u00e9gico de base territorial, lideran\u00e7a e gest\u00e3o de equipas, mudan\u00e7a organizacional e sistemas de gest\u00e3o de desempenho. \u00c9 ainda respons\u00e1vel pela gest\u00e3o de programas e projetos e interven\u00e7\u00e3o social, colaborando pontualmente com institui\u00e7\u00f5es do Ensino Superior, onde leciona cadeiras ligadas \u00e0s suas \u00e1reas de interven\u00e7\u00e3o, nomeadamente \u00e0s quest\u00f5es da avalia\u00e7\u00e3o. Integrou ainda a Dire\u00e7\u00e3o da Sociedade Europeia de Avalia\u00e7\u00e3o (European Evaluation Society \u2013 EES), foi coordenador do N\u00facleo de Lisboa da Rede Europeia Anti-Pobreza (EAPN Portugal) e fundou a Logframe \u2013 Consultoria e Forma\u00e7\u00e3o, Lda., de que \u00e9 s\u00f3cio-gerente. \u00c9 membro da Associa\u00e7\u00e3o Americana de Avaliadores, da Sociedade Europeia de Avalia\u00e7\u00e3o, membro do Gender Evaluation Group da European Evaluation Society, Coordenador do Grupo de Avalia\u00e7\u00e3o do Govint, sendo que, desde 2014, faz parte da dire\u00e7\u00e3o da APROEVAL -Associaci\u00f3n Ib\u00e9rica de Professionales por la Evaluaci\u00f3n.<\/td>\n<\/tr>\n<tr>\n<td valign=\"top\" width=\"100px;\"><img loading=\"lazy\" decoding=\"async\" class=\"alignnone size-full wp-image-345\" src=\"http:\/\/sites.ipleiria.pt\/6jornadaseconomiasocial\/files\/2017\/03\/sara_monico.png\" alt=\"Sara M\u00f3nico\" width=\"250\" height=\"250\" \/><\/td>\n<td width=\"700px;\">\u00a0<strong>Sara M\u00f3nico Lopes<\/strong>\u00a0\u00e9 licenciada (FCSH-UNL) e doutorada em antropologia (ISCTE-IUL). Docente na Escola Superior de Educa\u00e7\u00e3o e Ci\u00eancias Sociais do Instituto Polit\u00e9cnico de Leiria. \u00c9 Coordenadora do Programa IPL 60+, Co-coordenadora do Mestrado em Interven\u00e7\u00e3o para um Envelhecimento Ativo do IPLeiria e dinamiza o Projeto Forma\u00e7\u00e3o e Empregabilidade Social. \u00c9 investigadora associada do Centro Interdisciplinar de Ci\u00eancias Sociais da Universidade Nova de Lisboa (polo de Leiria). A sua investiga\u00e7\u00e3o tem cruzado as \u00e1reas da antropologia e da educa\u00e7\u00e3o, da forma\u00e7\u00e3o e aprendizagem ao longo da vida, das trajet\u00f3rias sociais e empregabilidade social, tem publica\u00e7\u00f5es em livros e revistas nacionais e internacionais.<\/td>\n<\/tr>\n<tr>\n<td valign=\"top\" width=\"100px;\"><img loading=\"lazy\" decoding=\"async\" class=\"alignnone size-full wp-image-345\" src=\"http:\/\/sites.ipleiria.pt\/6jornadaseconomiasocial\/files\/2017\/03\/Ines_Mota.png\" alt=\"In\u00eas Mota\" width=\"250\" height=\"250\" \/><\/td>\n<td width=\"700px;\">\u00a0<strong>In\u00eas Mota\u00a0<\/strong>\u00e9 Engenheira do Ambiente, Universidade Cat\u00f3lica, Porto Casada e m\u00e3e de tr\u00eas filhas Iniciou e desenvolveu a sua carreira no Grupo Mota-Engil na \u00e1rea do ambiente &#8211; abastecimento de \u00e1gua, res\u00edduos, e log\u00edstica.<br \/>\nEm 2012 assumiu responsabilidades nas empresas familiares, formando, com seu primo e sua irm\u00e3, a equipa que liderou a restrutura\u00e7\u00e3o da empresa de vinhos da fam\u00edlia &#8211; Agrimota, detentora da marca Quinta da Cal\u00e7ada (vinho verde). \u00c9 Presidente do Conselho de Administra\u00e7\u00e3o da Agrimota desde 2013. \u00c9 Vogal do Conselho de Administra\u00e7\u00e3o e da Comiss\u00e3o Executiva da Funda\u00e7\u00e3o Manuel Ant\u00f3nio da Mota, desde 2014, assumindo especiais responsabilidades nas \u00e1reas de desenvolvimento e acompanhamento de projetos e atribui\u00e7\u00e3o de apoios. D\u00e1 especial aten\u00e7\u00e3o \u00e0s \u00e1reas de educa\u00e7\u00e3o na primeira inf\u00e2ncia, no desenvolvimento sustent\u00e1vel, educa\u00e7\u00e3o para estilos de vida saud\u00e1vel e responsabilidade social das empresas.<\/td>\n<\/tr>\n<tr>\n<td valign=\"top\" width=\"100px;\"><img loading=\"lazy\" decoding=\"async\" class=\"alignnone size-full wp-image-345\" src=\"http:\/\/sites.ipleiria.pt\/6jornadaseconomiasocial\/files\/2017\/03\/Carolina-Cravo.png\" alt=\"Carolina Cravo\" width=\"250\" height=\"250\" \/><\/td>\n<td width=\"700px;\">\u00a0<strong>Carolina Cravo,<\/strong> licenciada em Psicologia Social e das Organiza\u00e7\u00f5es pelo ISPA, com Mestrado em Desenvolvimento e Sa\u00fade Global pelo ISCTE e P\u00f3s-Gradua\u00e7\u00e3o em Gest\u00e3o do Desenvolvimento Local . Trabalha desde 2007 no terceiro setor, tendo j\u00e1 exercido atividades em organiza\u00e7\u00f5es como AMI, FGS, EAPN Portugal. Durante 5 anos dedicou-se ao setor da Coopera\u00e7\u00e3o para o Desenvolvimento em contextos como S\u00e3o Tom\u00e9 e Pr\u00edncipe e Mo\u00e7ambique, tendo depois abra\u00e7ado desafios no \u00e2mbito da Educa\u00e7\u00e3o para o Desenvolvimento e para a Cidadania Global, em Portugal.<br \/>\nAtualmente coordena o projeto Redes na Quint@ E6G , do Programa Escolhas, promovido pela InPulsar- Associa\u00e7\u00e3o para o Desenvolvimento Comunit\u00e1rio.<\/td>\n<\/tr>\n<tr>\n<td valign=\"top\" width=\"100px;\"><img loading=\"lazy\" decoding=\"async\" class=\"alignnone size-full wp-image-345\" src=\"http:\/\/sites.ipleiria.pt\/6jornadaseconomiasocial\/files\/2017\/03\/Maria_Jose_Domingos.png\" alt=\"Maria Jo\u00e3o Morais de Oliveira Domingos\" width=\"250\" height=\"250\" \/><\/td>\n<td width=\"700px;\">\u00a0<strong>Maria Jo\u00e3o Morais de Oliveira Domingos,<\/strong> licenciada em psicologia \u2013 psicoterapia e aconselhamento em 1991.<br \/>\nIntegra Centro de Educa\u00e7\u00e3o Especial Rainha Dona Leonor (CEERDL), em 1992 e exerce fun\u00e7\u00f5es<br \/>\nde dire\u00e7\u00e3o t\u00e9cnica desde 1993.<br \/>\nPresidente dire\u00e7\u00e3o nos tri\u00e9nios 1998-2001 e desde 2005.<br \/>\nDesempenhou fun\u00e7\u00f5es enquanto formadora e orientadora de est\u00e1gios acad\u00e9micos e profissionais.<br \/>\nIntegrou, \u00e0 data da sua cria\u00e7\u00e3o em 1995, a Comiss\u00e3o de Prote\u00e7\u00e3o de Crian\u00e7as e Jovens de Caldas da Rainha,<br \/>\ncomo elemento cooptado, durante 10 anos.<br \/>\nPrestou apoio psicoterap\u00eautico a crian\u00e7as, jovens e adulta em atividade cl\u00ednica privada durante 15 anos.<br \/>\nTem participado em grupos de discuss\u00e3o na \u00e1rea da inclus\u00e3o social de grupos desfavorecidos e com incapacidades.<\/td>\n<\/tr>\n<\/tbody>\n<\/table>\n","protected":false},"excerpt":{"rendered":"<p>Maria Rita Byrne \u00e9 licenciada em Gest\u00e3o e Administra\u00e7\u00e3o de Empresas pela Universidade Cat\u00f3lica Portuguesa, desde 1991. Percurso no Banco BPI: No Banco BPI desde 1991. At\u00e9 2012 esteve maioritariamente ligada a \u00e1reas de neg\u00f3cio, desenvolvendo projetos diversos e passando por diversas \u00e1reas de marketing. Desde 2012 \u00e9 respons\u00e1vel pela coordena\u00e7\u00e3o e gest\u00e3o dos Pr\u00e9mios &hellip; <a href=\"https:\/\/sites.ipleiria.pt\/6jornadaseconomiasocial\/oradores-e-moderadores\/\" class=\"more-link\">Continuar a ler <span class=\"screen-reader-text\">Oradores e Moderadores<\/span> <span class=\"meta-nav\">&rarr;<\/span><\/a><\/p>\n","protected":false},"author":102,"featured_media":0,"parent":0,"menu_order":3,"comment_status":"closed","ping_status":"closed","template":"","meta":{"footnotes":""},"class_list":["post-19","page","type-page","status-publish","hentry"],"_links":{"self":[{"href":"https:\/\/sites.ipleiria.pt\/6jornadaseconomiasocial\/wp-json\/wp\/v2\/pages\/19","targetHints":{"allow":["GET"]}}],"collection":[{"href":"https:\/\/sites.ipleiria.pt\/6jornadaseconomiasocial\/wp-json\/wp\/v2\/pages"}],"about":[{"href":"https:\/\/sites.ipleiria.pt\/6jornadaseconomiasocial\/wp-json\/wp\/v2\/types\/page"}],"author":[{"embeddable":true,"href":"https:\/\/sites.ipleiria.pt\/6jornadaseconomiasocial\/wp-json\/wp\/v2\/users\/102"}],"replies":[{"embeddable":true,"href":"https:\/\/sites.ipleiria.pt\/6jornadaseconomiasocial\/wp-json\/wp\/v2\/comments?post=19"}],"version-history":[{"count":40,"href":"https:\/\/sites.ipleiria.pt\/6jornadaseconomiasocial\/wp-json\/wp\/v2\/pages\/19\/revisions"}],"predecessor-version":[{"id":141,"href":"https:\/\/sites.ipleiria.pt\/6jornadaseconomiasocial\/wp-json\/wp\/v2\/pages\/19\/revisions\/141"}],"wp:attachment":[{"href":"https:\/\/sites.ipleiria.pt\/6jornadaseconomiasocial\/wp-json\/wp\/v2\/media?parent=19"}],"curies":[{"name":"wp","href":"https:\/\/api.w.org\/{rel}","templated":true}]}}