{"id":22,"date":"2012-04-02T15:57:04","date_gmt":"2012-04-02T15:57:04","guid":{"rendered":"http:\/\/localhost\/wordpress\/?page_id=2"},"modified":"2012-05-28T17:33:27","modified_gmt":"2012-05-28T17:33:27","slug":"apresentacao-2","status":"publish","type":"page","link":"https:\/\/sites.ipleiria.pt\/animacaocultural\/apresentacao-2\/","title":{"rendered":"Apresenta\u00e7\u00e3o"},"content":{"rendered":"<p>\u00a0<a href=\"http:\/\/sites.ipleiria.pt\/animacaocultural\/files\/2012\/04\/DSC_00682.jpg\"><img loading=\"lazy\" decoding=\"async\" class=\"alignleft\" src=\"http:\/\/sites.ipleiria.pt\/animacaocultural\/files\/2012\/04\/DSC_00682-150x150.jpg\" alt=\"\" width=\"150\" height=\"150\" \/><\/a><\/p>\n<p><strong><em>Navegar \u00e9 preciso\u2026<\/em><\/strong><\/p>\n<p>Foi a <strong><em>navegar<\/em>\u2026<\/strong> que cheg\u00e1mos ao Curso de Anima\u00e7\u00e3o Cultural do Instituto Polit\u00e9cnico de Leiria\u2026<\/p>\n<p>E, <strong><em>navegando<\/em><\/strong> mais\u2026 por este blogue\u2026 encontraremos diferentes <strong><em>portos<\/em>\u2026<\/strong> que nos ajudar\u00e3o a compreender o que \u00e9 a experi\u00eancia formativa em Anima\u00e7\u00e3o Cultural nesta Institui\u00e7\u00e3o de Ensino Superior\u2026<\/p>\n<p>Antecipamos apenas que em Anima\u00e7\u00e3o h\u00e1 modos de estar essenciais, sem os quais a <strong><em>navega\u00e7\u00e3o<\/em><\/strong> ser\u00e1 mais dif\u00edcil\u2026 <strong><em>\u00e9 preciso<\/em><\/strong> gostar de pessoas\u2026 <strong><em>\u00e9 preciso<\/em><\/strong><em> <\/em>gostar das artes\u2026 <strong><em>\u00e9 preciso<\/em><\/strong> gostar da cultura\u2026 <strong><em>\u00e9 preciso<\/em><\/strong> ajudar a reinventar o quotidiano de uma forma sens\u00edvel e criativa\u2026<\/p>\n<p>Em cada <strong><em>porto<\/em>\u2026<\/strong> poderemos visualizar alguns momentos sobre a forma\u00e7\u00e3o de Animadores Culturais, na ESECS, ao longo destes \u00faltimos tempos\u2026 onde <strong>imaginar<\/strong> foi preciso!<\/p>\n<p>E esperamos que, depois de tanto <strong><em>navegar<\/em>\u2026<\/strong> cheguem a um bom <strong><em>porto<\/em><\/strong>!<\/p>\n<p>Sauda\u00e7\u00f5es criativas\u2026<\/p>\n<p>Maria de S\u00e3o Pedro Lopes<br \/>\nCoordenadora do Curso de Anima\u00e7\u00e3o Cultural (o meu <strong><em>porto<\/em><\/strong>\u2026)<\/p>\n","protected":false},"excerpt":{"rendered":"<p>\u00a0 Navegar \u00e9 preciso\u2026 Foi a navegar\u2026 que cheg\u00e1mos ao Curso de Anima\u00e7\u00e3o Cultural do Instituto Polit\u00e9cnico de Leiria\u2026 E, navegando mais\u2026 por este blogue\u2026 encontraremos diferentes portos\u2026 que nos ajudar\u00e3o a compreender o que \u00e9 a experi\u00eancia formativa em &hellip; <a href=\"https:\/\/sites.ipleiria.pt\/animacaocultural\/apresentacao-2\/\">Continue reading <span class=\"meta-nav\">&rarr;<\/span><\/a><\/p>\n","protected":false},"author":102,"featured_media":0,"parent":0,"menu_order":1,"comment_status":"closed","ping_status":"closed","template":"","meta":{"footnotes":""},"class_list":["post-22","page","type-page","status-publish","hentry"],"_links":{"self":[{"href":"https:\/\/sites.ipleiria.pt\/animacaocultural\/wp-json\/wp\/v2\/pages\/22","targetHints":{"allow":["GET"]}}],"collection":[{"href":"https:\/\/sites.ipleiria.pt\/animacaocultural\/wp-json\/wp\/v2\/pages"}],"about":[{"href":"https:\/\/sites.ipleiria.pt\/animacaocultural\/wp-json\/wp\/v2\/types\/page"}],"author":[{"embeddable":true,"href":"https:\/\/sites.ipleiria.pt\/animacaocultural\/wp-json\/wp\/v2\/users\/102"}],"replies":[{"embeddable":true,"href":"https:\/\/sites.ipleiria.pt\/animacaocultural\/wp-json\/wp\/v2\/comments?post=22"}],"version-history":[{"count":8,"href":"https:\/\/sites.ipleiria.pt\/animacaocultural\/wp-json\/wp\/v2\/pages\/22\/revisions"}],"predecessor-version":[{"id":201,"href":"https:\/\/sites.ipleiria.pt\/animacaocultural\/wp-json\/wp\/v2\/pages\/22\/revisions\/201"}],"wp:attachment":[{"href":"https:\/\/sites.ipleiria.pt\/animacaocultural\/wp-json\/wp\/v2\/media?parent=22"}],"curies":[{"name":"wp","href":"https:\/\/api.w.org\/{rel}","templated":true}]}}

Apresentação

<p> <a href="http://sites.ipleiria.pt/animacaocultural/files/2012/04/DSC_00682.jpg"><img loading="lazy" decoding="async" class="alignleft" src="http://sites.ipleiria.pt/animacaocultural/files/2012/04/DSC_00682-150x150.jpg" alt="" width="150" height="150" /></a></p>
<p><strong><em>Navegar é preciso…</em></strong></p>
<p>Foi a <strong><em>navegar</em>…</strong> que chegámos ao Curso de Animação Cultural do Instituto Politécnico de Leiria…</p>
<p>E, <strong><em>navegando</em></strong> mais… por este blogue… encontraremos diferentes <strong><em>portos</em>…</strong> que nos ajudarão a compreender o que é a experiência formativa em Animação Cultural nesta Instituição de Ensino Superior…</p>
<p>Antecipamos apenas que em Animação há modos de estar essenciais, sem os quais a <strong><em>navegação</em></strong> será mais difícil… <strong><em>é preciso</em></strong> gostar de pessoas… <strong><em>é preciso</em></strong><em> </em>gostar das artes… <strong><em>é preciso</em></strong> gostar da cultura… <strong><em>é preciso</em></strong> ajudar a reinventar o quotidiano de uma forma sensível e criativa…</p>
<p>Em cada <strong><em>porto</em>…</strong> poderemos visualizar alguns momentos sobre a formação de Animadores Culturais, na ESECS, ao longo destes últimos tempos… onde <strong>imaginar</strong> foi preciso!</p>
<p>E esperamos que, depois de tanto <strong><em>navegar</em>…</strong> cheguem a um bom <strong><em>porto</em></strong>!</p>
<p>Saudações criativas…</p>
<p>Maria de São Pedro Lopes<br />
Coordenadora do Curso de Animação Cultural (o meu <strong><em>porto</em></strong>…)</p>

<p>  Navegar é preciso… Foi a navegar… que chegámos ao Curso de Animação Cultural do Instituto Politécnico de Leiria… E, navegando mais… por este blogue… encontraremos diferentes portos… que nos ajudarão a compreender o que é a experiência formativa em &hellip; <a href="https://sites.ipleiria.pt/animacaocultural/apresentacao-2/">Continue reading <span class="meta-nav">&rarr;</span></a></p>
