{"id":26,"date":"2012-04-09T10:12:33","date_gmt":"2012-04-09T10:12:33","guid":{"rendered":"http:\/\/localhost\/wordpress\/?page_id=15"},"modified":"2012-05-28T17:33:38","modified_gmt":"2012-05-28T17:33:38","slug":"coordenacao-do-curso","status":"publish","type":"page","link":"https:\/\/sites.ipleiria.pt\/animacaocultural\/apresentacao-2\/coordenacao-do-curso\/","title":{"rendered":"Coordena\u00e7\u00e3o do Curso"},"content":{"rendered":"<p><strong>Coordena\u00e7\u00e3o do curso<\/strong><\/p>\n<p>Professora Doutora Maria de S\u00e3o Pedro Lopes<br \/>\n<a href=\"mailto:msplopes@ipleiria.pt\">msplopes@ipleiria.pt<\/a><\/p>\n<p><strong>Constitui\u00e7\u00e3o da CCP<\/strong><br \/>\nL\u00facia Grave Magueta<br \/>\n<a href=\"mailto:lucia.magueta@ipleiria.pt\">lucia.magueta@ipleiria.pt<\/a><\/p>\n<p>Jenny Gil Sousa<br \/>\n<a href=\"mailto:jenny.sousa@ipleiria.pt\">jenny.sousa@ipleiria.pt<strong><\/strong><\/a><\/p>\n<p><strong>Contactos para informa\u00e7\u00f5es<\/strong><\/p>\n<p><strong>Servi\u00e7os Acad\u00e9micos<\/strong><\/p>\n<p align=\"left\"><strong>Telefone:<\/strong> 244 829400 (geral)<br \/>\n<strong>Fax:<\/strong> 244 829491<br \/>\n<strong>E-mail:<\/strong> <a href=\"mailto:sa.campus1@ipleiria.pt\">sa.campus1@ipleiria.pt<\/a><\/p>\n<p><strong>Morada<\/strong><br \/>\nServi\u00e7os Acad\u00e9micos<br \/>\nEscola Superior de Educa\u00e7\u00e3o e Ci\u00eancias Sociais (Leiria)<br \/>\nRua Dr. Jo\u00e3o Soares &#8211; Porto Moniz<br \/>\nApartado 4045<br \/>\n2400-448 Leiria<\/p>\n","protected":false},"excerpt":{"rendered":"<p>Coordena\u00e7\u00e3o do curso Professora Doutora Maria de S\u00e3o Pedro Lopes msplopes@ipleiria.pt Constitui\u00e7\u00e3o da CCP L\u00facia Grave Magueta lucia.magueta@ipleiria.pt Jenny Gil Sousa jenny.sousa@ipleiria.pt Contactos para informa\u00e7\u00f5es Servi\u00e7os Acad\u00e9micos Telefone: 244 829400 (geral) Fax: 244 829491 E-mail: sa.campus1@ipleiria.pt Morada Servi\u00e7os Acad\u00e9micos Escola &hellip; <a href=\"https:\/\/sites.ipleiria.pt\/animacaocultural\/apresentacao-2\/coordenacao-do-curso\/\">Continue reading <span class=\"meta-nav\">&rarr;<\/span><\/a><\/p>\n","protected":false},"author":102,"featured_media":0,"parent":22,"menu_order":3,"comment_status":"closed","ping_status":"closed","template":"","meta":{"footnotes":""},"class_list":["post-26","page","type-page","status-publish","hentry"],"_links":{"self":[{"href":"https:\/\/sites.ipleiria.pt\/animacaocultural\/wp-json\/wp\/v2\/pages\/26","targetHints":{"allow":["GET"]}}],"collection":[{"href":"https:\/\/sites.ipleiria.pt\/animacaocultural\/wp-json\/wp\/v2\/pages"}],"about":[{"href":"https:\/\/sites.ipleiria.pt\/animacaocultural\/wp-json\/wp\/v2\/types\/page"}],"author":[{"embeddable":true,"href":"https:\/\/sites.ipleiria.pt\/animacaocultural\/wp-json\/wp\/v2\/users\/102"}],"replies":[{"embeddable":true,"href":"https:\/\/sites.ipleiria.pt\/animacaocultural\/wp-json\/wp\/v2\/comments?post=26"}],"version-history":[{"count":5,"href":"https:\/\/sites.ipleiria.pt\/animacaocultural\/wp-json\/wp\/v2\/pages\/26\/revisions"}],"predecessor-version":[{"id":197,"href":"https:\/\/sites.ipleiria.pt\/animacaocultural\/wp-json\/wp\/v2\/pages\/26\/revisions\/197"}],"up":[{"embeddable":true,"href":"https:\/\/sites.ipleiria.pt\/animacaocultural\/wp-json\/wp\/v2\/pages\/22"}],"wp:attachment":[{"href":"https:\/\/sites.ipleiria.pt\/animacaocultural\/wp-json\/wp\/v2\/media?parent=26"}],"curies":[{"name":"wp","href":"https:\/\/api.w.org\/{rel}","templated":true}]}}