{"id":11,"date":"2021-06-14T08:16:30","date_gmt":"2021-06-14T08:16:30","guid":{"rendered":"https:\/\/sites.ipleiria.pt\/cdtpopular\/?page_id=11"},"modified":"2021-07-27T10:04:19","modified_gmt":"2021-07-27T10:04:19","slug":"apresentacao","status":"publish","type":"page","link":"https:\/\/sites.ipleiria.pt\/cdtpopular\/","title":{"rendered":"Apresenta\u00e7\u00e3o | Presentation"},"content":{"rendered":"\n<p><strong>Conven\u00e7\u00e3o Internacional de Dan\u00e7a Tradicional e Popular<\/strong><br><em>Uma iniciativa da <a rel=\"noreferrer noopener\" href=\"http:\/\/www.afrlae.pt\/\" data-type=\"URL\" data-id=\"http:\/\/www.afrlae.pt\/\" target=\"_blank\">Associa\u00e7\u00e3o Folcl\u00f3rica da Regi\u00e3o de Leiria e Alta Estremadura<\/a> e da <a rel=\"noreferrer noopener\" href=\"https:\/\/www.ipleiria.pt\/esecs\/\" data-type=\"URL\" data-id=\"https:\/\/www.ipleiria.pt\/esecs\/\" target=\"_blank\">ESECS-Polit\u00e9cnico de Leiria<\/a><\/em><\/p>\n\n\n\n<p>Esta conven\u00e7\u00e3o constitui um momento de reflex\u00e3o epistemol\u00f3gica sobre a dan\u00e7a tradicional e popular e apresenta-se como uma iniciativa de demarca\u00e7\u00e3o deste campo de estudos no nosso pa\u00eds.<\/p>\n\n\n\n<p>Pretende-se potenciar um espa\u00e7o de partilha conjunta das experi\u00eancias da arte e cultura popular vividas pelos ranchos e dos resultados da investiga\u00e7\u00e3o cient\u00edfica e de projetos e experi\u00eancias inspiradores, nacionais e internacionais.<\/p>\n\n\n\n<p>Destina-se  a um p\u00fablico diversificado: professores e educadores do ensino b\u00e1sico e secund\u00e1rio, p\u00fablico em geral, agentes culturais, investigadores e interessados nas \u00e1reas  em foco no evento &#8211; Dan\u00e7a, M\u00fasica, Etnografia, Patrim\u00f3nio Material e Imaterial. <\/p>\n\n\n\n<p>O p\u00fablico pode assistir ao evento <a href=\"https:\/\/sites.ipleiria.pt\/cdtpopular\/localizacoes\/\" data-type=\"page\" data-id=\"19\">presencialmente<\/a> ou online por videoconfer\u00eancia. Tamb\u00e9m \u00e9 poss\u00edvel assistir \u00e0 emiss\u00e3o em direto no <a href=\"https:\/\/www.youtube.com\/c\/ESECSPolit\u00e9cnicodeLeiria\" data-type=\"URL\" data-id=\"https:\/\/www.youtube.com\/c\/ESECSPolit\u00e9cnicodeLeiria\">canal YouTube da ESECS-Polit\u00e9cnico de Leiria<\/a>.<\/p>\n\n\n\n<p>A participa\u00e7\u00e3o na conven\u00e7\u00e3o \u00e9 <a href=\"https:\/\/sites.ipleiria.pt\/cdtpopular\/acreditacao\/\" data-type=\"page\" data-id=\"261\">acreditada como a\u00e7\u00e3o de curta dura\u00e7\u00e3o<\/a>, com <a href=\"https:\/\/sites.ipleiria.pt\/cdtpopular\/objetivos-e-conteudos-da-acao-de-formacao-i\/\" data-type=\"page\" data-id=\"393\">objetivos e  conte\u00fados particulares<\/a>, para educadores e professores dos ensinos b\u00e1sico e secund\u00e1rio.<\/p>\n\n\n\n<p><\/p>\n\n\n\n<p><strong><em>International Folk Dance Convention<\/em><\/strong><br><em>Event organised by <a rel=\"noreferrer noopener\" href=\"http:\/\/www.afrlae.pt\/\" target=\"_blank\">Associa\u00e7\u00e3o Folcl\u00f3rica da Regi\u00e3o de Leiria e Alta Estremadura<\/a> and <a rel=\"noreferrer noopener\" href=\"https:\/\/www.ipleiria.pt\/esecs\/\" target=\"_blank\">ESECS-Polit\u00e9cnico de Leiria<\/a><\/em><\/p>\n\n\n\n<p><em>The convention will be&nbsp;a moment of epistemological reflection on traditional and folk dance&nbsp;and&nbsp;a&nbsp;move towards the delimitation of this field of studies in Portugal. <\/em><\/p>\n\n\n\n<p><em>The main purpose of the event is to enable the&nbsp;sharing of&nbsp;both&nbsp;the artistic and cultural experiences from the&nbsp;folk dance groups&nbsp;as well as the results coming from scientific research and inspiring national and international projects and enterprises.<\/em><\/p>\n\n\n\n<p><em>The target audience is diverse: teachers and educators, general public, cultural stakeholders, researchers and people interested in the areas addressed during the event &#8211;  Dance, Music, Ethnography, Tangible and Intangible Cultural Heritage.<\/em><\/p>\n\n\n\n<p><em>The audience will have the opportunity to participate <a href=\"https:\/\/sites.ipleiria.pt\/cdtpopular\/localizacoes\/\">on site<\/a> or online by videoconference. It is also possible to watch the live streaming on <a href=\"https:\/\/www.youtube.com\/c\/ESECSPolit%C3%A9cnicodeLeiria\">ESECS-Polit\u00e9cnico de Leiria&#8217;s YouTube channel<\/a>.<\/em><\/p>\n\n\n\n<figure class=\"wp-block-image size-large\"><a href=\"https:\/\/sites.ipleiria.pt\/cdtpopular\/programa-detalhado-complete-programme\/\"><img loading=\"lazy\" decoding=\"async\" width=\"769\" height=\"1024\" src=\"https:\/\/sites.ipleiria.pt\/cdtpopular\/files\/2021\/07\/danceconvention_website-769x1024.png\" alt=\"\" class=\"wp-image-345\" srcset=\"https:\/\/sites.ipleiria.pt\/cdtpopular\/files\/2021\/07\/danceconvention_website-769x1024.png 769w, https:\/\/sites.ipleiria.pt\/cdtpopular\/files\/2021\/07\/danceconvention_website-225x300.png 225w, https:\/\/sites.ipleiria.pt\/cdtpopular\/files\/2021\/07\/danceconvention_website-768x1023.png 768w, https:\/\/sites.ipleiria.pt\/cdtpopular\/files\/2021\/07\/danceconvention_website.png 1068w\" sizes=\"auto, (max-width: 767px) 89vw, (max-width: 1000px) 54vw, (max-width: 1071px) 543px, 580px\" \/><\/a><\/figure>\n\n\n\n<div class=\"wp-block-columns is-layout-flex wp-container-core-columns-is-layout-1 wp-block-columns-is-layout-flex\">\n<div class=\"wp-block-column is-layout-flow wp-block-column-is-layout-flow\">\n<figure class=\"wp-block-image size-large\"><a href=\"https:\/\/www.ipleiria.pt\/esecs\/\"><img loading=\"lazy\" decoding=\"async\" width=\"1024\" height=\"283\" src=\"http:\/\/sites.ipleiria.pt\/cdtpopular\/files\/2021\/06\/esecs_horizontal-1024x283.png\" alt=\"\" class=\"wp-image-91\" srcset=\"https:\/\/sites.ipleiria.pt\/cdtpopular\/files\/2021\/06\/esecs_horizontal-1024x283.png 1024w, https:\/\/sites.ipleiria.pt\/cdtpopular\/files\/2021\/06\/esecs_horizontal-300x83.png 300w, https:\/\/sites.ipleiria.pt\/cdtpopular\/files\/2021\/06\/esecs_horizontal-768x212.png 768w, https:\/\/sites.ipleiria.pt\/cdtpopular\/files\/2021\/06\/esecs_horizontal-1536x424.png 1536w, https:\/\/sites.ipleiria.pt\/cdtpopular\/files\/2021\/06\/esecs_horizontal-2048x566.png 2048w\" sizes=\"auto, (max-width: 767px) 89vw, (max-width: 1000px) 54vw, (max-width: 1071px) 543px, 580px\" \/><\/a><\/figure>\n<\/div>\n\n\n\n<div class=\"wp-block-column is-layout-flow wp-block-column-is-layout-flow\">\n<figure class=\"wp-block-image size-large\"><a href=\"https:\/\/sites.ipleiria.pt\/pge\/\"><img loading=\"lazy\" decoding=\"async\" width=\"1024\" height=\"174\" src=\"https:\/\/sites.ipleiria.pt\/cdtpopular\/files\/2021\/07\/celga-e-dpda-juntos1-1-1024x174.png\" alt=\"\" class=\"wp-image-233\" srcset=\"https:\/\/sites.ipleiria.pt\/cdtpopular\/files\/2021\/07\/celga-e-dpda-juntos1-1-1024x174.png 1024w, https:\/\/sites.ipleiria.pt\/cdtpopular\/files\/2021\/07\/celga-e-dpda-juntos1-1-300x51.png 300w, https:\/\/sites.ipleiria.pt\/cdtpopular\/files\/2021\/07\/celga-e-dpda-juntos1-1-768x130.png 768w, https:\/\/sites.ipleiria.pt\/cdtpopular\/files\/2021\/07\/celga-e-dpda-juntos1-1.png 1073w\" sizes=\"auto, (max-width: 767px) 89vw, (max-width: 1000px) 54vw, (max-width: 1071px) 543px, 580px\" \/><\/a><\/figure>\n<\/div>\n\n\n\n<div class=\"wp-block-column is-layout-flow wp-block-column-is-layout-flow\">\n<figure class=\"wp-block-image size-large\"><a href=\"http:\/\/events.ipv.pt\/cidei\/\"><img loading=\"lazy\" decoding=\"async\" width=\"1024\" height=\"419\" src=\"http:\/\/sites.ipleiria.pt\/cdtpopular\/files\/2021\/06\/logotipo_letras-1-1024x419.png\" alt=\"\" class=\"wp-image-92\" srcset=\"https:\/\/sites.ipleiria.pt\/cdtpopular\/files\/2021\/06\/logotipo_letras-1-1024x419.png 1024w, https:\/\/sites.ipleiria.pt\/cdtpopular\/files\/2021\/06\/logotipo_letras-1-300x123.png 300w, https:\/\/sites.ipleiria.pt\/cdtpopular\/files\/2021\/06\/logotipo_letras-1-768x314.png 768w, https:\/\/sites.ipleiria.pt\/cdtpopular\/files\/2021\/06\/logotipo_letras-1-1536x628.png 1536w, https:\/\/sites.ipleiria.pt\/cdtpopular\/files\/2021\/06\/logotipo_letras-1-2048x838.png 2048w\" sizes=\"auto, (max-width: 767px) 89vw, (max-width: 1000px) 54vw, (max-width: 1071px) 543px, 580px\" \/><\/a><\/figure>\n<\/div>\n<\/div>\n\n\n\n<figure class=\"wp-block-image size-medium\"><a href=\"https:\/\/www.cieqv.pt\/\"><img loading=\"lazy\" decoding=\"async\" width=\"300\" height=\"66\" src=\"https:\/\/sites.ipleiria.pt\/cdtpopular\/files\/2021\/07\/LOGO_CIEQV_HOR_COM_ASSINATURA-300x66.jpg\" alt=\"\" class=\"wp-image-438\" srcset=\"https:\/\/sites.ipleiria.pt\/cdtpopular\/files\/2021\/07\/LOGO_CIEQV_HOR_COM_ASSINATURA-300x66.jpg 300w, https:\/\/sites.ipleiria.pt\/cdtpopular\/files\/2021\/07\/LOGO_CIEQV_HOR_COM_ASSINATURA-1024x225.jpg 1024w, https:\/\/sites.ipleiria.pt\/cdtpopular\/files\/2021\/07\/LOGO_CIEQV_HOR_COM_ASSINATURA-768x169.jpg 768w, https:\/\/sites.ipleiria.pt\/cdtpopular\/files\/2021\/07\/LOGO_CIEQV_HOR_COM_ASSINATURA.jpg 1043w\" sizes=\"auto, (max-width: 300px) 100vw, 300px\" \/><\/a><\/figure>\n\n\n\n<figure class=\"wp-block-image size-thumbnail\"><a href=\"https:\/\/sites.ipleiria.pt\/cdtpopular\/baile-dos-pastorinhos\/\"><img loading=\"lazy\" decoding=\"async\" width=\"150\" height=\"150\" src=\"https:\/\/sites.ipleiria.pt\/cdtpopular\/files\/2021\/06\/logo_anime_short_color-150x150.gif\" alt=\"\" class=\"wp-image-159\" srcset=\"https:\/\/sites.ipleiria.pt\/cdtpopular\/files\/2021\/06\/logo_anime_short_color-150x150.gif 150w, https:\/\/sites.ipleiria.pt\/cdtpopular\/files\/2021\/06\/logo_anime_short_color-300x300.gif 300w, https:\/\/sites.ipleiria.pt\/cdtpopular\/files\/2021\/06\/logo_anime_short_color-1024x1024.gif 1024w, https:\/\/sites.ipleiria.pt\/cdtpopular\/files\/2021\/06\/logo_anime_short_color-768x768.gif 768w\" sizes=\"auto, (max-width: 150px) 100vw, 150px\" \/><\/a><\/figure>\n","protected":false},"excerpt":{"rendered":"<p>Conven\u00e7\u00e3o Internacional de Dan\u00e7a Tradicional e PopularUma iniciativa da Associa\u00e7\u00e3o Folcl\u00f3rica da Regi\u00e3o de Leiria e Alta Estremadura e da ESECS-Polit\u00e9cnico de Leiria Esta conven\u00e7\u00e3o constitui um momento de reflex\u00e3o epistemol\u00f3gica sobre a dan\u00e7a tradicional e popular e apresenta-se como uma iniciativa de demarca\u00e7\u00e3o deste campo de estudos no nosso pa\u00eds. Pretende-se potenciar um espa\u00e7o &hellip; <\/p>\n<p class=\"link-more\"><a href=\"https:\/\/sites.ipleiria.pt\/cdtpopular\/\" class=\"more-link\">Continuar a ler <span class=\"screen-reader-text\">&#8220;Apresenta\u00e7\u00e3o | Presentation&#8221;<\/span><\/a><\/p>\n","protected":false},"author":5223,"featured_media":0,"parent":0,"menu_order":0,"comment_status":"closed","ping_status":"closed","template":"","meta":{"footnotes":""},"class_list":["post-11","page","type-page","status-publish","hentry"],"_links":{"self":[{"href":"https:\/\/sites.ipleiria.pt\/cdtpopular\/wp-json\/wp\/v2\/pages\/11","targetHints":{"allow":["GET"]}}],"collection":[{"href":"https:\/\/sites.ipleiria.pt\/cdtpopular\/wp-json\/wp\/v2\/pages"}],"about":[{"href":"https:\/\/sites.ipleiria.pt\/cdtpopular\/wp-json\/wp\/v2\/types\/page"}],"author":[{"embeddable":true,"href":"https:\/\/sites.ipleiria.pt\/cdtpopular\/wp-json\/wp\/v2\/users\/5223"}],"replies":[{"embeddable":true,"href":"https:\/\/sites.ipleiria.pt\/cdtpopular\/wp-json\/wp\/v2\/comments?post=11"}],"version-history":[{"count":38,"href":"https:\/\/sites.ipleiria.pt\/cdtpopular\/wp-json\/wp\/v2\/pages\/11\/revisions"}],"predecessor-version":[{"id":532,"href":"https:\/\/sites.ipleiria.pt\/cdtpopular\/wp-json\/wp\/v2\/pages\/11\/revisions\/532"}],"wp:attachment":[{"href":"https:\/\/sites.ipleiria.pt\/cdtpopular\/wp-json\/wp\/v2\/media?parent=11"}],"curies":[{"name":"wp","href":"https:\/\/api.w.org\/{rel}","templated":true}]}}