{"id":261,"date":"2021-07-07T08:00:23","date_gmt":"2021-07-07T08:00:23","guid":{"rendered":"https:\/\/sites.ipleiria.pt\/cdtpopular\/?page_id=261"},"modified":"2021-07-22T13:25:09","modified_gmt":"2021-07-22T13:25:09","slug":"acreditacao","status":"publish","type":"page","link":"https:\/\/sites.ipleiria.pt\/cdtpopular\/acreditacao\/","title":{"rendered":"Inscri\u00e7\u00e3o com acredita\u00e7\u00e3o"},"content":{"rendered":"\n<p>A inscri\u00e7\u00e3o e participa\u00e7\u00e3o em cada um dos dias do evento \u00e9 acreditada como a\u00e7\u00e3o de curta dura\u00e7\u00e3o para efeitos da progress\u00e3o na carreira dos docentes (Art. 8.\u00ba do RJFC) dos grupos 100, 110, 200, 210, 220, 240, 250, 260, 300, 400, 420 e 620. <\/p>\n\n\n\n<p>Consulte <a href=\"https:\/\/sites.ipleiria.pt\/cdtpopular\/objetivos-e-conteudos-da-acao-de-formacao-i\/\" data-type=\"page\" data-id=\"393\">aqui os objetivos e conte\u00fados das a\u00e7\u00f5es de forma\u00e7\u00e3o<\/a> dos dias 30 e 31 de julho de 2021.<\/p>\n\n\n\n<p><strong>A\u00e7\u00e3o I &#8211; sexta-feira, 30 de julho de 2021<\/strong><\/p>\n\n\n\n<p>O valor da inscri\u00e7\u00e3o corresponde a \u20ac5 e d\u00e1 acesso a:<br>&#8211; \u00e0s sess\u00f5es do primeiro dia de trabalho (presencialmente ou por videoconfer\u00eancia),<br>&#8211; ao material e documenta\u00e7\u00e3o total,<br>&#8211; ao certificado de presen\u00e7a (presencial ou online),<br>&#8211; \u00e0s pausas para caf\u00e9,<br>&#8211; \u00e0 acredita\u00e7\u00e3o.<br><br>Consulte <a href=\"https:\/\/sites.ipleiria.pt\/cdtpopular\/objetivos-e-conteudos-da-acao-de-formacao-i\/\" data-type=\"page\" data-id=\"393\">os objetivos e conte\u00fados da A\u00e7\u00e3o de forma\u00e7\u00e3o I<\/a>.<\/p>\n\n\n\n<p>O valor dever\u00e1 ser pago diretamente \u00e0 AFRLAE que enviar\u00e1 um email aos inscritos com toda a informa\u00e7\u00e3o. O pagamento dever\u00e1 ser concretizado at\u00e9 <strong>dois dias antes<\/strong> de cada forma\u00e7\u00e3o. Para mais informa\u00e7\u00f5es, contacte: info@afrlae.pt.<\/p>\n\n\n\n<p><\/p>\n\n\n\n<p><strong>A\u00e7\u00e3o II &#8211; s\u00e1bado, 31 de julho de 2021<\/strong><\/p>\n\n\n\n<p>O valor da inscri\u00e7\u00e3o corresponde a \u20ac15 e d\u00e1 acesso:<br>&#8211; \u00e0s sess\u00f5es do segundo dia de trabalho (<strong>presencialmente)<\/strong>,<br>&#8211; ao material e documenta\u00e7\u00e3o total,<br>&#8211; ao certificado de presen\u00e7a (<strong>presencial<\/strong>),<br>&#8211; \u00e0s pausas para caf\u00e9,<br>&#8211; ao almo\u00e7o de s\u00e1bado,<br>&#8211; ao\u00a0<a href=\"https:\/\/sites.ipleiria.pt\/cdtpopular\/baile-dos-pastorinhos\/\">Baile tradicional\/ Oficina de dan\u00e7a com m\u00fasica ao vivo<\/a>,<br>&#8211; \u00e0 acredita\u00e7\u00e3o.<\/p>\n\n\n\n<p>O valor da inscri\u00e7\u00e3o corresponde a \u20ac5 e d\u00e1 acesso:<br>&#8211; \u00e0s sess\u00f5es do segundo dia de trabalho (<strong>por videoconfer\u00eancia<\/strong>),<br>&#8211; ao material e documenta\u00e7\u00e3o total,<br>&#8211; ao certificado de presen\u00e7a (<strong>online<\/strong>),<br>&#8211; ao\u00a0<a href=\"https:\/\/sites.ipleiria.pt\/cdtpopular\/baile-dos-pastorinhos\/\">Baile tradicional\/ Oficina de dan\u00e7a com m\u00fasica ao vivo<\/a>,<br>&#8211; \u00e0 acredita\u00e7\u00e3o.<\/p>\n\n\n\n<p>O valor dever\u00e1 ser pago diretamente \u00e0 AFRLAE que enviar\u00e1 um email aos inscritos com toda a informa\u00e7\u00e3o. O pagamento dever\u00e1 ser concretizado at\u00e9 <strong><span style=\"text-decoration: underline\">dois dias antes<\/span><\/strong> de cada forma\u00e7\u00e3o. Para mais informa\u00e7\u00f5es, contacte: info@afrlae.pt.<\/p>\n\n\n\n<p class=\"has-black-color has-cyan-bluish-gray-background-color has-text-color has-background\">Para realizar a sua inscri\u00e7\u00e3o, <a rel=\"noreferrer noopener\" href=\"https:\/\/docs.google.com\/forms\/d\/e\/1FAIpQLSckQ3yoFly60gstmeCvyXUhGWy8_Ty3sIYZY9DKCD9jTgqYmg\/viewform?usp=pp_url\" data-type=\"URL\" data-id=\"https:\/\/docs.google.com\/forms\/d\/e\/1FAIpQLSckQ3yoFly60gstmeCvyXUhGWy8_Ty3sIYZY9DKCD9jTgqYmg\/viewform?usp=pp_url\" target=\"_blank\">clique aqui e aceda ao formul\u00e1rio<\/a>.<\/p>\n\n\n\n<p><\/p>\n\n\n\n<p><strong>Contacto<\/strong><\/p>\n\n\n\n<p><span style=\"text-decoration: underline\">Helena Rebelo<\/span><br>Gabinete de Apoio \u00e0 Forma\u00e7\u00e3o e Projetos da ESECS-Polit\u00e9cnico de Leiria <br>Email: formacao.continua.esecs@ipleiria.pt <br>Telefone: (+351) 244 829 400 (Ext. 100 156)<\/p>\n\n\n\n<p><\/p>\n\n\n\n<p><strong>Termos e condi\u00e7\u00f5es<\/strong><\/p>\n\n\n\n<p>O cancelamento de inscri\u00e7\u00f5es implica a perda total do valor da taxa de inscri\u00e7\u00e3o, n\u00e3o havendo lugar a reembolsos.<\/p>\n","protected":false},"excerpt":{"rendered":"<p>A inscri\u00e7\u00e3o e participa\u00e7\u00e3o em cada um dos dias do evento \u00e9 acreditada como a\u00e7\u00e3o de curta dura\u00e7\u00e3o para efeitos da progress\u00e3o na carreira dos docentes (Art. 8.\u00ba do RJFC) dos grupos 100, 110, 200, 210, 220, 240, 250, 260, 300, 400, 420 e 620. Consulte aqui os objetivos e conte\u00fados das a\u00e7\u00f5es de forma\u00e7\u00e3o &hellip; <\/p>\n<p class=\"link-more\"><a href=\"https:\/\/sites.ipleiria.pt\/cdtpopular\/acreditacao\/\" class=\"more-link\">Continuar a ler <span class=\"screen-reader-text\">&#8220;Inscri\u00e7\u00e3o com acredita\u00e7\u00e3o&#8221;<\/span><\/a><\/p>\n","protected":false},"author":3183,"featured_media":0,"parent":0,"menu_order":0,"comment_status":"closed","ping_status":"closed","template":"","meta":{"footnotes":""},"class_list":["post-261","page","type-page","status-publish","hentry"],"_links":{"self":[{"href":"https:\/\/sites.ipleiria.pt\/cdtpopular\/wp-json\/wp\/v2\/pages\/261","targetHints":{"allow":["GET"]}}],"collection":[{"href":"https:\/\/sites.ipleiria.pt\/cdtpopular\/wp-json\/wp\/v2\/pages"}],"about":[{"href":"https:\/\/sites.ipleiria.pt\/cdtpopular\/wp-json\/wp\/v2\/types\/page"}],"author":[{"embeddable":true,"href":"https:\/\/sites.ipleiria.pt\/cdtpopular\/wp-json\/wp\/v2\/users\/3183"}],"replies":[{"embeddable":true,"href":"https:\/\/sites.ipleiria.pt\/cdtpopular\/wp-json\/wp\/v2\/comments?post=261"}],"version-history":[{"count":15,"href":"https:\/\/sites.ipleiria.pt\/cdtpopular\/wp-json\/wp\/v2\/pages\/261\/revisions"}],"predecessor-version":[{"id":452,"href":"https:\/\/sites.ipleiria.pt\/cdtpopular\/wp-json\/wp\/v2\/pages\/261\/revisions\/452"}],"wp:attachment":[{"href":"https:\/\/sites.ipleiria.pt\/cdtpopular\/wp-json\/wp\/v2\/media?parent=261"}],"curies":[{"name":"wp","href":"https:\/\/api.w.org\/{rel}","templated":true}]}}