{"id":426,"date":"2021-07-21T11:03:46","date_gmt":"2021-07-21T11:03:46","guid":{"rendered":"https:\/\/sites.ipleiria.pt\/cdtpopular\/?page_id=426"},"modified":"2021-07-21T11:14:25","modified_gmt":"2021-07-21T11:14:25","slug":"baile-dos-pastorinhos","status":"publish","type":"page","link":"https:\/\/sites.ipleiria.pt\/cdtpopular\/baile-dos-pastorinhos\/","title":{"rendered":"Baile dos Pastorinhos"},"content":{"rendered":"\n<figure class=\"wp-block-image size-large\"><a href=\"https:\/\/sites.ipleiria.pt\/cdtpopular\/files\/2021\/07\/desdobravel_bp_in.png\"><img loading=\"lazy\" decoding=\"async\" width=\"1024\" height=\"475\" src=\"https:\/\/sites.ipleiria.pt\/cdtpopular\/files\/2021\/07\/desdobravel_bp_in-1024x475.png\" alt=\"\" class=\"wp-image-430\" srcset=\"https:\/\/sites.ipleiria.pt\/cdtpopular\/files\/2021\/07\/desdobravel_bp_in-1024x475.png 1024w, https:\/\/sites.ipleiria.pt\/cdtpopular\/files\/2021\/07\/desdobravel_bp_in-300x139.png 300w, https:\/\/sites.ipleiria.pt\/cdtpopular\/files\/2021\/07\/desdobravel_bp_in-768x356.png 768w, https:\/\/sites.ipleiria.pt\/cdtpopular\/files\/2021\/07\/desdobravel_bp_in-1536x712.png 1536w, https:\/\/sites.ipleiria.pt\/cdtpopular\/files\/2021\/07\/desdobravel_bp_in.png 1604w\" sizes=\"auto, (max-width: 767px) 89vw, (max-width: 1000px) 54vw, (max-width: 1071px) 543px, 580px\" \/><\/a><\/figure>\n\n\n\n<p>O projeto <strong>Baile dos Pastorinhos<\/strong> centra-se na promo\u00e7\u00e3o e estudo das dan\u00e7as tradicionais da Alta Estremadura com especial foco no p\u00fablico infanto-juvenil em idade pr\u00e9-escolar e escolar, em formato de Baile Comunit\u00e1rio podendo envolver a demais comunidade educativa (com forma\u00e7\u00e3o creditada para professores e oficinas pedag\u00f3gicas &#8211; tamb\u00e9m creditadas &#8211; para educadores, animadores e professores).<\/p>\n\n\n\n<blockquote class=\"wp-block-quote has-text-align-right is-style-default is-layout-flow wp-block-quote-is-layout-flow\"><p>&#8220;Focado nas pessoas e na sua cultura, no regresso ao tradicional baile popular, no encontro das ra\u00edzes e no reencontro da express\u00e3o do passado com as pessoas do presente. A dan\u00e7a em roda de m\u00e3os dadas e olhos nos olhos \u00e9 onde o corpo se move em conjunto com a alma de cada um e de todos. Bailar de novo no terreiro cria a oportunidade para a promo\u00e7\u00e3o da identidade e do bem-estar de toda a comunidade e na atualiza\u00e7\u00e3o das suas ra\u00edzes culturais. Dan\u00e7ar em grupo permite desenvolver o auto-conceito e a valoriza\u00e7\u00e3o da diferen\u00e7a construindo pontes de toler\u00e2ncia e uma estrutura sociocultural desenvolvida com refor\u00e7o do capital humano.&#8221; <br>Marisa Barroso<\/p><\/blockquote>\n\n\n\n<p>No segundo dia da <a href=\"https:\/\/sites.ipleiria.pt\/cdtpopular\/\" data-type=\"page\" data-id=\"11\">Conven\u00e7\u00e3o Internacional de Dan\u00e7a Tradicional e Popular<\/a> haver\u00e1 um <strong>Baile tradicional<\/strong> com o <a href=\"https:\/\/www.facebook.com\/AIREtrad\" data-type=\"URL\" data-id=\"https:\/\/www.facebook.com\/AIREtrad\" target=\"_blank\" rel=\"noreferrer noopener\">grupo AIRE<\/a> ao vivo, tendo como monitora de dan\u00e7a a Professora Marisa Barroso.<\/p>\n\n\n\n<p>Est\u00e3o todos convidados \u00e0 participa\u00e7\u00e3o activa e dedicada, sejam folcloristas, entusiastas ou p\u00fablico em geral.<\/p>\n\n\n\n<figure class=\"wp-block-image size-large\"><img loading=\"lazy\" decoding=\"async\" width=\"754\" height=\"331\" src=\"http:\/\/sites.ipleiria.pt\/cdtpopular\/files\/2021\/06\/banner-BP2.jpg\" alt=\"\" class=\"wp-image-162\" srcset=\"https:\/\/sites.ipleiria.pt\/cdtpopular\/files\/2021\/06\/banner-BP2.jpg 754w, https:\/\/sites.ipleiria.pt\/cdtpopular\/files\/2021\/06\/banner-BP2-300x132.jpg 300w, https:\/\/sites.ipleiria.pt\/cdtpopular\/files\/2021\/06\/banner-BP2-500x219.jpg 500w\" sizes=\"auto, (max-width: 706px) 89vw, (max-width: 767px) 82vw, 740px\" \/><\/figure>\n","protected":false},"excerpt":{"rendered":"<p>O projeto Baile dos Pastorinhos centra-se na promo\u00e7\u00e3o e estudo das dan\u00e7as tradicionais da Alta Estremadura com especial foco no p\u00fablico infanto-juvenil em idade pr\u00e9-escolar e escolar, em formato de Baile Comunit\u00e1rio podendo envolver a demais comunidade educativa (com forma\u00e7\u00e3o creditada para professores e oficinas pedag\u00f3gicas &#8211; tamb\u00e9m creditadas &#8211; para educadores, animadores e professores). &hellip; <\/p>\n<p class=\"link-more\"><a href=\"https:\/\/sites.ipleiria.pt\/cdtpopular\/baile-dos-pastorinhos\/\" class=\"more-link\">Continuar a ler <span class=\"screen-reader-text\">&#8220;Baile dos Pastorinhos&#8221;<\/span><\/a><\/p>\n","protected":false},"author":3183,"featured_media":0,"parent":0,"menu_order":0,"comment_status":"closed","ping_status":"closed","template":"","meta":{"footnotes":""},"class_list":["post-426","page","type-page","status-publish","hentry"],"_links":{"self":[{"href":"https:\/\/sites.ipleiria.pt\/cdtpopular\/wp-json\/wp\/v2\/pages\/426","targetHints":{"allow":["GET"]}}],"collection":[{"href":"https:\/\/sites.ipleiria.pt\/cdtpopular\/wp-json\/wp\/v2\/pages"}],"about":[{"href":"https:\/\/sites.ipleiria.pt\/cdtpopular\/wp-json\/wp\/v2\/types\/page"}],"author":[{"embeddable":true,"href":"https:\/\/sites.ipleiria.pt\/cdtpopular\/wp-json\/wp\/v2\/users\/3183"}],"replies":[{"embeddable":true,"href":"https:\/\/sites.ipleiria.pt\/cdtpopular\/wp-json\/wp\/v2\/comments?post=426"}],"version-history":[{"count":4,"href":"https:\/\/sites.ipleiria.pt\/cdtpopular\/wp-json\/wp\/v2\/pages\/426\/revisions"}],"predecessor-version":[{"id":431,"href":"https:\/\/sites.ipleiria.pt\/cdtpopular\/wp-json\/wp\/v2\/pages\/426\/revisions\/431"}],"wp:attachment":[{"href":"https:\/\/sites.ipleiria.pt\/cdtpopular\/wp-json\/wp\/v2\/media?parent=426"}],"curies":[{"name":"wp","href":"https:\/\/api.w.org\/{rel}","templated":true}]}}