{"id":454,"date":"2021-07-22T13:27:58","date_gmt":"2021-07-22T13:27:58","guid":{"rendered":"https:\/\/sites.ipleiria.pt\/cdtpopular\/?page_id=454"},"modified":"2021-07-27T16:22:41","modified_gmt":"2021-07-27T16:22:41","slug":"programa-detalhado-complete-programme","status":"publish","type":"page","link":"https:\/\/sites.ipleiria.pt\/cdtpopular\/programa-detalhado-complete-programme\/","title":{"rendered":"Programa detalhado"},"content":{"rendered":"\n<p><em>(Read <a href=\"https:\/\/sites.ipleiria.pt\/cdtpopular\/complete-programme\/\" data-type=\"page\" data-id=\"475\">the English version here<\/a>.)<\/em><\/p>\n\n\n\n<h2 class=\"wp-block-heading\"><strong>Dia 30 de&nbsp;julho 2021<\/strong><br>Audit\u00f3rio 1, <a href=\"https:\/\/www.facebook.com\/ESECS.IPLeiria.Oficial\" data-type=\"URL\" data-id=\"https:\/\/www.facebook.com\/ESECS.IPLeiria.Oficial\" target=\"_blank\" rel=\"noreferrer noopener\">ESECS &#8211; Polit\u00e9cnico de Leiria<\/a>, Leiria&nbsp;(ou online)<\/h2>\n\n\n\n<p><strong>09:30&nbsp;<\/strong>&nbsp;<br>Sess\u00e3o de Abertura Com Dan\u00e7a&nbsp;<br>Mesa de Abertura&nbsp;<\/p>\n\n\n\n<p>Comunica\u00e7\u00e3o Plen\u00e1ria:&nbsp;&nbsp;<br><strong><a href=\"https:\/\/sites.ipleiria.pt\/cdtpopular\/convidados\/\" data-type=\"page\" data-id=\"112\">Maurizio&nbsp;Padovan<\/a><\/strong> &#8211; <em>DOS ALPES AO MINHO<\/em>. <em>Identidades culturais e repert\u00f3rios&nbsp;etnocoreuticos: an\u00e1lise, documenta\u00e7\u00e3o e transcri\u00e7\u00e3o<\/em>&nbsp;<br><em>Modera\u00e7\u00e3o: <strong><a href=\"https:\/\/sites.ipleiria.pt\/cdtpopular\/comissao-cientifica\/\" data-type=\"page\" data-id=\"169\">Vera Amorim<\/a><\/strong><\/em><\/p>\n\n\n\n<p><strong>10:15<\/strong><br>Pausa para Caf\u00e9&nbsp;<\/p>\n\n\n\n<p><strong>10:45<\/strong><br>Painel de comunica\u00e7\u00f5es:<strong>&nbsp;<\/strong><br><strong><em>A nota\u00e7\u00e3o da Dan\u00e7a Tradicional e Popular<\/em><\/strong>&nbsp;&nbsp;<\/p>\n\n\n\n<ul class=\"wp-block-list\"><li><strong><a href=\"https:\/\/sites.ipleiria.pt\/cdtpopular\/convidados\/\" data-type=\"page\" data-id=\"112\">Lu\u00eds Monteiro &amp; Helena Queir\u00f3s<\/a>\u00a0&#8211;\u00a0<\/strong><em>&#8220;Contradan\u00e7as e Quadrilhas Durienses&#8221;: um livro, um projeto do\u00a0N\u00facleo de Etnografia e Folclore da Universidade do Porto (NEFUP)<\/em><\/li><li><strong><a href=\"https:\/\/sites.ipleiria.pt\/cdtpopular\/convidados\/\" data-type=\"page\" data-id=\"112\">S\u00e9rgio\u00a0Cobos<\/a>\u00a0&#8211;\u00a0<\/strong><em><em>&#8220;BAILEGRAMAS&#8221;: nota\u00e7\u00e3o para dan\u00e7a tradicional<\/em> galega<\/em>\u00a0<\/li><li><strong><a href=\"https:\/\/sites.ipleiria.pt\/cdtpopular\/convidados\/\" data-type=\"page\" data-id=\"112\">Isabel Monteiro<\/a>\u00a0&#8211;\u00a0<\/strong><em>A escrita das\u00a0Dan\u00e7as Escocesas<\/em>\u00a0<\/li><li><strong><a href=\"https:\/\/sites.ipleiria.pt\/cdtpopular\/convidados\/\" data-type=\"page\" data-id=\"112\">Joana Ferreira<\/a>\u00a0&#8211;\u00a0<\/strong><em>Dan\u00e7as escocesas: tradi\u00e7\u00e3o e renova\u00e7\u00e3o. O papel da RSCDS (Real Sociedade de Dan\u00e7a Escocesa)<\/em>\u00a0<\/li><li><em>Modera\u00e7\u00e3o:\u00a0<em><strong><a href=\"https:\/\/sites.ipleiria.pt\/cdtpopular\/comissao-cientifica\/\">Vera Amorim<\/a><\/strong><\/em><\/em><\/li><\/ul>\n\n\n\n<p><strong>11:30<\/strong>&nbsp;&nbsp;<br>Debate conjunto&nbsp;&nbsp;<\/p>\n\n\n\n<p><strong>12:00<\/strong>&nbsp;&nbsp;<br>Almo\u00e7o&nbsp;&amp;&nbsp;Convite Para Dan\u00e7ar&nbsp;<\/p>\n\n\n\n<p><strong>14:00&nbsp;<\/strong>&nbsp;<br>Painel de comunica\u00e7\u00f5es:&nbsp;<br><strong><em>Investiga\u00e7\u00e3o em Dan\u00e7a Tradicional e Popular&nbsp;e Forma\u00e7\u00e3o de professores<\/em><\/strong>&nbsp;<\/p>\n\n\n\n<ul class=\"wp-block-list\"><li><strong><a href=\"https:\/\/sites.ipleiria.pt\/cdtpopular\/convidados\/\" data-type=\"page\" data-id=\"112\">Domingos\u00a0Valeski\u00a0Jr.<\/a>\u00a0&#8211;\u00a0<\/strong><em>Dan\u00e7as tradicionais e populares brasileiras para a forma\u00e7\u00e3o de professores da educa\u00e7\u00e3o b\u00e1sica<\/em>\u00a0<\/li><li><strong><a href=\"https:\/\/sites.ipleiria.pt\/cdtpopular\/convidados\/\" data-type=\"page\" data-id=\"112\">H\u00e9lder Mesquita\u00a0<em>em nome de<\/em>\u00a0Fernando Vieira,\u00a0Bruno Pereira; Catarina Ruivo; H\u00e9lder Mesquita; Lu\u00eds Paix\u00e3o; Mark Ribeiro e Manuel Pereira<\/a> &#8211;\u00a0<\/strong><em>O Ensino da Dan\u00e7a no contexto da Forma\u00e7\u00e3o de Professores de Educa\u00e7\u00e3o F\u00edsica<\/em>\u00a0<\/li><li><strong><a href=\"https:\/\/sites.ipleiria.pt\/cdtpopular\/convidados\/\" data-type=\"page\" data-id=\"112\">Fernando Vieira<\/a>\u00a0&#8211;\u00a0<\/strong><em>As Orienta\u00e7\u00f5es Educacionais dos Professores de Educa\u00e7\u00e3o F\u00edsica e a Oferta Formativa em diferentes formas de Dan\u00e7a<\/em>\u00a0<\/li><li><strong><a href=\"https:\/\/sites.ipleiria.pt\/cdtpopular\/convidados\/\" data-type=\"page\" data-id=\"112\">Rita\u00a0F\u00e1tima\u00a0Alves &amp; M\u00f4nica\u00a0Ferreira\u00a0Luquett\u00a0<\/a>&#8211;\u00a0<\/strong><em>Constru\u00e7\u00e3o de conhecimentos a partir da valoriza\u00e7\u00e3o dos conte\u00fados das culturas populares nos espa\u00e7os de educa\u00e7\u00e3o e arte<\/em><\/li><li><em>Modera\u00e7\u00e3o: a confirmar <\/em><\/li><\/ul>\n\n\n\n<p><strong>14:45<\/strong>&nbsp;&nbsp;<br>Debate conjunto&nbsp;&nbsp;<\/p>\n\n\n\n<p><strong>15:30<\/strong>&nbsp;&nbsp;<br>Pausa para Caf\u00e9&nbsp;<\/p>\n\n\n\n<p><strong>16:00&nbsp;<\/strong>&nbsp;<br>Apresenta\u00e7\u00e3o dos temas da monografia \u00abDan\u00e7as de Porto de M\u00f3s\u00bb<br><strong>Marisa Barroso,&nbsp;Marta&nbsp;Filipe&nbsp;Alexandre&nbsp;e&nbsp;Sandrina Milhano<\/strong>&nbsp;<\/p>\n\n\n\n<h2 class=\"wp-block-heading\"><strong>Dia&nbsp;31&nbsp;de&nbsp;julho 2021<\/strong><br><a rel=\"noreferrer noopener\" href=\"https:\/\/www.facebook.com\/centroalvorge\/\" target=\"_blank\">Centro Social e Recreativo de&nbsp;Alvorge<\/a>,&nbsp;Alvorge, Ansi\u00e3o&nbsp;(ou online)<\/h2>\n\n\n\n<p><strong>09:30&nbsp;<\/strong>&nbsp;<br>Mesa de Abertura&nbsp;&nbsp;<\/p>\n\n\n\n<p>Comunica\u00e7\u00e3o Plen\u00e1ria:&nbsp;&nbsp;<br><strong>Ana Rita Leit\u00e3o,&nbsp;Marisa&nbsp;Barroso&nbsp;&amp; Sandrina&nbsp;Milhano&nbsp;&#8211;&nbsp;<\/strong><em>Projeto Baile dos Pastorinhos<\/em>&nbsp;<\/p>\n\n\n\n<p><em>Modera\u00e7\u00e3o:&nbsp;<strong><a href=\"https:\/\/sites.ipleiria.pt\/cdtpopular\/convidados\/\" data-type=\"page\" data-id=\"112\">Samuel Rego<\/a><\/strong><\/em><\/p>\n\n\n\n<p><strong>10:15<\/strong>&nbsp;&nbsp;<br>Pausa para Caf\u00e9&nbsp;<\/p>\n\n\n\n<p><strong>10:45<\/strong>&nbsp;&nbsp;<br>Painel de comunica\u00e7\u00f5es:<strong>&nbsp;<\/strong><br><strong><em>Did\u00e1tica da Educa\u00e7\u00e3o Est\u00e9tico-Art\u00edstica&nbsp;<\/em><\/strong>&nbsp;<\/p>\n\n\n\n<ul class=\"wp-block-list\"><li><strong><a href=\"https:\/\/sites.ipleiria.pt\/cdtpopular\/convidados\/\" data-type=\"page\" data-id=\"112\">Mercedes&nbsp;Prieto<\/a>&nbsp;&#8211;<\/strong>&nbsp;<em>Bailomundo: o ensino da dan\u00e7a tradicional internacional em escolas da Galiza<\/em>&nbsp;<\/li><li><strong><a href=\"https:\/\/sites.ipleiria.pt\/cdtpopular\/convidados\/\" data-type=\"page\" data-id=\"112\">Jo\u00e3o Fernandes<\/a>&nbsp;&#8211;&nbsp;<\/strong><em>Entre a cria\u00e7\u00e3o e a tradi\u00e7\u00e3o &#8211; a heran\u00e7a cultural e a sua express\u00e3o art\u00edstica<\/em><\/li><li><strong><a href=\"https:\/\/sites.ipleiria.pt\/cdtpopular\/convidados\/\" data-type=\"page\" data-id=\"112\">Nicola&nbsp;Brichenti&nbsp;e Andrea&nbsp;Capezzuolli<\/a>&nbsp;&#8211;&nbsp;<\/strong><em>A comunica\u00e7\u00e3o entre dan\u00e7a e m\u00fasica<\/em>&nbsp;<\/li><li><em>Modera\u00e7\u00e3o: <em><a href=\"https:\/\/sites.ipleiria.pt\/cdtpopular\/comissao-cientifica\/\" data-type=\"page\" data-id=\"169\"><strong>Jaime Ricardo Gouveia<\/strong><\/a><\/em><\/em><\/li><\/ul>\n\n\n\n<p><strong>11:30<\/strong>&nbsp;&nbsp;<br>Debate conjunto&nbsp;&nbsp;<\/p>\n\n\n\n<p><strong>12:00<\/strong>&nbsp;&nbsp;<br>Almo\u00e7o&nbsp;&amp;&nbsp;Convite Para Dan\u00e7ar&nbsp;<\/p>\n\n\n\n<p><strong>14:00&nbsp;<\/strong>&nbsp;<br>Painel de comunica\u00e7\u00f5es:&nbsp;<br><strong><em>Reflex\u00f5es sobre a m\u00fasica&nbsp;e&nbsp;a literatura em torno da dan\u00e7a tradicional e popular<\/em><\/strong>&nbsp;<\/p>\n\n\n\n<ul class=\"wp-block-list\"><li><strong><a href=\"https:\/\/sites.ipleiria.pt\/cdtpopular\/convidados\/\" data-type=\"page\" data-id=\"112\">Lola&nbsp;(Eleonora Gabriel)<\/a>&nbsp;&#8211;&nbsp;<\/strong><em>Dan\u00e7as populares bailando em mil poesias na roda do mundo. Mestras e mestres em um encontro de saberes e cria\u00e7\u00e3o art\u00edstica na Universidade brasileira<\/em>&nbsp;<\/li><li><strong><a href=\"https:\/\/sites.ipleiria.pt\/cdtpopular\/convidados\/\" data-type=\"page\" data-id=\"112\">Margarita&nbsp;Correia<\/a>&nbsp;&#8211;&nbsp;<\/strong><em>Que nos contam as can\u00e7\u00f5es populares?<\/em>&nbsp;<\/li><li><strong><a href=\"https:\/\/sites.ipleiria.pt\/cdtpopular\/convidados\/\" data-type=\"page\" data-id=\"112\">Tiago Pereira<\/a>&nbsp;&#8211;<\/strong>&nbsp;<em>O que \u00e9 isto da dan\u00e7a?<\/em>&nbsp;<\/li><li><strong><a href=\"https:\/\/sites.ipleiria.pt\/cdtpopular\/convidados\/\" data-type=\"page\" data-id=\"112\">Carla Raposeira<\/a>&nbsp;&#8211;&nbsp;<\/strong><em>Funda\u00e7\u00e3o INATEL: Estrat\u00e9gias e Interven\u00e7\u00f5es na Promo\u00e7\u00e3o do Patrim\u00f3nio Cultural<\/em>&nbsp;<\/li><li><em>Modera\u00e7\u00e3o: <a href=\"https:\/\/sites.ipleiria.pt\/cdtpopular\/comissao-cientifica\/\" data-type=\"page\" data-id=\"169\"><strong>Fernando Magalh\u00e3es<\/strong><\/a><\/em><\/li><\/ul>\n\n\n\n<p><strong>14:45<\/strong>&nbsp;&nbsp;<br>Debate conjunto&nbsp;&nbsp;<\/p>\n\n\n\n<p><strong>15:30<\/strong>&nbsp;&nbsp;<br>Pausa para Caf\u00e9&nbsp;<\/p>\n\n\n\n<p><strong>16:00&nbsp;<\/strong>&nbsp;<br><a href=\"https:\/\/sites.ipleiria.pt\/cdtpopular\/baile-dos-pastorinhos\/\" data-type=\"page\" data-id=\"426\">Baile tradicional \/ oficina de dan\u00e7a com m\u00fasica ao vivo &#8211; <strong>Grupo AIRE<\/strong><\/a>&nbsp;<\/p>\n","protected":false},"excerpt":{"rendered":"<p>(Read the English version here.) Dia 30 de&nbsp;julho 2021Audit\u00f3rio 1, ESECS &#8211; Polit\u00e9cnico de Leiria, Leiria&nbsp;(ou online) 09:30&nbsp;&nbsp;Sess\u00e3o de Abertura Com Dan\u00e7a&nbsp;Mesa de Abertura&nbsp; Comunica\u00e7\u00e3o Plen\u00e1ria:&nbsp;&nbsp;Maurizio&nbsp;Padovan &#8211; DOS ALPES AO MINHO. Identidades culturais e repert\u00f3rios&nbsp;etnocoreuticos: an\u00e1lise, documenta\u00e7\u00e3o e transcri\u00e7\u00e3o&nbsp;Modera\u00e7\u00e3o: Vera Amorim 10:15Pausa para Caf\u00e9&nbsp; 10:45Painel de comunica\u00e7\u00f5es:&nbsp;A nota\u00e7\u00e3o da Dan\u00e7a Tradicional e Popular&nbsp;&nbsp; Lu\u00eds Monteiro &hellip; <\/p>\n<p class=\"link-more\"><a href=\"https:\/\/sites.ipleiria.pt\/cdtpopular\/programa-detalhado-complete-programme\/\" class=\"more-link\">Continuar a ler <span class=\"screen-reader-text\">&#8220;Programa detalhado&#8221;<\/span><\/a><\/p>\n","protected":false},"author":3183,"featured_media":0,"parent":0,"menu_order":0,"comment_status":"closed","ping_status":"closed","template":"","meta":{"footnotes":""},"class_list":["post-454","page","type-page","status-publish","hentry"],"_links":{"self":[{"href":"https:\/\/sites.ipleiria.pt\/cdtpopular\/wp-json\/wp\/v2\/pages\/454","targetHints":{"allow":["GET"]}}],"collection":[{"href":"https:\/\/sites.ipleiria.pt\/cdtpopular\/wp-json\/wp\/v2\/pages"}],"about":[{"href":"https:\/\/sites.ipleiria.pt\/cdtpopular\/wp-json\/wp\/v2\/types\/page"}],"author":[{"embeddable":true,"href":"https:\/\/sites.ipleiria.pt\/cdtpopular\/wp-json\/wp\/v2\/users\/3183"}],"replies":[{"embeddable":true,"href":"https:\/\/sites.ipleiria.pt\/cdtpopular\/wp-json\/wp\/v2\/comments?post=454"}],"version-history":[{"count":26,"href":"https:\/\/sites.ipleiria.pt\/cdtpopular\/wp-json\/wp\/v2\/pages\/454\/revisions"}],"predecessor-version":[{"id":533,"href":"https:\/\/sites.ipleiria.pt\/cdtpopular\/wp-json\/wp\/v2\/pages\/454\/revisions\/533"}],"wp:attachment":[{"href":"https:\/\/sites.ipleiria.pt\/cdtpopular\/wp-json\/wp\/v2\/media?parent=454"}],"curies":[{"name":"wp","href":"https:\/\/api.w.org\/{rel}","templated":true}]}}