{"id":20,"date":"2022-01-06T11:35:06","date_gmt":"2022-01-06T11:35:06","guid":{"rendered":"https:\/\/sites.ipleiria.pt\/ceai2022\/?page_id=20"},"modified":"2022-02-04T11:23:11","modified_gmt":"2022-02-04T11:23:11","slug":"organizacao","status":"publish","type":"page","link":"https:\/\/sites.ipleiria.pt\/ceai2022\/organizacao\/","title":{"rendered":"Comiss\u00f5es"},"content":{"rendered":"<p><strong>Comiss\u00e3o Organizadora<br \/>\n<\/strong>Jenny Sousa (ESECS, Polit\u00e9cnico de Leiria, CICS.NOVA-iACT, CI&amp;DEI,)<br \/>\nMaria Jo\u00e3o Santos (ESECS, Polit\u00e9cnico de Leiria, CI&amp;DEI )<br \/>\nL\u00facia Magueta (ESECS, Polit\u00e9cnico de Leiria, CI&amp;DEI)<br \/>\nMaria de S\u00e3o Pedro Lopes (ESECS, Polit\u00e9cnico de Leiria, CI&amp;DEI)<br \/>\nLeonel Brites (ESECS, Polit\u00e9cnico de Leiria, CEIS20 \u2013 Centro de Estudos Interdisciplinares do S\u00e9culo XX, Universidade de Coimbra, N\u00facleo de Investiga\u00e7\u00e3o Tipogr\u00e1fica \u2013 ID+, Instituto de Investiga\u00e7\u00e3o em Design, Media e Cultura)<\/p>\n<p>&nbsp;<\/p>\n<p><strong>Comiss\u00e3o Cient\u00edfica<br \/>\n<\/strong>Ana M\u00aa Porto Castro (Departamento de Pedagogia e Did\u00e1tica \u2013 Faculdade de Ci\u00eancias da Educa\u00e7\u00e3o da Universidade de Santiago de Compostela)<br \/>\nAnt\u00f3nia Barreto (ESECS \u2013 Instituto Polit\u00e9cnico de Leiria)<br \/>\nCarla Freire (ESECS \u2013 Instituto Polit\u00e9cnico de Leiria)<br \/>\nCatarina Mangas (ESECS \u2013 Instituto Polit\u00e9cnico de Leiria)<br \/>\nCatarina Menezes (ESECS \u2013 Instituto Polit\u00e9cnico de Leiria)<br \/>\nCristina Vieira (Faculdade de Psicologia e de Ci\u00eancias da Educa\u00e7\u00e3o da Universidade de Coimbra)<br \/>\nDaniel Rijo (Faculdade de Psicologia e Ci\u00eancias da Educa\u00e7\u00e3o da Universidade de Coimbra )<br \/>\nDina Alves (ESECS \u2013 Instituto Polit\u00e9cnico de Leiria)<br \/>\nEliana Perez (Universidade do FEEVALLE \u2013 Brasil)<br \/>\nEva Navarro (Universidade de Valladolid)<br \/>\nFernando Magalh\u00e3es (ESECS -Instituto Polit\u00e9cnico de Leiria)<br \/>\nGra\u00e7a Seco (ESECS -Instituto Polit\u00e9cnico de Leiria)<br \/>\nHugo Menino (ESECS \u2013 Instituto Polit\u00e9cnico de Leiria)<br \/>\nItahisa Perez (Universidade Laguna)<br \/>\nJenny Sousa (ESECS \u2013 Instituto Polit\u00e9cnico de Leiria)<br \/>\nJorge Varela (ESECS \u2013 Instituto Polit\u00e9cnico de Leiria)<br \/>\nJos\u00e9 Vicente (ESECS \u2013 Instituto Polit\u00e9cnico de Leiria)<br \/>\nLeonel Brites (ESECS \u2013 Instituto Polit\u00e9cnico de Leiria)<br \/>\nL\u00facia Magueta (ESECS \u2013 Instituto Polit\u00e9cnico de Leiria)<br \/>\nMaria de S\u00e3o Pedro Lopes (ESECS \u2013 Instituto Polit\u00e9cnico de Leiria)<br \/>\nMaria do Ros\u00e1rio Pinheiro (Faculdade de Psicologia e de Ci\u00eancias da Educa\u00e7\u00e3o da Universidade de Coimbra)<br \/>\nMaria Jo\u00e3o Santos (ESECS \u2013 Instituto Polit\u00e9cnico de Leiria)<br \/>\nMaria Jos\u00e9 Gamboa (ESECS \u2013 Instituto Polit\u00e9cnico de Leiria)<br \/>\nMaripaz L\u00f3pez (Universidade L\u00e9rida)<br \/>\nPedro Balaus (ESEC \u2013 Instituto Polit\u00e9cnico de Coimbra)<br \/>\nPedro Morou\u00e7o (ESECS \u2013 Instituto Polit\u00e9cnico de Leiria)<br \/>\nSandrina Milhano (ESECS \u2013 Instituto Polit\u00e9cnico de Leiria)<br \/>\nSara M\u00f3nico Lopes (ESECS \u2013 Instituto Polit\u00e9cnico de Leiria)<br \/>\nSara Vidal Maia (CECS \u2013 Universidade do Minho)<br \/>\nSofia Silva (ESEC \u2013 Instituto Polit\u00e9cnico de Coimbra)<br \/>\nTeresa Mendes (ESE \u2013 Instituto Polit\u00e9cnico de Portalegre)<br \/>\nVictoria P\u00e9rez de Guzman (Universidad Pablo de Olavide &#8211; Presidenta de la Sociedad Iberoamericana de Pedagog\u00eda Social)<\/p>\n","protected":false},"excerpt":{"rendered":"<p>Comiss\u00e3o Organizadora Jenny Sousa (ESECS, Polit\u00e9cnico de Leiria, CICS.NOVA-iACT, CI&amp;DEI,) Maria Jo\u00e3o Santos (ESECS, Polit\u00e9cnico de Leiria, CI&amp;DEI ) L\u00facia Magueta (ESECS, Polit\u00e9cnico de Leiria, CI&amp;DEI) Maria de S\u00e3o Pedro Lopes (ESECS, Polit\u00e9cnico de Leiria, CI&amp;DEI) Leonel Brites (ESECS, Polit\u00e9cnico de Leiria, CEIS20 \u2013 Centro de Estudos Interdisciplinares do S\u00e9culo XX, Universidade de Coimbra, N\u00facleo [&hellip;]<\/p>\n","protected":false},"author":102,"featured_media":0,"parent":0,"menu_order":0,"comment_status":"closed","ping_status":"closed","template":"","meta":{"footnotes":""},"class_list":["post-20","page","type-page","status-publish","hentry","post-preview"],"_links":{"self":[{"href":"https:\/\/sites.ipleiria.pt\/ceai2022\/wp-json\/wp\/v2\/pages\/20","targetHints":{"allow":["GET"]}}],"collection":[{"href":"https:\/\/sites.ipleiria.pt\/ceai2022\/wp-json\/wp\/v2\/pages"}],"about":[{"href":"https:\/\/sites.ipleiria.pt\/ceai2022\/wp-json\/wp\/v2\/types\/page"}],"author":[{"embeddable":true,"href":"https:\/\/sites.ipleiria.pt\/ceai2022\/wp-json\/wp\/v2\/users\/102"}],"replies":[{"embeddable":true,"href":"https:\/\/sites.ipleiria.pt\/ceai2022\/wp-json\/wp\/v2\/comments?post=20"}],"version-history":[{"count":8,"href":"https:\/\/sites.ipleiria.pt\/ceai2022\/wp-json\/wp\/v2\/pages\/20\/revisions"}],"predecessor-version":[{"id":126,"href":"https:\/\/sites.ipleiria.pt\/ceai2022\/wp-json\/wp\/v2\/pages\/20\/revisions\/126"}],"wp:attachment":[{"href":"https:\/\/sites.ipleiria.pt\/ceai2022\/wp-json\/wp\/v2\/media?parent=20"}],"curies":[{"name":"wp","href":"https:\/\/api.w.org\/{rel}","templated":true}]}}