{"id":93,"date":"2022-01-18T15:07:08","date_gmt":"2022-01-18T15:07:08","guid":{"rendered":"https:\/\/sites.ipleiria.pt\/ceai2022\/?page_id=93"},"modified":"2022-07-15T16:34:24","modified_gmt":"2022-07-15T16:34:24","slug":"datas-importantes","status":"publish","type":"page","link":"https:\/\/sites.ipleiria.pt\/ceai2022\/datas-importantes\/","title":{"rendered":"Datas importantes"},"content":{"rendered":"<p><strong>Limite para submiss\u00e3o de resumo alargado \u2013 <\/strong>[NOVA DATA] 08 abril 2022<br \/>\n<strong>Limite para a notifica\u00e7\u00e3o aos autores \u2013<\/strong>\u00a013 abril 2022<br \/>\n<strong>Limite para a inscri\u00e7\u00e3o de pelo menos um autor por trabalho \u2013<\/strong> 18 abril 2022<br \/>\n<strong>Limite para a inscri\u00e7\u00e3o de participantes sem comunica\u00e7\u00e3o \u2013<\/strong> 22 abril 2022<br \/>\n<strong>Limite para submiss\u00e3o do artigo completo \u2013<\/strong> 15 julho 2022 (enviar para o email da confer\u00eancia <a href=\"mailto:ceai.esecs@gmail.com\">ceai.esecs@gmail.com<\/a>)<\/p>\n<p>&nbsp;<\/p>\n<p><strong>Nota<\/strong><br \/>\nPelo menos um dos autores do trabalho aceite deve inscrever-se at\u00e9 18 de abril, para garantir a apresenta\u00e7\u00e3o do artigo e a inclus\u00e3o do mesmo no Livro de Atas.<\/p>\n","protected":false},"excerpt":{"rendered":"<p>Limite para submiss\u00e3o de resumo alargado \u2013 [NOVA DATA] 08 abril 2022 Limite para a notifica\u00e7\u00e3o aos autores \u2013\u00a013 abril 2022 Limite para a inscri\u00e7\u00e3o de pelo menos um autor por trabalho \u2013 18 abril 2022 Limite para a inscri\u00e7\u00e3o de participantes sem comunica\u00e7\u00e3o \u2013 22 abril 2022 Limite para submiss\u00e3o do artigo completo \u2013 [&hellip;]<\/p>\n","protected":false},"author":102,"featured_media":0,"parent":0,"menu_order":0,"comment_status":"closed","ping_status":"closed","template":"","meta":{"footnotes":""},"class_list":["post-93","page","type-page","status-publish","hentry","post-preview"],"_links":{"self":[{"href":"https:\/\/sites.ipleiria.pt\/ceai2022\/wp-json\/wp\/v2\/pages\/93","targetHints":{"allow":["GET"]}}],"collection":[{"href":"https:\/\/sites.ipleiria.pt\/ceai2022\/wp-json\/wp\/v2\/pages"}],"about":[{"href":"https:\/\/sites.ipleiria.pt\/ceai2022\/wp-json\/wp\/v2\/types\/page"}],"author":[{"embeddable":true,"href":"https:\/\/sites.ipleiria.pt\/ceai2022\/wp-json\/wp\/v2\/users\/102"}],"replies":[{"embeddable":true,"href":"https:\/\/sites.ipleiria.pt\/ceai2022\/wp-json\/wp\/v2\/comments?post=93"}],"version-history":[{"count":11,"href":"https:\/\/sites.ipleiria.pt\/ceai2022\/wp-json\/wp\/v2\/pages\/93\/revisions"}],"predecessor-version":[{"id":282,"href":"https:\/\/sites.ipleiria.pt\/ceai2022\/wp-json\/wp\/v2\/pages\/93\/revisions\/282"}],"wp:attachment":[{"href":"https:\/\/sites.ipleiria.pt\/ceai2022\/wp-json\/wp\/v2\/media?parent=93"}],"curies":[{"name":"wp","href":"https:\/\/api.w.org\/{rel}","templated":true}]}}