{"id":123,"date":"2019-03-04T01:17:30","date_gmt":"2019-03-04T01:17:30","guid":{"rendered":"http:\/\/sites.ipleiria.pt\/ciac\/?page_id=123"},"modified":"2019-05-30T22:20:35","modified_gmt":"2019-05-30T22:20:35","slug":"visitar-leiria","status":"publish","type":"page","link":"https:\/\/sites.ipleiria.pt\/ciac\/visitar-leiria\/","title":{"rendered":"Visitar Leiria"},"content":{"rendered":"<p>Gosta do campo? De fazer caminhadas pela natureza? Ou ir \u00e0 praia? Viciado em lugares e monumentos hist\u00f3ricos? Apenas \u00e0 procura de paz e tranquilidade?<\/p>\n<p>Pode encontrar muitas informa\u00e7\u00f5es sobre a regi\u00e3o de Leiria em:<\/p>\n<ul>\n<li><a href=\"https:\/\/www.visiteleiria.pt\/en\/home\/\">VISIT-LEIRIA-WEBSITE&nbsp;<\/a><\/li>\n<li><a href=\"https:\/\/www.roughguides.com\/destinations\/europe\/portugal\/estremadura-ribatejo\/leiria\/\" target=\"_blank\" rel=\"noreferrer noopener\" aria-label=\" (abre num novo separador)\">The Roughguide<\/a><\/li>\n<li><a href=\"https:\/\/www.lonelyplanet.com\/portugal\/estremadura-ribatejo\" target=\"_blank\" rel=\"noreferrer noopener\" aria-label=\" (abre num novo separador)\">Lonely Planet<\/a><\/li>\n<li><a href=\"https:\/\/travelguide.michelin.com\/europe\/portugal\/leiria\/leiria\" target=\"_blank\" rel=\"noreferrer noopener\" aria-label=\" (abre num novo separador)\">The Michelin Travel Guide<\/a><\/li>\n<\/ul>\n<p><\/p>","protected":false},"excerpt":{"rendered":"<p>Gosta do campo? De fazer caminhadas pela natureza? Ou ir \u00e0 praia? Viciado em lugares e monumentos hist\u00f3ricos? Apenas \u00e0 procura de paz e tranquilidade? Pode encontrar muitas informa\u00e7\u00f5es sobre a regi\u00e3o de Leiria em: VISIT-LEIRIA-WEBSITE&nbsp; The Roughguide Lonely Planet The Michelin Travel Guide<\/p>\n","protected":false},"author":2184,"featured_media":0,"parent":0,"menu_order":0,"comment_status":"closed","ping_status":"closed","template":"","meta":{"ngg_post_thumbnail":0,"footnotes":""},"class_list":["post-123","page","type-page","status-publish","hentry"],"_links":{"self":[{"href":"https:\/\/sites.ipleiria.pt\/ciac\/wp-json\/wp\/v2\/pages\/123","targetHints":{"allow":["GET"]}}],"collection":[{"href":"https:\/\/sites.ipleiria.pt\/ciac\/wp-json\/wp\/v2\/pages"}],"about":[{"href":"https:\/\/sites.ipleiria.pt\/ciac\/wp-json\/wp\/v2\/types\/page"}],"author":[{"embeddable":true,"href":"https:\/\/sites.ipleiria.pt\/ciac\/wp-json\/wp\/v2\/users\/2184"}],"replies":[{"embeddable":true,"href":"https:\/\/sites.ipleiria.pt\/ciac\/wp-json\/wp\/v2\/comments?post=123"}],"version-history":[{"count":4,"href":"https:\/\/sites.ipleiria.pt\/ciac\/wp-json\/wp\/v2\/pages\/123\/revisions"}],"predecessor-version":[{"id":249,"href":"https:\/\/sites.ipleiria.pt\/ciac\/wp-json\/wp\/v2\/pages\/123\/revisions\/249"}],"wp:attachment":[{"href":"https:\/\/sites.ipleiria.pt\/ciac\/wp-json\/wp\/v2\/media?parent=123"}],"curies":[{"name":"wp","href":"https:\/\/api.w.org\/{rel}","templated":true}]}}