{"id":17,"date":"2019-02-27T01:11:14","date_gmt":"2019-02-27T01:11:14","guid":{"rendered":"http:\/\/sites.ipleiria.pt\/ciac\/?page_id=17"},"modified":"2019-03-12T02:03:52","modified_gmt":"2019-03-12T02:03:52","slug":"local","status":"publish","type":"page","link":"https:\/\/sites.ipleiria.pt\/ciac\/local\/","title":{"rendered":"Local"},"content":{"rendered":"<p>A CIAC2019 \u00a0ter\u00e1 lugar no Campus 2 do Polit\u00e9cnico de Leiria. O campus 2 est\u00e1 localizado a cerca de 20 minutos a p\u00e9 do centro da cidade.<\/p>\n<table class=\"table table-hover\">\n<tbody>\n<tr>\n<td><img loading=\"lazy\" decoding=\"async\" class=\"alignnone size-medium wp-image-168\" src=\"http:\/\/sites.ipleiria.pt\/ciac\/files\/2019\/03\/DAF0.01-Anfiteatro-1-IMG_2243-300x200.jpg\" alt=\"\" width=\"300\" height=\"200\" srcset=\"https:\/\/sites.ipleiria.pt\/ciac\/files\/2019\/03\/DAF0.01-Anfiteatro-1-IMG_2243-300x200.jpg 300w, https:\/\/sites.ipleiria.pt\/ciac\/files\/2019\/03\/DAF0.01-Anfiteatro-1-IMG_2243-768x512.jpg 768w, https:\/\/sites.ipleiria.pt\/ciac\/files\/2019\/03\/DAF0.01-Anfiteatro-1-IMG_2243-1024x683.jpg 1024w, https:\/\/sites.ipleiria.pt\/ciac\/files\/2019\/03\/DAF0.01-Anfiteatro-1-IMG_2243-272x182.jpg 272w\" sizes=\"auto, (max-width: 300px) 100vw, 300px\" \/><\/td>\n<td><img loading=\"lazy\" decoding=\"async\" class=\"alignnone size-medium wp-image-169\" src=\"http:\/\/sites.ipleiria.pt\/ciac\/files\/2019\/03\/B.aud1-IMG_1911-300x200.jpg\" alt=\"\" width=\"300\" height=\"200\" srcset=\"https:\/\/sites.ipleiria.pt\/ciac\/files\/2019\/03\/B.aud1-IMG_1911-300x200.jpg 300w, https:\/\/sites.ipleiria.pt\/ciac\/files\/2019\/03\/B.aud1-IMG_1911-768x512.jpg 768w, https:\/\/sites.ipleiria.pt\/ciac\/files\/2019\/03\/B.aud1-IMG_1911-1024x683.jpg 1024w, https:\/\/sites.ipleiria.pt\/ciac\/files\/2019\/03\/B.aud1-IMG_1911-272x182.jpg 272w\" sizes=\"auto, (max-width: 300px) 100vw, 300px\" \/><\/td>\n<td><img loading=\"lazy\" decoding=\"async\" class=\"alignnone size-medium wp-image-170\" src=\"http:\/\/sites.ipleiria.pt\/ciac\/files\/2019\/03\/IMG_2155-300x200.jpg\" alt=\"\" width=\"300\" height=\"200\" srcset=\"https:\/\/sites.ipleiria.pt\/ciac\/files\/2019\/03\/IMG_2155-300x200.jpg 300w, https:\/\/sites.ipleiria.pt\/ciac\/files\/2019\/03\/IMG_2155-768x512.jpg 768w, https:\/\/sites.ipleiria.pt\/ciac\/files\/2019\/03\/IMG_2155-1024x683.jpg 1024w, https:\/\/sites.ipleiria.pt\/ciac\/files\/2019\/03\/IMG_2155-272x182.jpg 272w\" sizes=\"auto, (max-width: 300px) 100vw, 300px\" \/><\/td>\n<\/tr>\n<\/tbody>\n<\/table>\n<ul>\n<li><a href=\"https:\/\/drive.google.com\/open?id=1rNr7qm8dAZ3ySBYozxsc5pYT56MkNqOv&amp;usp=sharing\">Clique aqui para ver o mapa do ESTG<\/a><\/li>\n<\/ul>\n<p><strong>A cidade<\/strong><br \/>\nLeiria \u00e9 uma cidade encantadora e hist\u00f3rica situada no centro de Portugal. Leiria \u00e9 conhecida pelo seu castelo medieval e arredores pitorescos que incluem bons exemplos de arte de rua, juntamente com lojas locais e agrad\u00e1veis caf\u00e9s. Para mais informa\u00e7\u00f5es, consulte: <a href=\"http:\/\/www.centerofportugal.com\/leiria\/\">http:\/\/www.centerofportugal.com\/leiria\/<\/a>.<\/p>","protected":false},"excerpt":{"rendered":"<p>A CIAC2019 \u00a0ter\u00e1 lugar no Campus 2 do Polit\u00e9cnico de Leiria. O campus 2 est\u00e1 localizado a cerca de 20 minutos a p\u00e9 do centro da cidade. Clique aqui para ver o mapa do ESTG A cidade Leiria \u00e9 uma cidade encantadora e hist\u00f3rica situada no centro de Portugal. Leiria \u00e9 conhecida pelo seu castelo [&hellip;]<\/p>\n","protected":false},"author":2184,"featured_media":5,"parent":0,"menu_order":0,"comment_status":"closed","ping_status":"closed","template":"","meta":{"ngg_post_thumbnail":0,"footnotes":""},"class_list":["post-17","page","type-page","status-publish","has-post-thumbnail","hentry"],"_links":{"self":[{"href":"https:\/\/sites.ipleiria.pt\/ciac\/wp-json\/wp\/v2\/pages\/17","targetHints":{"allow":["GET"]}}],"collection":[{"href":"https:\/\/sites.ipleiria.pt\/ciac\/wp-json\/wp\/v2\/pages"}],"about":[{"href":"https:\/\/sites.ipleiria.pt\/ciac\/wp-json\/wp\/v2\/types\/page"}],"author":[{"embeddable":true,"href":"https:\/\/sites.ipleiria.pt\/ciac\/wp-json\/wp\/v2\/users\/2184"}],"replies":[{"embeddable":true,"href":"https:\/\/sites.ipleiria.pt\/ciac\/wp-json\/wp\/v2\/comments?post=17"}],"version-history":[{"count":16,"href":"https:\/\/sites.ipleiria.pt\/ciac\/wp-json\/wp\/v2\/pages\/17\/revisions"}],"predecessor-version":[{"id":172,"href":"https:\/\/sites.ipleiria.pt\/ciac\/wp-json\/wp\/v2\/pages\/17\/revisions\/172"}],"wp:featuredmedia":[{"embeddable":true,"href":"https:\/\/sites.ipleiria.pt\/ciac\/wp-json\/wp\/v2\/media\/5"}],"wp:attachment":[{"href":"https:\/\/sites.ipleiria.pt\/ciac\/wp-json\/wp\/v2\/media?parent=17"}],"curies":[{"name":"wp","href":"https:\/\/api.w.org\/{rel}","templated":true}]}}