{"id":34,"date":"2019-02-27T01:47:35","date_gmt":"2019-02-27T01:47:35","guid":{"rendered":"http:\/\/sites.ipleiria.pt\/ciac\/?page_id=34"},"modified":"2019-05-06T07:38:35","modified_gmt":"2019-05-06T07:38:35","slug":"comissao-cientifica","status":"publish","type":"page","link":"https:\/\/sites.ipleiria.pt\/ciac\/comissao-cientifica\/","title":{"rendered":"Comiss\u00e3o Cient\u00edfica"},"content":{"rendered":"<table style=\"width: 295px\" border=\"0\" width=\"176\" cellspacing=\"0\" cellpadding=\"0\">\n<colgroup>\n<col width=\"176\" \/><\/colgroup>\n<tbody>\n<tr>\n<td class=\"xl66\" style=\"width: 291px\" height=\"21\">Ant\u00f3nio Aguiar Costa (PT)<\/td>\n<\/tr>\n<tr>\n<td class=\"xl66\" style=\"width: 291px\" height=\"21\">Aladdin Alwisy (CA)<\/td>\n<\/tr>\n<tr>\n<td class=\"xl66\" style=\"width: 291px\" height=\"21\">Alberto Di Marco (IT)<\/td>\n<\/tr>\n<tr>\n<td class=\"xl66\" style=\"width: 291px\" height=\"21\">Aliaksandr Bakatovich (BY)<\/td>\n<\/tr>\n<tr>\n<td class=\"xl66\" style=\"width: 291px\" height=\"21\">Anabela Moreira (PT)<\/td>\n<\/tr>\n<tr>\n<td class=\"xl66\" style=\"width: 291px\" height=\"21\">Anabela Paiva (PT)<\/td>\n<\/tr>\n<tr>\n<td class=\"xl66\" style=\"width: 291px\" height=\"21\">Andre Barbosa (UK)<\/td>\n<\/tr>\n<tr>\n<td class=\"xl66\" style=\"width: 291px\" height=\"21\">Ant\u00f3nio Jos\u00e9 Candeias Curado (PT)<\/td>\n<\/tr>\n<tr>\n<td class=\"xl66\" style=\"width: 291px\" height=\"21\">Candida Mal\u00e7a (PT)<\/td>\n<\/tr>\n<tr>\n<td class=\"xl66\" style=\"width: 291px\" height=\"21\">Carlos Chastre (PT)<\/td>\n<\/tr>\n<tr>\n<td class=\"xl66\" style=\"width: 291px\" height=\"21\">Eduarda Cristina Pires Luso (PT)<\/td>\n<\/tr>\n<tr>\n<td class=\"xl66\" style=\"width: 291px\" height=\"21\">Eloi Figueiredo (PT)<\/td>\n<\/tr>\n<tr>\n<td class=\"xl66\" style=\"width: 291px\" height=\"21\">Ferdinando Auricchio (IT)<\/td>\n<\/tr>\n<tr>\n<td class=\"xl66\" style=\"width: 291px\" height=\"21\">Fernanda Rodrigues (PT)<\/td>\n<\/tr>\n<tr>\n<td class=\"xl66\" style=\"width: 291px\" height=\"21\">Gabriela Celani (BR)<\/td>\n<\/tr>\n<tr>\n<td class=\"xl66\" style=\"width: 291px\" height=\"21\">Holmer Junior (BR)<\/td>\n<\/tr>\n<tr>\n<td class=\"xl66\" style=\"width: 291px\" height=\"21\">Humberto Varum (PT)<\/td>\n<\/tr>\n<tr>\n<td class=\"xl66\" style=\"width: 291px\" height=\"21\">Jo\u00e3o Po\u00e7as Martins (PT)<\/td>\n<\/tr>\n<tr>\n<td class=\"xl66\" style=\"width: 291px\" height=\"21\">Jorge Branco (PT)<\/td>\n<\/tr>\n<tr>\n<td class=\"xl66\" style=\"width: 291px\" height=\"21\">Lu\u00eds Evangelista (PT)<\/td>\n<\/tr>\n<tr>\n<td class=\"xl66\" style=\"width: 291px\" height=\"21\">Miguel \u00c2ngelo Dias Azenha (PT)<\/td>\n<\/tr>\n<tr>\n<td class=\"xl66\" style=\"width: 291px\" height=\"21\">Nuno Albino Vieira Sim\u00f5es (PT)<\/td>\n<\/tr>\n<tr>\n<td class=\"xl66\" style=\"width: 291px\" height=\"21\">Nuno Marques de Almeida\u00a0 (PT)<\/td>\n<\/tr>\n<tr>\n<td style=\"width: 291px\">Paula Couto (PT)<\/td>\n<\/tr>\n<tr>\n<td class=\"xl66\" style=\"width: 291px\" height=\"21\">Ricardo\u00a0 Almeida (PT)<\/td>\n<\/tr>\n<tr>\n<td class=\"xl66\" style=\"width: 291px\" height=\"21\">Richard Andrew Buswell (UK)<\/td>\n<\/tr>\n<tr>\n<td class=\"xl66\" style=\"width: 291px\" height=\"21\">Rui Camposinhos (PT)<\/td>\n<\/tr>\n<tr>\n<td class=\"xl66\" style=\"width: 291px\" height=\"21\">Sandra S. Lucas (NL)<\/td>\n<\/tr>\n<tr>\n<td class=\"xl66\" style=\"width: 291px\" height=\"21\">Sara Eloy (PT)<\/td>\n<\/tr>\n<tr>\n<td class=\"xl66\" style=\"width: 291px\" height=\"21\">Sidi Med Bourdim\u00a0 (DZ)<\/td>\n<\/tr>\n<tr>\n<td class=\"xl66\" style=\"width: 291px\" height=\"21\">Tanja Sipos (HR)<\/td>\n<\/tr>\n<tr>\n<td class=\"xl66\" style=\"width: 291px\" height=\"21\">Vladimir Nyvlt (CZ)<\/td>\n<\/tr>\n<tr>\n<td class=\"xl66\" style=\"width: 291px\" height=\"21\">Yahor Lazouski (BY)<\/td>\n<\/tr>\n<\/tbody>\n<\/table>\n","protected":false},"excerpt":{"rendered":"<p>Ant\u00f3nio Aguiar Costa (PT) Aladdin Alwisy (CA) Alberto Di Marco (IT) Aliaksandr Bakatovich (BY) Anabela Moreira (PT) Anabela Paiva (PT) Andre Barbosa (UK) Ant\u00f3nio Jos\u00e9 Candeias Curado (PT) Candida Mal\u00e7a (PT) Carlos Chastre (PT) Eduarda Cristina Pires Luso (PT) Eloi Figueiredo (PT) Ferdinando Auricchio (IT) Fernanda Rodrigues (PT) Gabriela Celani (BR) Holmer Junior (BR) Humberto [&hellip;]<\/p>\n","protected":false},"author":2184,"featured_media":0,"parent":0,"menu_order":0,"comment_status":"closed","ping_status":"closed","template":"","meta":{"ngg_post_thumbnail":0,"footnotes":""},"class_list":["post-34","page","type-page","status-publish","hentry"],"_links":{"self":[{"href":"https:\/\/sites.ipleiria.pt\/ciac\/wp-json\/wp\/v2\/pages\/34","targetHints":{"allow":["GET"]}}],"collection":[{"href":"https:\/\/sites.ipleiria.pt\/ciac\/wp-json\/wp\/v2\/pages"}],"about":[{"href":"https:\/\/sites.ipleiria.pt\/ciac\/wp-json\/wp\/v2\/types\/page"}],"author":[{"embeddable":true,"href":"https:\/\/sites.ipleiria.pt\/ciac\/wp-json\/wp\/v2\/users\/2184"}],"replies":[{"embeddable":true,"href":"https:\/\/sites.ipleiria.pt\/ciac\/wp-json\/wp\/v2\/comments?post=34"}],"version-history":[{"count":6,"href":"https:\/\/sites.ipleiria.pt\/ciac\/wp-json\/wp\/v2\/pages\/34\/revisions"}],"predecessor-version":[{"id":216,"href":"https:\/\/sites.ipleiria.pt\/ciac\/wp-json\/wp\/v2\/pages\/34\/revisions\/216"}],"wp:attachment":[{"href":"https:\/\/sites.ipleiria.pt\/ciac\/wp-json\/wp\/v2\/media?parent=34"}],"curies":[{"name":"wp","href":"https:\/\/api.w.org\/{rel}","templated":true}]}}