{"id":40,"date":"2021-04-13T08:12:35","date_gmt":"2021-04-13T08:12:35","guid":{"rendered":"http:\/\/sites.ipleiria.pt\/cicie2021\/?page_id=40"},"modified":"2021-04-29T13:59:26","modified_gmt":"2021-04-29T13:59:26","slug":"ciclo-internacional-de-conferencias-infancia-educacao","status":"publish","type":"page","link":"https:\/\/sites.ipleiria.pt\/cicie2021\/","title":{"rendered":"Apresenta\u00e7\u00e3o"},"content":{"rendered":"\n<p>O <strong><em>Ciclo Internacional de Confer\u00eancias: Inf\u00e2ncia &amp; Educa\u00e7\u00e3o<\/em><\/strong> \u00e9 uma coorganiza\u00e7\u00e3o da Escola Superior de Educa\u00e7\u00e3o e Ci\u00eancias Sociais do Polit\u00e9cnico de Leiria (ESECS) e da Associa\u00e7\u00e3o de Profissionais de Educa\u00e7\u00e3o de Inf\u00e2ncia (APEI). Trata-se de um evento organizado no \u00e2mbito da coordena\u00e7\u00e3o do Mestrado em Educa\u00e7\u00e3o Pr\u00e9-Escolar, \u00e0 qual se associaram todos os outros mestrados profissionalizantes da ESECS. Permitir\u00e1 a estudantes dos Mestrados em Educa\u00e7\u00e3o Pr\u00e9-Escolar e Educa\u00e7\u00e3o Pr\u00e9-Escolar e Ensino dos 1.\u00ba e 2.\u00ba Ciclos do Ensino B\u00e1sico, a professores, a cooperantes, a outros docentes e investigadores o contacto com partilhas essencialmente do Brasil e de Portugal.<\/p>\n\n\n\n<p>Teremos algumas confer\u00eancias sobre a Educa\u00e7\u00e3o em geral, outras particularmente relacionadas com a Educa\u00e7\u00e3o de Inf\u00e2ncia no atual contexto de pandemia, partilhas acerca da pedagogia e curr\u00edculo da creche e do jardim de inf\u00e2ncia, sobre a arte e a natureza no contexto educativo, sobre documentar as aprendizagens, sobre escuta ativa e ag\u00eancia da crian\u00e7a, partilhas sobre modelos, abordagens e pr\u00e1ticas diferenciadas e partilhas relacionadas com outros conte\u00fados da Pr\u00e1tica de Ensino Supervisionada dos mestrados supramencionados, nomeadamente sobre a emerg\u00eancia da leitura e da escrita ou sobre o papel das fam\u00edlias e da comunidade.<\/p>\n\n\n\n<p>Os conferencistas convidados s\u00e3o, na sua maioria, personalidades com uma forte liga\u00e7\u00e3o \u00e0 hist\u00f3ria da Educa\u00e7\u00e3o de Inf\u00e2ncia portuguesa. Outros t\u00eam tido um papel ativo na reflex\u00e3o alargada sobre o estado da Educa\u00e7\u00e3o neste contexto de distanciamento generalizado. S\u00e3o pessoas que inspiram pelo que escrevem, pelo que partilham, pelo que nos transmitem e por tudo o que t\u00eam feito pelas suas\/nossas crian\u00e7as. Temos autores de refer\u00eancia, os melhores investigadores na \u00e1rea da inf\u00e2ncia, representantes de projetos diferenciados, estudantes e ex-estudantes da ESECS, educadores cooperantes\u2026 todos unidos nesta partilha de experi\u00eancias, reflex\u00f5es e estrat\u00e9gias para que consigamos encarar o futuro pr\u00f3ximo com otimismo.<\/p>\n\n\n\n<p>Teremos tamb\u00e9m a oportunidade de homenagear Maria Isabel Ramos Lopes da Silva, uma das refer\u00eancias da Educa\u00e7\u00e3o de Inf\u00e2ncia, co-autora das Orienta\u00e7\u00f5es Curriculares para a Educa\u00e7\u00e3o Pr\u00e9-Escolar (OCEPE), a personalidade mais impactante no que ao curr\u00edculo da Educa\u00e7\u00e3o Pr\u00e9-Escolar diz respeito.<\/p>\n\n\n\n<p>Teremos uma confer\u00eancia por semana, ao longo dos meses de maio e junho de 2021. Ser\u00e1 online, via Zoom, transmitida no Youtube, e cada uma ter\u00e1 a dura\u00e7\u00e3o aproximada de 120 minutos. Cada orador far\u00e1 uma apresenta\u00e7\u00e3o de cerca de 15 minutos. Posteriormente abriremos um espa\u00e7o de di\u00e1logo entre os participantes, de conversa, de reflex\u00e3o, de questionamento e de debate. As mestrandas da ESECS ter\u00e3o um papel fundamental na din\u00e2mica de cada confer\u00eancia, lan\u00e7ando quest\u00f5es, gerindo o chat, provocando reflex\u00f5es. <\/p>\n\n\n\n<p class=\"has-white-color has-text-color has-background\" style=\"background-color:#004932\">O <strong><em>Ciclo Internacional de Confer\u00eancias: Inf\u00e2ncia &amp; Educa\u00e7\u00e3o <\/em><\/strong>\u00e9 <strong>gratuito<\/strong> para quem quiser assistir apenas. Sendo um evento<strong> acreditado e certificado<\/strong> pela Escola Superior de Educa\u00e7\u00e3o e Ci\u00eancias Sociais do Polit\u00e9cnico de Leiria, na modalidade de a\u00e7\u00e3o de curta dura\u00e7\u00e3o (6 horas) nos termos do despacho n\u00ba 5741\/2015, com efeitos previstos na legisla\u00e7\u00e3o em vigor no \u00e2mbito da forma\u00e7\u00e3o cont\u00ednua de pessoal docente dos grupos 100 e 110 ter\u00e1 um custo simb\u00f3lico para os participantes que solicitem certificado e acredita\u00e7\u00e3o.<\/p>\n\n\n\n<p><\/p>\n\n\n\n<figure class=\"wp-block-image size-large\"><img loading=\"lazy\" decoding=\"async\" width=\"724\" height=\"1024\" src=\"https:\/\/sites.ipleiria.pt\/cicie2021\/files\/2021\/04\/Cartaz_Conferencistas_Participantes-1-724x1024.png\" alt=\"ESECS, LEIRIA, EDUCA\u00c7\u00c3O, INF\u00c2NCIA, PROFESSORES, OLIVEIRA, RODRIGUES, MILHANO, INVESTIGA\u00c7\u00c3O, CONFER\u00caNCIA, RESEARCH, EDUCATION, CONFERENCE, CHILDHOOD, APEI, DGE, CI&amp;DEI, INTERNACIONAL, ZOOM, HOMENAGEM, IPLEIRIA, ESCOLA, SUPERIOR, EDUCA\u00c7\u00c3O, CI\u00caNCIAS, SOCIAIS, POLIT\u00c9CNICO, SOCIAL SCIENCE, POLYTECHNIC\" class=\"wp-image-333\" srcset=\"https:\/\/sites.ipleiria.pt\/cicie2021\/files\/2021\/04\/Cartaz_Conferencistas_Participantes-1-724x1024.png 724w, https:\/\/sites.ipleiria.pt\/cicie2021\/files\/2021\/04\/Cartaz_Conferencistas_Participantes-1-212x300.png 212w, https:\/\/sites.ipleiria.pt\/cicie2021\/files\/2021\/04\/Cartaz_Conferencistas_Participantes-1-768x1087.png 768w, https:\/\/sites.ipleiria.pt\/cicie2021\/files\/2021\/04\/Cartaz_Conferencistas_Participantes-1-1086x1536.png 1086w, https:\/\/sites.ipleiria.pt\/cicie2021\/files\/2021\/04\/Cartaz_Conferencistas_Participantes-1.png 1191w\" sizes=\"auto, (max-width: 724px) 100vw, 724px\" \/><\/figure>\n","protected":false},"excerpt":{"rendered":"<p>O Ciclo Internacional de Confer\u00eancias: Inf\u00e2ncia &amp; Educa\u00e7\u00e3o \u00e9 uma coorganiza\u00e7\u00e3o da Escola Superior de Educa\u00e7\u00e3o e Ci\u00eancias Sociais do Polit\u00e9cnico de Leiria (ESECS) e da Associa\u00e7\u00e3o de Profissionais de Educa\u00e7\u00e3o de Inf\u00e2ncia (APEI). Trata-se de um evento organizado no \u00e2mbito da coordena\u00e7\u00e3o do Mestrado em Educa\u00e7\u00e3o Pr\u00e9-Escolar, \u00e0 qual se associaram todos os outros &hellip; <\/p>\n<p class=\"link-more\"><a href=\"https:\/\/sites.ipleiria.pt\/cicie2021\/\" class=\"more-link\">Continuar a ler <span class=\"screen-reader-text\">&#8220;Apresenta\u00e7\u00e3o&#8221;<\/span><\/a><\/p>\n","protected":false},"author":5223,"featured_media":0,"parent":0,"menu_order":0,"comment_status":"closed","ping_status":"closed","template":"","meta":{"footnotes":""},"class_list":["post-40","page","type-page","status-publish","hentry"],"yoast_head":"<!-- This site is optimized with the Yoast SEO plugin v26.8 - https:\/\/yoast.com\/product\/yoast-seo-wordpress\/ -->\n<title>Apresenta\u00e7\u00e3o - Ciclo Internacional de Confer\u00eancias: Inf\u00e2ncia &amp; Educa\u00e7\u00e3o Ciclo Internacional de Confer\u00eancias: Inf\u00e2ncia &amp; Educa\u00e7\u00e3o Ciclo Internacional de Confer\u00eancias: Inf\u00e2ncia &amp; Educa\u00e7\u00e3o<\/title>\n<meta name=\"description\" content=\"O Ciclo Internacional de Confer\u00eancias: Inf\u00e2ncia &amp; Educa\u00e7\u00e3o \u00e9 uma co-organiza\u00e7\u00e3o da Escola Superior de Educa\u00e7\u00e3o e Ci\u00eancias Sociais do Polit\u00e9cnico de Leiria (ESECS) e da Associa\u00e7\u00e3o de Profissionais de Educa\u00e7\u00e3o de Inf\u00e2ncia (APEI). Trata-se de um evento organizado no \u00e2mbito da coordena\u00e7\u00e3o do Mestrado em Educa\u00e7\u00e3o Pr\u00e9-Escolar, \u00e0 qual se associaram todos os outros mestrados profissionalizantes da ESECS. Permitir\u00e1 a estudantes dos Mestrados em Educa\u00e7\u00e3o Pr\u00e9-Escolar e Educa\u00e7\u00e3o Pr\u00e9-Escolar e Ensino dos 1.\u00ba e 2.\u00ba Ciclos do Ensino B\u00e1sico, a professores, a cooperantes, a outros docentes e investigadores o contacto com partilhas essencialmente do Brasil e de Portugal.\" \/>\n<meta name=\"robots\" content=\"index, follow, max-snippet:-1, max-image-preview:large, max-video-preview:-1\" \/>\n<link rel=\"canonical\" href=\"https:\/\/sites.ipleiria.pt\/cicie2021\/\" \/>\n<meta property=\"og:locale\" content=\"pt_PT\" \/>\n<meta property=\"og:type\" content=\"article\" \/>\n<meta property=\"og:title\" content=\"Ciclo Internacional de Confer\u00eancias: Inf\u00e2ncia &amp; Educa\u00e7\u00e3o\" \/>\n<meta property=\"og:description\" content=\"O Ciclo Internacional de Confer\u00eancias: Inf\u00e2ncia &amp; Educa\u00e7\u00e3o \u00e9 uma co-organiza\u00e7\u00e3o da Escola Superior de Educa\u00e7\u00e3o e Ci\u00eancias Sociais do Polit\u00e9cnico de Leiria (ESECS) e da Associa\u00e7\u00e3o de Profissionais de Educa\u00e7\u00e3o de Inf\u00e2ncia (APEI). Trata-se de um evento organizado no \u00e2mbito da coordena\u00e7\u00e3o do Mestrado em Educa\u00e7\u00e3o Pr\u00e9-Escolar, \u00e0 qual se associaram todos os outros mestrados profissionalizantes da ESECS. Permitir\u00e1 a estudantes dos Mestrados em Educa\u00e7\u00e3o Pr\u00e9-Escolar e Educa\u00e7\u00e3o Pr\u00e9-Escolar e Ensino dos 1.\u00ba e 2.\u00ba Ciclos do Ensino B\u00e1sico, a professores, a cooperantes, a outros docentes e investigadores o contacto com partilhas essencialmente do Brasil e de Portugal.\" \/>\n<meta property=\"og:url\" content=\"https:\/\/sites.ipleiria.pt\/cicie2021\/\" \/>\n<meta property=\"og:site_name\" content=\"Ciclo Internacional de Confer\u00eancias: Inf\u00e2ncia &amp; Educa\u00e7\u00e3o\" \/>\n<meta property=\"article:modified_time\" content=\"2021-04-29T13:59:26+00:00\" \/>\n<meta property=\"og:image\" content=\"https:\/\/sites.ipleiria.pt\/cicie2021\/files\/2021\/04\/TESTE-BANNER-NOVO-1-1024x768.png\" \/>\n\t<meta property=\"og:image:width\" content=\"1024\" \/>\n\t<meta property=\"og:image:height\" content=\"768\" \/>\n\t<meta property=\"og:image:type\" content=\"image\/png\" \/>\n<meta name=\"twitter:card\" content=\"summary_large_image\" \/>\n<meta name=\"twitter:label1\" content=\"Tempo estimado de leitura\" \/>\n\t<meta name=\"twitter:data1\" content=\"3 minutos\" \/>\n<script type=\"application\/ld+json\" class=\"yoast-schema-graph\">{\"@context\":\"https:\/\/schema.org\",\"@graph\":[{\"@type\":[\"WebPage\",\"SearchResultsPage\"],\"@id\":\"https:\/\/sites.ipleiria.pt\/cicie2021\/\",\"url\":\"https:\/\/sites.ipleiria.pt\/cicie2021\/\",\"name\":\"Apresenta\u00e7\u00e3o - Ciclo Internacional de Confer\u00eancias: Inf\u00e2ncia &amp; Educa\u00e7\u00e3o Ciclo Internacional de Confer\u00eancias: Inf\u00e2ncia &amp; Educa\u00e7\u00e3o Ciclo Internacional de Confer\u00eancias: Inf\u00e2ncia & Educa\u00e7\u00e3o\",\"isPartOf\":{\"@id\":\"https:\/\/sites.ipleiria.pt\/cicie2021\/#website\"},\"primaryImageOfPage\":{\"@id\":\"https:\/\/sites.ipleiria.pt\/cicie2021\/#primaryimage\"},\"image\":{\"@id\":\"https:\/\/sites.ipleiria.pt\/cicie2021\/#primaryimage\"},\"thumbnailUrl\":\"https:\/\/sites.ipleiria.pt\/cicie2021\/files\/2021\/04\/Cartaz_Conferencistas_Participantes-1-724x1024.png\",\"datePublished\":\"2021-04-13T08:12:35+00:00\",\"dateModified\":\"2021-04-29T13:59:26+00:00\",\"description\":\"O Ciclo Internacional de Confer\u00eancias: Inf\u00e2ncia & Educa\u00e7\u00e3o \u00e9 uma co-organiza\u00e7\u00e3o da Escola Superior de Educa\u00e7\u00e3o e Ci\u00eancias Sociais do Polit\u00e9cnico de Leiria (ESECS) e da Associa\u00e7\u00e3o de Profissionais de Educa\u00e7\u00e3o de Inf\u00e2ncia (APEI). Trata-se de um evento organizado no \u00e2mbito da coordena\u00e7\u00e3o do Mestrado em Educa\u00e7\u00e3o Pr\u00e9-Escolar, \u00e0 qual se associaram todos os outros mestrados profissionalizantes da ESECS. Permitir\u00e1 a estudantes dos Mestrados em Educa\u00e7\u00e3o Pr\u00e9-Escolar e Educa\u00e7\u00e3o Pr\u00e9-Escolar e Ensino dos 1.\u00ba e 2.\u00ba Ciclos do Ensino B\u00e1sico, a professores, a cooperantes, a outros docentes e investigadores o contacto com partilhas essencialmente do Brasil e de Portugal.\",\"breadcrumb\":{\"@id\":\"https:\/\/sites.ipleiria.pt\/cicie2021\/#breadcrumb\"},\"inLanguage\":\"pt-PT\",\"potentialAction\":[{\"@type\":\"ReadAction\",\"target\":[\"https:\/\/sites.ipleiria.pt\/cicie2021\/\"]}]},{\"@type\":\"ImageObject\",\"inLanguage\":\"pt-PT\",\"@id\":\"https:\/\/sites.ipleiria.pt\/cicie2021\/#primaryimage\",\"url\":\"https:\/\/sites.ipleiria.pt\/cicie2021\/files\/2021\/04\/Cartaz_Conferencistas_Participantes-1-724x1024.png\",\"contentUrl\":\"https:\/\/sites.ipleiria.pt\/cicie2021\/files\/2021\/04\/Cartaz_Conferencistas_Participantes-1-724x1024.png\"},{\"@type\":\"BreadcrumbList\",\"@id\":\"https:\/\/sites.ipleiria.pt\/cicie2021\/#breadcrumb\",\"itemListElement\":[{\"@type\":\"ListItem\",\"position\":1,\"name\":\"In\u00edcio\",\"item\":\"https:\/\/sites.ipleiria.pt\/cicie2021\/\"},{\"@type\":\"ListItem\",\"position\":2,\"name\":\"Apresenta\u00e7\u00e3o\"}]},{\"@type\":\"WebSite\",\"@id\":\"https:\/\/sites.ipleiria.pt\/cicie2021\/#website\",\"url\":\"https:\/\/sites.ipleiria.pt\/cicie2021\/\",\"name\":\"Ciclo Internacional de Confer\u00eancias: Inf\u00e2ncia &amp; Educa\u00e7\u00e3o\",\"description\":\"\",\"potentialAction\":[{\"@type\":\"SearchAction\",\"target\":{\"@type\":\"EntryPoint\",\"urlTemplate\":\"https:\/\/sites.ipleiria.pt\/cicie2021\/?s={search_term_string}\"},\"query-input\":{\"@type\":\"PropertyValueSpecification\",\"valueRequired\":true,\"valueName\":\"search_term_string\"}}],\"inLanguage\":\"pt-PT\"}]}<\/script>\n<!-- \/ Yoast SEO plugin. -->","yoast_head_json":{"title":"Apresenta\u00e7\u00e3o - Ciclo Internacional de Confer\u00eancias: Inf\u00e2ncia &amp; Educa\u00e7\u00e3o Ciclo Internacional de Confer\u00eancias: Inf\u00e2ncia &amp; Educa\u00e7\u00e3o Ciclo Internacional de Confer\u00eancias: Inf\u00e2ncia & Educa\u00e7\u00e3o","description":"O Ciclo Internacional de Confer\u00eancias: Inf\u00e2ncia & Educa\u00e7\u00e3o \u00e9 uma co-organiza\u00e7\u00e3o da Escola Superior de Educa\u00e7\u00e3o e Ci\u00eancias Sociais do Polit\u00e9cnico de Leiria (ESECS) e da Associa\u00e7\u00e3o de Profissionais de Educa\u00e7\u00e3o de Inf\u00e2ncia (APEI). Trata-se de um evento organizado no \u00e2mbito da coordena\u00e7\u00e3o do Mestrado em Educa\u00e7\u00e3o Pr\u00e9-Escolar, \u00e0 qual se associaram todos os outros mestrados profissionalizantes da ESECS. Permitir\u00e1 a estudantes dos Mestrados em Educa\u00e7\u00e3o Pr\u00e9-Escolar e Educa\u00e7\u00e3o Pr\u00e9-Escolar e Ensino dos 1.\u00ba e 2.\u00ba Ciclos do Ensino B\u00e1sico, a professores, a cooperantes, a outros docentes e investigadores o contacto com partilhas essencialmente do Brasil e de Portugal.","robots":{"index":"index","follow":"follow","max-snippet":"max-snippet:-1","max-image-preview":"max-image-preview:large","max-video-preview":"max-video-preview:-1"},"canonical":"https:\/\/sites.ipleiria.pt\/cicie2021\/","og_locale":"pt_PT","og_type":"article","og_title":"Ciclo Internacional de Confer\u00eancias: Inf\u00e2ncia & Educa\u00e7\u00e3o","og_description":"O Ciclo Internacional de Confer\u00eancias: Inf\u00e2ncia & Educa\u00e7\u00e3o \u00e9 uma co-organiza\u00e7\u00e3o da Escola Superior de Educa\u00e7\u00e3o e Ci\u00eancias Sociais do Polit\u00e9cnico de Leiria (ESECS) e da Associa\u00e7\u00e3o de Profissionais de Educa\u00e7\u00e3o de Inf\u00e2ncia (APEI). Trata-se de um evento organizado no \u00e2mbito da coordena\u00e7\u00e3o do Mestrado em Educa\u00e7\u00e3o Pr\u00e9-Escolar, \u00e0 qual se associaram todos os outros mestrados profissionalizantes da ESECS. Permitir\u00e1 a estudantes dos Mestrados em Educa\u00e7\u00e3o Pr\u00e9-Escolar e Educa\u00e7\u00e3o Pr\u00e9-Escolar e Ensino dos 1.\u00ba e 2.\u00ba Ciclos do Ensino B\u00e1sico, a professores, a cooperantes, a outros docentes e investigadores o contacto com partilhas essencialmente do Brasil e de Portugal.","og_url":"https:\/\/sites.ipleiria.pt\/cicie2021\/","og_site_name":"Ciclo Internacional de Confer\u00eancias: Inf\u00e2ncia &amp; Educa\u00e7\u00e3o","article_modified_time":"2021-04-29T13:59:26+00:00","og_image":[{"width":1024,"height":768,"url":"https:\/\/sites.ipleiria.pt\/cicie2021\/files\/2021\/04\/TESTE-BANNER-NOVO-1-1024x768.png","type":"image\/png"}],"twitter_card":"summary_large_image","twitter_misc":{"Tempo estimado de leitura":"3 minutos"},"schema":{"@context":"https:\/\/schema.org","@graph":[{"@type":["WebPage","SearchResultsPage"],"@id":"https:\/\/sites.ipleiria.pt\/cicie2021\/","url":"https:\/\/sites.ipleiria.pt\/cicie2021\/","name":"Apresenta\u00e7\u00e3o - Ciclo Internacional de Confer\u00eancias: Inf\u00e2ncia &amp; Educa\u00e7\u00e3o Ciclo Internacional de Confer\u00eancias: Inf\u00e2ncia &amp; Educa\u00e7\u00e3o Ciclo Internacional de Confer\u00eancias: Inf\u00e2ncia & Educa\u00e7\u00e3o","isPartOf":{"@id":"https:\/\/sites.ipleiria.pt\/cicie2021\/#website"},"primaryImageOfPage":{"@id":"https:\/\/sites.ipleiria.pt\/cicie2021\/#primaryimage"},"image":{"@id":"https:\/\/sites.ipleiria.pt\/cicie2021\/#primaryimage"},"thumbnailUrl":"https:\/\/sites.ipleiria.pt\/cicie2021\/files\/2021\/04\/Cartaz_Conferencistas_Participantes-1-724x1024.png","datePublished":"2021-04-13T08:12:35+00:00","dateModified":"2021-04-29T13:59:26+00:00","description":"O Ciclo Internacional de Confer\u00eancias: Inf\u00e2ncia & Educa\u00e7\u00e3o \u00e9 uma co-organiza\u00e7\u00e3o da Escola Superior de Educa\u00e7\u00e3o e Ci\u00eancias Sociais do Polit\u00e9cnico de Leiria (ESECS) e da Associa\u00e7\u00e3o de Profissionais de Educa\u00e7\u00e3o de Inf\u00e2ncia (APEI). Trata-se de um evento organizado no \u00e2mbito da coordena\u00e7\u00e3o do Mestrado em Educa\u00e7\u00e3o Pr\u00e9-Escolar, \u00e0 qual se associaram todos os outros mestrados profissionalizantes da ESECS. Permitir\u00e1 a estudantes dos Mestrados em Educa\u00e7\u00e3o Pr\u00e9-Escolar e Educa\u00e7\u00e3o Pr\u00e9-Escolar e Ensino dos 1.\u00ba e 2.\u00ba Ciclos do Ensino B\u00e1sico, a professores, a cooperantes, a outros docentes e investigadores o contacto com partilhas essencialmente do Brasil e de Portugal.","breadcrumb":{"@id":"https:\/\/sites.ipleiria.pt\/cicie2021\/#breadcrumb"},"inLanguage":"pt-PT","potentialAction":[{"@type":"ReadAction","target":["https:\/\/sites.ipleiria.pt\/cicie2021\/"]}]},{"@type":"ImageObject","inLanguage":"pt-PT","@id":"https:\/\/sites.ipleiria.pt\/cicie2021\/#primaryimage","url":"https:\/\/sites.ipleiria.pt\/cicie2021\/files\/2021\/04\/Cartaz_Conferencistas_Participantes-1-724x1024.png","contentUrl":"https:\/\/sites.ipleiria.pt\/cicie2021\/files\/2021\/04\/Cartaz_Conferencistas_Participantes-1-724x1024.png"},{"@type":"BreadcrumbList","@id":"https:\/\/sites.ipleiria.pt\/cicie2021\/#breadcrumb","itemListElement":[{"@type":"ListItem","position":1,"name":"In\u00edcio","item":"https:\/\/sites.ipleiria.pt\/cicie2021\/"},{"@type":"ListItem","position":2,"name":"Apresenta\u00e7\u00e3o"}]},{"@type":"WebSite","@id":"https:\/\/sites.ipleiria.pt\/cicie2021\/#website","url":"https:\/\/sites.ipleiria.pt\/cicie2021\/","name":"Ciclo Internacional de Confer\u00eancias: Inf\u00e2ncia &amp; Educa\u00e7\u00e3o","description":"","potentialAction":[{"@type":"SearchAction","target":{"@type":"EntryPoint","urlTemplate":"https:\/\/sites.ipleiria.pt\/cicie2021\/?s={search_term_string}"},"query-input":{"@type":"PropertyValueSpecification","valueRequired":true,"valueName":"search_term_string"}}],"inLanguage":"pt-PT"}]}},"_links":{"self":[{"href":"https:\/\/sites.ipleiria.pt\/cicie2021\/wp-json\/wp\/v2\/pages\/40","targetHints":{"allow":["GET"]}}],"collection":[{"href":"https:\/\/sites.ipleiria.pt\/cicie2021\/wp-json\/wp\/v2\/pages"}],"about":[{"href":"https:\/\/sites.ipleiria.pt\/cicie2021\/wp-json\/wp\/v2\/types\/page"}],"author":[{"embeddable":true,"href":"https:\/\/sites.ipleiria.pt\/cicie2021\/wp-json\/wp\/v2\/users\/5223"}],"replies":[{"embeddable":true,"href":"https:\/\/sites.ipleiria.pt\/cicie2021\/wp-json\/wp\/v2\/comments?post=40"}],"version-history":[{"count":17,"href":"https:\/\/sites.ipleiria.pt\/cicie2021\/wp-json\/wp\/v2\/pages\/40\/revisions"}],"predecessor-version":[{"id":504,"href":"https:\/\/sites.ipleiria.pt\/cicie2021\/wp-json\/wp\/v2\/pages\/40\/revisions\/504"}],"wp:attachment":[{"href":"https:\/\/sites.ipleiria.pt\/cicie2021\/wp-json\/wp\/v2\/media?parent=40"}],"curies":[{"name":"wp","href":"https:\/\/api.w.org\/{rel}","templated":true}]}}