{"id":416,"date":"2021-04-28T09:10:14","date_gmt":"2021-04-28T09:10:14","guid":{"rendered":"https:\/\/sites.ipleiria.pt\/cicie2021\/?page_id=416"},"modified":"2021-06-22T11:31:57","modified_gmt":"2021-06-22T11:31:57","slug":"conferencia-7","status":"publish","type":"page","link":"https:\/\/sites.ipleiria.pt\/cicie2021\/conferencia-7\/","title":{"rendered":"Confer\u00eancia 7"},"content":{"rendered":"\n<p><strong><a href=\"https:\/\/www.youtube.com\/watch?v=0gFIVgZ7sLM&amp;t=4221s\">DA ESCUTA \u00c0 AG\u00caNCIA DA CRIAN\u00c7A: SER SUJEITO, ATOR E AUTOR NO PROCESSO DE APRENDIZAGEM<\/a><\/strong><\/p>\n\n\n\n<p class=\"has-light-green-cyan-background-color has-background\">| <a href=\"https:\/\/www.youtube.com\/watch?v=0gFIVgZ7sLM&amp;t=4221s\">Dispon\u00edvel <strong>AQUI<\/strong><\/a>| <\/p>\n\n\n\n<p><strong>A Documenta\u00e7\u00e3o Pedag\u00f3gica: A Harmoniza\u00e7\u00e3o das Vozes<\/strong><br>J\u00falia Oliveira-Formosinho | Universidade do Minho | Associa\u00e7\u00e3o Crian\u00e7a<\/p>\n\n\n\n<p><strong>Pedagogia e curr\u00edculo na educa\u00e7\u00e3o de inf\u00e2ncia: o risco da escolifica\u00e7\u00e3o<\/strong><br>Jo\u00e3o Formosinho | Universidade do Minho | Associa\u00e7\u00e3o Crian\u00e7a<\/p>\n\n\n\n<p><strong>Planejar caminhos de aprendizagens com as crian\u00e7as: intencionalidade, sustenta\u00e7\u00e3o e restitui\u00e7\u00e3o<\/strong><br>Paulo Fochi | Universidade do Vale do Rio dos Sinos<\/p>\n\n\n\n<p><strong>Moderador: <\/strong>Miguel Oliveira e Sandrina Milhano | ESECS \u2013 Polit\u00e9cnico de Leiria<\/p>\n\n\n\n<figure class=\"wp-block-gallery columns-1 is-cropped wp-block-gallery-1 is-layout-flex wp-block-gallery-is-layout-flex\"><ul class=\"blocks-gallery-grid\"><li class=\"blocks-gallery-item\"><figure><img loading=\"lazy\" decoding=\"async\" width=\"724\" height=\"1024\" src=\"https:\/\/sites.ipleiria.pt\/cicie2021\/files\/2021\/04\/Cartaz_Confere\u0302ncia-7-724x1024.png\" alt=\"\" data-id=\"449\" data-full-url=\"https:\/\/sites.ipleiria.pt\/cicie2021\/files\/2021\/04\/Cartaz_Confere\u0302ncia-7.png\" data-link=\"https:\/\/sites.ipleiria.pt\/cicie2021\/conferencia-7\/cartaz_confere%cc%82ncia-7\/\" class=\"wp-image-449\" srcset=\"https:\/\/sites.ipleiria.pt\/cicie2021\/files\/2021\/04\/Cartaz_Confere\u0302ncia-7-724x1024.png 724w, https:\/\/sites.ipleiria.pt\/cicie2021\/files\/2021\/04\/Cartaz_Confere\u0302ncia-7-212x300.png 212w, https:\/\/sites.ipleiria.pt\/cicie2021\/files\/2021\/04\/Cartaz_Confere\u0302ncia-7-768x1087.png 768w, https:\/\/sites.ipleiria.pt\/cicie2021\/files\/2021\/04\/Cartaz_Confere\u0302ncia-7-1086x1536.png 1086w, https:\/\/sites.ipleiria.pt\/cicie2021\/files\/2021\/04\/Cartaz_Confere\u0302ncia-7.png 1191w\" sizes=\"auto, (max-width: 724px) 100vw, 724px\" \/><\/figure><\/li><\/ul><\/figure>\n","protected":false},"excerpt":{"rendered":"<p>DA ESCUTA \u00c0 AG\u00caNCIA DA CRIAN\u00c7A: SER SUJEITO, ATOR E AUTOR NO PROCESSO DE APRENDIZAGEM | Dispon\u00edvel AQUI| A Documenta\u00e7\u00e3o Pedag\u00f3gica: A Harmoniza\u00e7\u00e3o das VozesJ\u00falia Oliveira-Formosinho | Universidade do Minho | Associa\u00e7\u00e3o Crian\u00e7a Pedagogia e curr\u00edculo na educa\u00e7\u00e3o de inf\u00e2ncia: o risco da escolifica\u00e7\u00e3oJo\u00e3o Formosinho | Universidade do Minho | Associa\u00e7\u00e3o Crian\u00e7a Planejar caminhos de &hellip; <\/p>\n<p class=\"link-more\"><a href=\"https:\/\/sites.ipleiria.pt\/cicie2021\/conferencia-7\/\" class=\"more-link\">Continuar a ler <span class=\"screen-reader-text\">&#8220;Confer\u00eancia 7&#8221;<\/span><\/a><\/p>\n","protected":false},"author":5223,"featured_media":0,"parent":0,"menu_order":0,"comment_status":"closed","ping_status":"closed","template":"","meta":{"footnotes":""},"class_list":["post-416","page","type-page","status-publish","hentry"],"yoast_head":"<!-- This site is optimized with the Yoast SEO plugin v26.8 - https:\/\/yoast.com\/product\/yoast-seo-wordpress\/ -->\n<title>Confer\u00eancia 7 - Ciclo Internacional de Confer\u00eancias: Inf\u00e2ncia &amp; Educa\u00e7\u00e3o<\/title>\n<meta name=\"robots\" content=\"index, follow, max-snippet:-1, max-image-preview:large, max-video-preview:-1\" \/>\n<link rel=\"canonical\" href=\"https:\/\/sites.ipleiria.pt\/cicie2021\/conferencia-7\/\" \/>\n<meta property=\"og:locale\" content=\"pt_PT\" \/>\n<meta property=\"og:type\" content=\"article\" \/>\n<meta property=\"og:title\" content=\"Confer\u00eancia 7 - Ciclo Internacional de Confer\u00eancias: Inf\u00e2ncia &amp; Educa\u00e7\u00e3o\" \/>\n<meta property=\"og:description\" content=\"DA ESCUTA \u00c0 AG\u00caNCIA DA CRIAN\u00c7A: SER SUJEITO, ATOR E AUTOR NO PROCESSO DE APRENDIZAGEM | Dispon\u00edvel AQUI| A Documenta\u00e7\u00e3o Pedag\u00f3gica: A Harmoniza\u00e7\u00e3o das VozesJ\u00falia Oliveira-Formosinho | Universidade do Minho | Associa\u00e7\u00e3o Crian\u00e7a Pedagogia e curr\u00edculo na educa\u00e7\u00e3o de inf\u00e2ncia: o risco da escolifica\u00e7\u00e3oJo\u00e3o Formosinho | Universidade do Minho | Associa\u00e7\u00e3o Crian\u00e7a Planejar caminhos de &hellip; Continuar a ler &quot;Confer\u00eancia 7&quot;\" \/>\n<meta property=\"og:url\" content=\"https:\/\/sites.ipleiria.pt\/cicie2021\/conferencia-7\/\" \/>\n<meta property=\"og:site_name\" content=\"Ciclo Internacional de Confer\u00eancias: Inf\u00e2ncia &amp; Educa\u00e7\u00e3o\" \/>\n<meta property=\"article:modified_time\" content=\"2021-06-22T11:31:57+00:00\" \/>\n<meta property=\"og:image\" content=\"https:\/\/sites.ipleiria.pt\/cicie2021\/files\/2021\/04\/Cartaz_Confere\u0302ncia-7-724x1024.png\" \/>\n<meta name=\"twitter:card\" content=\"summary_large_image\" \/>\n<meta name=\"twitter:label1\" content=\"Tempo estimado de leitura\" \/>\n\t<meta name=\"twitter:data1\" content=\"1 minuto\" \/>\n<script type=\"application\/ld+json\" class=\"yoast-schema-graph\">{\"@context\":\"https:\/\/schema.org\",\"@graph\":[{\"@type\":\"WebPage\",\"@id\":\"https:\/\/sites.ipleiria.pt\/cicie2021\/conferencia-7\/\",\"url\":\"https:\/\/sites.ipleiria.pt\/cicie2021\/conferencia-7\/\",\"name\":\"Confer\u00eancia 7 - Ciclo Internacional de Confer\u00eancias: Inf\u00e2ncia &amp; Educa\u00e7\u00e3o\",\"isPartOf\":{\"@id\":\"https:\/\/sites.ipleiria.pt\/cicie2021\/#website\"},\"datePublished\":\"2021-04-28T09:10:14+00:00\",\"dateModified\":\"2021-06-22T11:31:57+00:00\",\"breadcrumb\":{\"@id\":\"https:\/\/sites.ipleiria.pt\/cicie2021\/conferencia-7\/#breadcrumb\"},\"inLanguage\":\"pt-PT\",\"potentialAction\":[{\"@type\":\"ReadAction\",\"target\":[\"https:\/\/sites.ipleiria.pt\/cicie2021\/conferencia-7\/\"]}]},{\"@type\":\"BreadcrumbList\",\"@id\":\"https:\/\/sites.ipleiria.pt\/cicie2021\/conferencia-7\/#breadcrumb\",\"itemListElement\":[{\"@type\":\"ListItem\",\"position\":1,\"name\":\"In\u00edcio\",\"item\":\"https:\/\/sites.ipleiria.pt\/cicie2021\/\"},{\"@type\":\"ListItem\",\"position\":2,\"name\":\"Confer\u00eancia 7\"}]},{\"@type\":\"WebSite\",\"@id\":\"https:\/\/sites.ipleiria.pt\/cicie2021\/#website\",\"url\":\"https:\/\/sites.ipleiria.pt\/cicie2021\/\",\"name\":\"Ciclo Internacional de Confer\u00eancias: Inf\u00e2ncia &amp; Educa\u00e7\u00e3o\",\"description\":\"\",\"potentialAction\":[{\"@type\":\"SearchAction\",\"target\":{\"@type\":\"EntryPoint\",\"urlTemplate\":\"https:\/\/sites.ipleiria.pt\/cicie2021\/?s={search_term_string}\"},\"query-input\":{\"@type\":\"PropertyValueSpecification\",\"valueRequired\":true,\"valueName\":\"search_term_string\"}}],\"inLanguage\":\"pt-PT\"}]}<\/script>\n<!-- \/ Yoast SEO plugin. -->","yoast_head_json":{"title":"Confer\u00eancia 7 - Ciclo Internacional de Confer\u00eancias: Inf\u00e2ncia &amp; Educa\u00e7\u00e3o","robots":{"index":"index","follow":"follow","max-snippet":"max-snippet:-1","max-image-preview":"max-image-preview:large","max-video-preview":"max-video-preview:-1"},"canonical":"https:\/\/sites.ipleiria.pt\/cicie2021\/conferencia-7\/","og_locale":"pt_PT","og_type":"article","og_title":"Confer\u00eancia 7 - Ciclo Internacional de Confer\u00eancias: Inf\u00e2ncia &amp; Educa\u00e7\u00e3o","og_description":"DA ESCUTA \u00c0 AG\u00caNCIA DA CRIAN\u00c7A: SER SUJEITO, ATOR E AUTOR NO PROCESSO DE APRENDIZAGEM | Dispon\u00edvel AQUI| A Documenta\u00e7\u00e3o Pedag\u00f3gica: A Harmoniza\u00e7\u00e3o das VozesJ\u00falia Oliveira-Formosinho | Universidade do Minho | Associa\u00e7\u00e3o Crian\u00e7a Pedagogia e curr\u00edculo na educa\u00e7\u00e3o de inf\u00e2ncia: o risco da escolifica\u00e7\u00e3oJo\u00e3o Formosinho | Universidade do Minho | Associa\u00e7\u00e3o Crian\u00e7a Planejar caminhos de &hellip; Continuar a ler \"Confer\u00eancia 7\"","og_url":"https:\/\/sites.ipleiria.pt\/cicie2021\/conferencia-7\/","og_site_name":"Ciclo Internacional de Confer\u00eancias: Inf\u00e2ncia &amp; Educa\u00e7\u00e3o","article_modified_time":"2021-06-22T11:31:57+00:00","og_image":[{"url":"https:\/\/sites.ipleiria.pt\/cicie2021\/files\/2021\/04\/Cartaz_Confere\u0302ncia-7-724x1024.png","type":"","width":"","height":""}],"twitter_card":"summary_large_image","twitter_misc":{"Tempo estimado de leitura":"1 minuto"},"schema":{"@context":"https:\/\/schema.org","@graph":[{"@type":"WebPage","@id":"https:\/\/sites.ipleiria.pt\/cicie2021\/conferencia-7\/","url":"https:\/\/sites.ipleiria.pt\/cicie2021\/conferencia-7\/","name":"Confer\u00eancia 7 - Ciclo Internacional de Confer\u00eancias: Inf\u00e2ncia &amp; Educa\u00e7\u00e3o","isPartOf":{"@id":"https:\/\/sites.ipleiria.pt\/cicie2021\/#website"},"datePublished":"2021-04-28T09:10:14+00:00","dateModified":"2021-06-22T11:31:57+00:00","breadcrumb":{"@id":"https:\/\/sites.ipleiria.pt\/cicie2021\/conferencia-7\/#breadcrumb"},"inLanguage":"pt-PT","potentialAction":[{"@type":"ReadAction","target":["https:\/\/sites.ipleiria.pt\/cicie2021\/conferencia-7\/"]}]},{"@type":"BreadcrumbList","@id":"https:\/\/sites.ipleiria.pt\/cicie2021\/conferencia-7\/#breadcrumb","itemListElement":[{"@type":"ListItem","position":1,"name":"In\u00edcio","item":"https:\/\/sites.ipleiria.pt\/cicie2021\/"},{"@type":"ListItem","position":2,"name":"Confer\u00eancia 7"}]},{"@type":"WebSite","@id":"https:\/\/sites.ipleiria.pt\/cicie2021\/#website","url":"https:\/\/sites.ipleiria.pt\/cicie2021\/","name":"Ciclo Internacional de Confer\u00eancias: Inf\u00e2ncia &amp; Educa\u00e7\u00e3o","description":"","potentialAction":[{"@type":"SearchAction","target":{"@type":"EntryPoint","urlTemplate":"https:\/\/sites.ipleiria.pt\/cicie2021\/?s={search_term_string}"},"query-input":{"@type":"PropertyValueSpecification","valueRequired":true,"valueName":"search_term_string"}}],"inLanguage":"pt-PT"}]}},"_links":{"self":[{"href":"https:\/\/sites.ipleiria.pt\/cicie2021\/wp-json\/wp\/v2\/pages\/416","targetHints":{"allow":["GET"]}}],"collection":[{"href":"https:\/\/sites.ipleiria.pt\/cicie2021\/wp-json\/wp\/v2\/pages"}],"about":[{"href":"https:\/\/sites.ipleiria.pt\/cicie2021\/wp-json\/wp\/v2\/types\/page"}],"author":[{"embeddable":true,"href":"https:\/\/sites.ipleiria.pt\/cicie2021\/wp-json\/wp\/v2\/users\/5223"}],"replies":[{"embeddable":true,"href":"https:\/\/sites.ipleiria.pt\/cicie2021\/wp-json\/wp\/v2\/comments?post=416"}],"version-history":[{"count":5,"href":"https:\/\/sites.ipleiria.pt\/cicie2021\/wp-json\/wp\/v2\/pages\/416\/revisions"}],"predecessor-version":[{"id":574,"href":"https:\/\/sites.ipleiria.pt\/cicie2021\/wp-json\/wp\/v2\/pages\/416\/revisions\/574"}],"wp:attachment":[{"href":"https:\/\/sites.ipleiria.pt\/cicie2021\/wp-json\/wp\/v2\/media?parent=416"}],"curies":[{"name":"wp","href":"https:\/\/api.w.org\/{rel}","templated":true}]}}