{"id":187,"date":"2017-04-26T16:55:39","date_gmt":"2017-04-26T16:55:39","guid":{"rendered":"http:\/\/sites.ipleiria.pt\/cipc2017\/?page_id=187"},"modified":"2017-09-27T11:33:26","modified_gmt":"2017-09-27T11:33:26","slug":"organizacion","status":"publish","type":"page","link":"https:\/\/sites.ipleiria.pt\/cipc2017\/es\/organizacion\/","title":{"rendered":"Organizaci\u00f3n"},"content":{"rendered":"<p><strong>Comit\u00e9 Organizador<\/strong><br \/>\nAlexandre Soares<br \/>\nAna Fontes<br \/>\nAna Vieira<br \/>\nFernando Magalh\u00e3es<br \/>\nJenny Sousa<br \/>\nJos\u00e9 Vicente<br \/>\nMaria Adelaide Ferreira<br \/>\nMaria de S\u00e3o Pedro Lopes<br \/>\nMarisa Barroso<br \/>\nRicardo Vieira<\/p>\n<p><strong>Comit\u00e9 Cient\u00edfico<\/strong><\/p>\n<p>Alicia Mercado-Harvey (Chile)<br \/>\nAna Maria Diaz Collazo (USA)<br \/>\nAna Maria das Neves Vieira (Instituto Polit\u00e9cnico de Leiria &#8211; Portugal)<br \/>\nCarla Freire (Instituto Polit\u00e9cnico de Leiria \u2013 Portugal)<br \/>\nCatarina Mangas (Instituto Polit\u00e9cnico de Leiria \u2013 Portugal)<br \/>\nCl\u00e1udia Renault (Escola Guignard \u2013 Brasil)<br \/>\nDavid V\u00e1squez Hurtado (Fort Lewis College &#8211; USA)<br \/>\nDavid Harvey (New College of Florida &#8211; USA)<br \/>\nEva Navarro (Universidad de Valladolid &#8211; Espa\u00f1a)<br \/>\nFernando Magalh\u00e3es (Instituto Polit\u00e9cnico de Leiria &#8211; Portugal)<br \/>\nGenoveva Oliveira (Portugal)<br \/>\nIsabel Branco (ESTAL \u2013 Portugal)<br \/>\nJenny Sousa (Instituto Polit\u00e9cnico de Leiria &#8211; Portugal)<br \/>\nJoaquim Ruivo (Mosteiro de Santa Maria da Vit\u00f3ria \u2013 Portugal)<br \/>\nJos\u00e9 Duque Vicente (Instituto Polit\u00e9cnico de Leiria &#8211; Portugal)<br \/>\nJos\u00e9 Marques (Instituto Polit\u00e9cnico de Leiria &#8211; Portugal)<br \/>\nL\u00facia Magueta (Instituto Polit\u00e9cnico de Leiria \u2013 Portugal)<br \/>\nManuel Gama (Universidade do Minho &#8211; Portugal)<br \/>\nMariana Celina Fabbroni (Universidad Nacional de Quilmes \/ Universidades Argentinas- Argentina)<br \/>\nMaria do C\u00e9u Melo (Universidade do Minho \u2013 Portugal)<br \/>\nMaria de S\u00e3o Pedro Lopes (Instituto Polit\u00e9cnico de Leiria &#8211; Portugal)<br \/>\nMaria da Gra\u00e7a Po\u00e7as Santos (Instituto Polit\u00e9cnico de Leiria &#8211; Portugal)<br \/>\nM\u00e1rio Oliveira (Instituto Polit\u00e9cnico de Leiria &#8211; Portugal)<br \/>\nMarisa Barroso (Instituto Polit\u00e9cnico de Leiria &#8211; Portugal)<br \/>\nMicael Oliveira (CEPAE \u2013 Portugal)<br \/>\nSara M\u00f3nico (Instituto Polit\u00e9cnico de Leiria \u2013 Portugal)<br \/>\nRicardo Vieira (Instituto Polit\u00e9cnico de Leiria &#8211; Portugal)ault (Escola Guignard \u2013 Brasil)<\/p>\n<p>&nbsp;<\/p>\n<p><strong>Instituciones Organizadoras<\/strong><br \/>\nCics-Nova \u2013 P\u00f3lo de Leiria<br \/>\nEscola Superior de Educa\u00e7\u00e3o e Ci\u00eancias Sociais \u2013 Instituto Polit\u00e9cnico de Leiria<br \/>\nNIDE \u2013 ESECS &#8211; Instituto Polit\u00e9cnico de Leiria<\/p>\n<p><strong>Socios Institucionales<\/strong><br \/>\nCEPAE \u2013 Centro de Patrim\u00f3nio da Estremadura<br \/>\nESTAL \u2013 Escola Superior de Tecnologias e Artes de Lisboa<br \/>\nMosteiro de Santa Maria da Vit\u00f3ria<br \/>\nJornal de Leiria<\/p>\n","protected":false},"excerpt":{"rendered":"<p>Comit\u00e9 Organizador Alexandre Soares Ana Fontes Ana Vieira Fernando Magalh\u00e3es Jenny Sousa Jos\u00e9 Vicente Maria Adelaide Ferreira Maria de S\u00e3o Pedro Lopes Marisa Barroso Ricardo Vieira Comit\u00e9 Cient\u00edfico Alicia Mercado-Harvey (Chile) Ana Maria Diaz Collazo (USA) Ana Maria das Neves&hellip;  <\/p>\n<p class=\"more-link\"><a href=\"https:\/\/sites.ipleiria.pt\/cipc2017\/es\/organizacion\/\">Continue reading <span class=\"meta-nav\">&rarr;<\/span><\/a><\/p>\n","protected":false},"author":102,"featured_media":0,"parent":0,"menu_order":0,"comment_status":"closed","ping_status":"closed","template":"","meta":{"footnotes":""},"class_list":["post-187","page","type-page","status-publish","hentry"],"_links":{"self":[{"href":"https:\/\/sites.ipleiria.pt\/cipc2017\/wp-json\/wp\/v2\/pages\/187","targetHints":{"allow":["GET"]}}],"collection":[{"href":"https:\/\/sites.ipleiria.pt\/cipc2017\/wp-json\/wp\/v2\/pages"}],"about":[{"href":"https:\/\/sites.ipleiria.pt\/cipc2017\/wp-json\/wp\/v2\/types\/page"}],"author":[{"embeddable":true,"href":"https:\/\/sites.ipleiria.pt\/cipc2017\/wp-json\/wp\/v2\/users\/102"}],"replies":[{"embeddable":true,"href":"https:\/\/sites.ipleiria.pt\/cipc2017\/wp-json\/wp\/v2\/comments?post=187"}],"version-history":[{"count":10,"href":"https:\/\/sites.ipleiria.pt\/cipc2017\/wp-json\/wp\/v2\/pages\/187\/revisions"}],"predecessor-version":[{"id":415,"href":"https:\/\/sites.ipleiria.pt\/cipc2017\/wp-json\/wp\/v2\/pages\/187\/revisions\/415"}],"wp:attachment":[{"href":"https:\/\/sites.ipleiria.pt\/cipc2017\/wp-json\/wp\/v2\/media?parent=187"}],"curies":[{"name":"wp","href":"https:\/\/api.w.org\/{rel}","templated":true}]}}