{"id":70,"date":"2017-04-06T14:58:10","date_gmt":"2017-04-06T14:58:10","guid":{"rendered":"http:\/\/sites.ipleiria.pt\/cipc2017\/?page_id=70"},"modified":"2017-07-06T21:35:32","modified_gmt":"2017-07-06T21:35:32","slug":"inscricoes","status":"publish","type":"page","link":"https:\/\/sites.ipleiria.pt\/cipc2017\/pt\/inscricoes\/","title":{"rendered":"Inscri\u00e7\u00f5es"},"content":{"rendered":"<p>Participante (Autor) e p\u00fablico geral\u2013 40 Euros<br \/>\nFuncion\u00e1rios docentes\/n\u00e3o docentes e antigos estudantes do IPLeiria \u2013 30 euros<br \/>\nEstudantes de outras institui\u00e7\u00f5es \u2013 10 euros<br \/>\nEstudantes do IPLeiria \u2013 gratuito, mas sujeito a inscri\u00e7\u00e3o<\/p>\n<p><a href=\"http:\/\/www.eventos.ipleiria.pt\/portal\/eventos?p_id=24079&amp;lang=pt-PT\"><strong>Formul\u00e1rio de Inscri\u00e7\u00e3o<\/strong><\/a><\/p>\n<p>____________________________________<\/p>\n<p><strong>Pagamento \/ Termos e Condi\u00e7\u00f5es:<\/strong><br \/>\nA taxa de inscri\u00e7\u00e3o inclui a assist\u00eancia \u00e0 confer\u00eancia, o e-book\u00a0do congresso, o acesso ao material informativo e aos &#8220;coffee-breaks&#8221;.<br \/>\nO cancelamento de inscri\u00e7\u00f5es implica a perda total do valor da taxa de inscri\u00e7\u00e3o, n\u00e3o havendo lugar a reembolsos.<\/p>\n<p><strong>Informa\u00e7\u00f5es\/ secretariado:<\/strong><br \/>\nGabinete de Rela\u00e7\u00f5es P\u00fablicas e Coopera\u00e7\u00e3o Internacional<br \/>\nEscola Superior de Educa\u00e7\u00e3o e Ci\u00eancias Sociais (Instituto Polit\u00e9cnico de Leiria)<br \/>\nEmail: grpci.esecs@ipleiria.pt<br \/>\nTel: (+351) 244 829 471<\/p>\n<p><strong>Comiss\u00e3o Organizadora<\/strong><br \/>\ncongressopcia@gmail.com<\/p>\n","protected":false},"excerpt":{"rendered":"<p>Participante (Autor) e p\u00fablico geral\u2013 40 Euros Funcion\u00e1rios docentes\/n\u00e3o docentes e antigos estudantes do IPLeiria \u2013 30 euros Estudantes de outras institui\u00e7\u00f5es \u2013 10 euros Estudantes do IPLeiria \u2013 gratuito, mas sujeito a inscri\u00e7\u00e3o Formul\u00e1rio de Inscri\u00e7\u00e3o ____________________________________ Pagamento \/&hellip;  <\/p>\n<p class=\"more-link\"><a href=\"https:\/\/sites.ipleiria.pt\/cipc2017\/pt\/inscricoes\/\">Continue reading <span class=\"meta-nav\">&rarr;<\/span><\/a><\/p>\n","protected":false},"author":102,"featured_media":0,"parent":0,"menu_order":4,"comment_status":"closed","ping_status":"closed","template":"","meta":{"footnotes":""},"class_list":["post-70","page","type-page","status-publish","hentry"],"_links":{"self":[{"href":"https:\/\/sites.ipleiria.pt\/cipc2017\/wp-json\/wp\/v2\/pages\/70","targetHints":{"allow":["GET"]}}],"collection":[{"href":"https:\/\/sites.ipleiria.pt\/cipc2017\/wp-json\/wp\/v2\/pages"}],"about":[{"href":"https:\/\/sites.ipleiria.pt\/cipc2017\/wp-json\/wp\/v2\/types\/page"}],"author":[{"embeddable":true,"href":"https:\/\/sites.ipleiria.pt\/cipc2017\/wp-json\/wp\/v2\/users\/102"}],"replies":[{"embeddable":true,"href":"https:\/\/sites.ipleiria.pt\/cipc2017\/wp-json\/wp\/v2\/comments?post=70"}],"version-history":[{"count":14,"href":"https:\/\/sites.ipleiria.pt\/cipc2017\/wp-json\/wp\/v2\/pages\/70\/revisions"}],"predecessor-version":[{"id":346,"href":"https:\/\/sites.ipleiria.pt\/cipc2017\/wp-json\/wp\/v2\/pages\/70\/revisions\/346"}],"wp:attachment":[{"href":"https:\/\/sites.ipleiria.pt\/cipc2017\/wp-json\/wp\/v2\/media?parent=70"}],"curies":[{"name":"wp","href":"https:\/\/api.w.org\/{rel}","templated":true}]}}