{"id":10,"date":"2019-12-12T11:50:52","date_gmt":"2019-12-12T11:50:52","guid":{"rendered":"https:\/\/sites.ipleiria.pt\/4ciead\/?page_id=10"},"modified":"2024-10-29T15:48:06","modified_gmt":"2024-10-29T15:48:06","slug":"organizacao","status":"publish","type":"page","link":"https:\/\/sites.ipleiria.pt\/ciplg\/pt\/organizacao\/","title":{"rendered":"Organiza\u00e7\u00e3o"},"content":{"rendered":"\n<p><strong>Comiss\u00e3o Executiva<\/strong><br>Catarina Castro (Polit\u00e9cnico de Leiria)<br>Catarina Mangas (Polit\u00e9cnico de Leiria)<br>Fausto Caels (Polit\u00e9cnico de Leiria)<\/p>\n\n\n\n<p><\/p>\n\n\n\n<p><strong>Comiss\u00e3o Organizadora <\/strong><br>Ana Barbosa (Polit\u00e9cnico de Leiria)<br>Catarina Castro (Polit\u00e9cnico de Leiria)<br>Catarina Mangas (Polit\u00e9cnico de Leiria)<br>Fausto Caels (Polit\u00e9cnico de Leiria)<br>Fl\u00e1via Coelho (Polit\u00e9cnico de Leiria)<br>In\u00eas Conde (Polit\u00e9cnico de Leiria)<br>Marta Alexandre (Polit\u00e9cnico de Leiria)<br>Pedro Sacadura (Polit\u00e9cnico de Leiria)<br>Rita Bispo (Polit\u00e9cnico de Leiria)<br>Romain Gillain (Polit\u00e9cnico de Leiria)<br>Sandie Mour\u00e3o (Universidade Nova de Lisboa)<br>Susana Nunes (Polit\u00e9cnico de Leiria)<\/p>\n\n\n\n<p><\/p>\n\n\n\n<p><\/p>\n\n\n\n<p><strong>Comiss\u00e3o Cient\u00edfica<\/strong><br>Ana Barbosa (Polit\u00e9cnico de Leiria)<br>Adelina Castelo (Universidade Aberta)<br>Adriana Martins (Universidade Cat\u00f3lica de Lisboa)<br>Ana Isabel Moreira (Instituto Piaget VNGaia; Polit\u00e9cnico de Leiria)<br>Ant\u00f3nia Estrela (CLiC-IPL, ESELx)<br>Ana Madeira (Universidade Nova de Lisboa)<br>Ana Maria Martinho Gale (Universidade Nova de Lisboa)<br>Ana Rita Carrilho (Universidade da Beira Interior)<br>Catarina Castro (Polit\u00e9cnico de Leiria)<br>Catarina Mangas (Polit\u00e9cnico de Leiria)<br>Cristina Martins (Universidade de Coimbra)<br>Cristina Flores (Universidade do Minho)<br>Fausto Caels (Polit\u00e9cnico de Leiria)<br>Fl\u00e1via Coelho (Polit\u00e9cnico de Leiria)<br>In\u00eas Cardoso (Polit\u00e9cnico de Santar\u00e9m)<br>In\u00eas Conde (Polit\u00e9cnico de Leiria)<br>Isabel Margarida Duarte (Universidade do Porto)<br>Isabel Pereira (Universidade de Coimbra)<br>Isabel Santos (Universidade de Coimbra)<br>Jorge Pinto (Universidade de Lisboa)<br>Liliana Inverno (Universidade de Coimbra)<br>Lu\u00eds Barbeiro (Polit\u00e9cnico de Leiria)<br>Maria Jos\u00e9 Grosso (Universidade de Macau)<br>Marta Filipe Alexandre (Polit\u00e9cnico de Leiria)<br>Micaela Ramon (Universidade do Minho)<br>N\u00e9lia Alexandre (Universidade de Lisboa)<br>Paulo Os\u00f3rio (Universidade Aberta)<br>Pedro Sacadura (Polit\u00e9cnico de Leiria)<br>Rita Bispo (Polit\u00e9cnico de Leiria)<br>Rita Faria (Universidade Cat\u00f3lica Portuguesa)<br>Romain Gillain (Polit\u00e9cnico de Leiria)<br>Susana Nunes (Polit\u00e9cnico de Leiria)<\/p>\n\n\n\n<p><strong>Entidades Envolvidas<\/strong><br>ESECS do Polit\u00e9cnico de Leiria<br>UNL (Universidade Nova de Lisboa)<br>GEPLE (Grupo de Ensino de Portugu\u00eas L\u00edngua Estrangeira)<br>CETAPS (Centre for English, Translation, and Anglo-Portuguese Studies)<\/p>\n","protected":false},"excerpt":{"rendered":"<p>Comiss\u00e3o ExecutivaCatarina Castro (Polit\u00e9cnico de Leiria)Catarina Mangas (Polit\u00e9cnico de Leiria)Fausto Caels (Polit\u00e9cnico de Leiria) Comiss\u00e3o Organizadora Ana Barbosa (Polit\u00e9cnico de Leiria)Catarina Castro (Polit\u00e9cnico de Leiria)Catarina Mangas (Polit\u00e9cnico de Leiria)Fausto Caels (Polit\u00e9cnico de Leiria)Fl\u00e1via Coelho (Polit\u00e9cnico de Leiria)In\u00eas Conde (Polit\u00e9cnico de&hellip;  <\/p>\n<p class=\"more-link\"><a href=\"https:\/\/sites.ipleiria.pt\/ciplg\/pt\/organizacao\/\">Continue reading <span class=\"meta-nav\">&rarr;<\/span><\/a><\/p>\n","protected":false},"author":102,"featured_media":0,"parent":0,"menu_order":0,"comment_status":"closed","ping_status":"closed","template":"","meta":{"footnotes":""},"class_list":["post-10","page","type-page","status-publish","hentry"],"_links":{"self":[{"href":"https:\/\/sites.ipleiria.pt\/ciplg\/wp-json\/wp\/v2\/pages\/10","targetHints":{"allow":["GET"]}}],"collection":[{"href":"https:\/\/sites.ipleiria.pt\/ciplg\/wp-json\/wp\/v2\/pages"}],"about":[{"href":"https:\/\/sites.ipleiria.pt\/ciplg\/wp-json\/wp\/v2\/types\/page"}],"author":[{"embeddable":true,"href":"https:\/\/sites.ipleiria.pt\/ciplg\/wp-json\/wp\/v2\/users\/102"}],"replies":[{"embeddable":true,"href":"https:\/\/sites.ipleiria.pt\/ciplg\/wp-json\/wp\/v2\/comments?post=10"}],"version-history":[{"count":6,"href":"https:\/\/sites.ipleiria.pt\/ciplg\/wp-json\/wp\/v2\/pages\/10\/revisions"}],"predecessor-version":[{"id":1218,"href":"https:\/\/sites.ipleiria.pt\/ciplg\/wp-json\/wp\/v2\/pages\/10\/revisions\/1218"}],"wp:attachment":[{"href":"https:\/\/sites.ipleiria.pt\/ciplg\/wp-json\/wp\/v2\/media?parent=10"}],"curies":[{"name":"wp","href":"https:\/\/api.w.org\/{rel}","templated":true}]}}