{"id":18,"date":"2019-12-12T11:52:30","date_gmt":"2019-12-12T11:52:30","guid":{"rendered":"https:\/\/sites.ipleiria.pt\/4ciead\/?page_id=18"},"modified":"2024-10-01T09:32:08","modified_gmt":"2024-10-01T09:32:08","slug":"datas-importantes","status":"publish","type":"page","link":"https:\/\/sites.ipleiria.pt\/ciplg\/pt\/datas-importantes\/","title":{"rendered":"Datas Importantes"},"content":{"rendered":"\n<p><strong>Resumos<\/strong><br>&#8211; Submiss\u00e3o de resumos:\u00a0<s>30 setembro 2024<\/s> <mark class=\"has-inline-color has-luminous-vivid-orange-color\">at\u00e9 20 de outubro<\/mark><br>&#8211; Notifica\u00e7\u00e3o aos autores:\u00a0<s>at\u00e9 31 outubro 2024<\/s> <mark class=\"has-inline-color has-luminous-vivid-orange-color\">at\u00e9 15 de novembro<\/mark><\/p>\n\n\n\n<h2 class=\"wp-block-heading\"><\/h2>\n\n\n\n<p><mark style=\"background-color:#ffffff\" class=\"has-inline-color has-luminous-vivid-orange-color\"><strong>Confer\u00eancia<\/strong><\/mark><\/p>\n\n\n\n<p><mark style=\"background-color:#ffffff\" class=\"has-inline-color has-luminous-vivid-orange-color\">24 e 25 de janeiro, 2025<\/mark><\/p>\n\n\n\n<h2 class=\"wp-block-heading\"><\/h2>\n\n\n\n<p><strong>Publica\u00e7\u00f5es<\/strong><\/p>\n\n\n\n<p><strong>&#8211;&gt; Livro de resumos alargados (ebook com ISBN e DOI)<\/strong>:&nbsp;at\u00e9 28 fevereiro de 2025 <\/p>\n\n\n\n<p><strong>&#8211;&gt; Artigos selecionados (ebook numa editora ou numa revista na \u00e1rea do PLE\/PL2\/PLNM)<\/strong><br>&#8211; Submiss\u00e3o de artigos:&nbsp;at\u00e9 31 mar\u00e7o 2025<br>&#8211; Notifica\u00e7\u00e3o aos autores:&nbsp;at\u00e9 30 abril 2025<br>&#8211; Publica\u00e7\u00e3o dos artigos:&nbsp;at\u00e9 31 dezembro de 2025<\/p>\n\n\n\n<p><\/p>\n","protected":false},"excerpt":{"rendered":"<p>Resumos&#8211; Submiss\u00e3o de resumos:\u00a030 setembro 2024 at\u00e9 20 de outubro&#8211; Notifica\u00e7\u00e3o aos autores:\u00a0at\u00e9 31 outubro 2024 at\u00e9 15 de novembro Confer\u00eancia 24 e 25 de janeiro, 2025 Publica\u00e7\u00f5es &#8211;&gt; Livro de resumos alargados (ebook com ISBN e DOI):&nbsp;at\u00e9 28 fevereiro&hellip;  <\/p>\n<p class=\"more-link\"><a href=\"https:\/\/sites.ipleiria.pt\/ciplg\/pt\/datas-importantes\/\">Continue reading <span class=\"meta-nav\">&rarr;<\/span><\/a><\/p>\n","protected":false},"author":102,"featured_media":0,"parent":0,"menu_order":0,"comment_status":"closed","ping_status":"closed","template":"","meta":{"footnotes":""},"class_list":["post-18","page","type-page","status-publish","hentry"],"_links":{"self":[{"href":"https:\/\/sites.ipleiria.pt\/ciplg\/wp-json\/wp\/v2\/pages\/18","targetHints":{"allow":["GET"]}}],"collection":[{"href":"https:\/\/sites.ipleiria.pt\/ciplg\/wp-json\/wp\/v2\/pages"}],"about":[{"href":"https:\/\/sites.ipleiria.pt\/ciplg\/wp-json\/wp\/v2\/types\/page"}],"author":[{"embeddable":true,"href":"https:\/\/sites.ipleiria.pt\/ciplg\/wp-json\/wp\/v2\/users\/102"}],"replies":[{"embeddable":true,"href":"https:\/\/sites.ipleiria.pt\/ciplg\/wp-json\/wp\/v2\/comments?post=18"}],"version-history":[{"count":20,"href":"https:\/\/sites.ipleiria.pt\/ciplg\/wp-json\/wp\/v2\/pages\/18\/revisions"}],"predecessor-version":[{"id":1203,"href":"https:\/\/sites.ipleiria.pt\/ciplg\/wp-json\/wp\/v2\/pages\/18\/revisions\/1203"}],"wp:attachment":[{"href":"https:\/\/sites.ipleiria.pt\/ciplg\/wp-json\/wp\/v2\/media?parent=18"}],"curies":[{"name":"wp","href":"https:\/\/api.w.org\/{rel}","templated":true}]}}