{"id":18,"date":"2013-05-24T15:33:45","date_gmt":"2013-05-24T15:33:45","guid":{"rendered":"http:\/\/sites.ipleiria.pt\/coerenciacv\/?page_id=18"},"modified":"2013-07-25T10:24:03","modified_gmt":"2013-07-25T10:24:03","slug":"monitorizacao","status":"publish","type":"page","link":"https:\/\/sites.ipleiria.pt\/coerenciacv\/monitorizacao\/","title":{"rendered":"Monitoriza\u00e7\u00e3o"},"content":{"rendered":"<p style=\"text-align: justify\">O n\u00facleo de trabalho de organiza\u00e7\u00f5es da sociedade civil criado ir\u00e1 utilizar a <em>Coer\u00eancia das Pol\u00edticas para o Desenvolvimento<\/em> como um instrumento de monitoriza\u00e7\u00e3o e identifica\u00e7\u00e3o de pol\u00edticas incoerentes. Assim, ap\u00f3s um eixo de <em>sensibiliza\u00e7\u00e3o &#8211; forma\u00e7\u00e3o &#8211; capacita\u00e7\u00e3o<\/em> para a tem\u00e1tica, as organiza\u00e7\u00f5es ser\u00e3o capazes de:<\/p>\n<ul>\n<li><span style=\"line-height: 1.714285714;font-size: 1rem\">Realizar um papel de <\/span><em style=\"line-height: 1.714285714;font-size: 1rem\">watchdog<\/em><span style=\"line-height: 1.714285714;font-size: 1rem\"> junto das suas comunidades locais, procurando detectar casos concretos de incoer\u00eancias no terreno, reportando-os;<\/span><\/li>\n<li>Sensibilizar a comunica\u00e7\u00e3o social para a relev\u00e2ncia das pol\u00edticas que entram em confronto com os objectivos de desenvolvimento nacionais.<\/li>\n<\/ul>\n<p>O n\u00facleo de trabalho divide-se em Grupos de Trabalho dedicados a 3 das \u00e1reas priorit\u00e1rias da CPD: Agricultura, Ambiente e Pesca.<\/p>\n","protected":false},"excerpt":{"rendered":"<p>O n\u00facleo de trabalho de organiza\u00e7\u00f5es da sociedade civil criado ir\u00e1 utilizar a Coer\u00eancia das Pol\u00edticas para o Desenvolvimento como um instrumento de monitoriza\u00e7\u00e3o e identifica\u00e7\u00e3o de pol\u00edticas incoerentes. Assim, ap\u00f3s um eixo de sensibiliza\u00e7\u00e3o &#8211; forma\u00e7\u00e3o &#8211; capacita\u00e7\u00e3o para a tem\u00e1tica, as organiza\u00e7\u00f5es ser\u00e3o capazes de: Realizar um papel de watchdog junto das suas [&hellip;]<\/p>\n","protected":false},"author":102,"featured_media":0,"parent":0,"menu_order":2,"comment_status":"closed","ping_status":"open","template":"","meta":{"footnotes":""},"class_list":["post-18","page","type-page","status-publish","hentry"],"_links":{"self":[{"href":"https:\/\/sites.ipleiria.pt\/coerenciacv\/wp-json\/wp\/v2\/pages\/18","targetHints":{"allow":["GET"]}}],"collection":[{"href":"https:\/\/sites.ipleiria.pt\/coerenciacv\/wp-json\/wp\/v2\/pages"}],"about":[{"href":"https:\/\/sites.ipleiria.pt\/coerenciacv\/wp-json\/wp\/v2\/types\/page"}],"author":[{"embeddable":true,"href":"https:\/\/sites.ipleiria.pt\/coerenciacv\/wp-json\/wp\/v2\/users\/102"}],"replies":[{"embeddable":true,"href":"https:\/\/sites.ipleiria.pt\/coerenciacv\/wp-json\/wp\/v2\/comments?post=18"}],"version-history":[{"count":4,"href":"https:\/\/sites.ipleiria.pt\/coerenciacv\/wp-json\/wp\/v2\/pages\/18\/revisions"}],"predecessor-version":[{"id":213,"href":"https:\/\/sites.ipleiria.pt\/coerenciacv\/wp-json\/wp\/v2\/pages\/18\/revisions\/213"}],"wp:attachment":[{"href":"https:\/\/sites.ipleiria.pt\/coerenciacv\/wp-json\/wp\/v2\/media?parent=18"}],"curies":[{"name":"wp","href":"https:\/\/api.w.org\/{rel}","templated":true}]}}