{"id":37,"date":"2013-05-24T15:37:02","date_gmt":"2013-05-24T15:37:02","guid":{"rendered":"http:\/\/sites.ipleiria.pt\/coerenciacv\/?page_id=37"},"modified":"2013-07-23T16:38:37","modified_gmt":"2013-07-23T16:38:37","slug":"art-opiniao","status":"publish","type":"page","link":"https:\/\/sites.ipleiria.pt\/coerenciacv\/recursos\/art-opiniao\/","title":{"rendered":"Artigos de Opini\u00e3o"},"content":{"rendered":"<p style=\"text-align: justify\">Est\u00e1 prevista a elabora\u00e7\u00e3o de 12 <em>Artigos de Opini\u00e3o<\/em>\u00a0publicados em jornais nacionais e\/ou internacionais. Os mesmos ser\u00e3o oportunamente disponibilizados neste espa\u00e7o.<\/p>\n","protected":false},"excerpt":{"rendered":"<p>Est\u00e1 prevista a elabora\u00e7\u00e3o de 12 Artigos de Opini\u00e3o\u00a0publicados em jornais nacionais e\/ou internacionais. Os mesmos ser\u00e3o oportunamente disponibilizados neste espa\u00e7o.<\/p>\n","protected":false},"author":102,"featured_media":0,"parent":32,"menu_order":2,"comment_status":"closed","ping_status":"open","template":"","meta":{"footnotes":""},"class_list":["post-37","page","type-page","status-publish","hentry"],"_links":{"self":[{"href":"https:\/\/sites.ipleiria.pt\/coerenciacv\/wp-json\/wp\/v2\/pages\/37","targetHints":{"allow":["GET"]}}],"collection":[{"href":"https:\/\/sites.ipleiria.pt\/coerenciacv\/wp-json\/wp\/v2\/pages"}],"about":[{"href":"https:\/\/sites.ipleiria.pt\/coerenciacv\/wp-json\/wp\/v2\/types\/page"}],"author":[{"embeddable":true,"href":"https:\/\/sites.ipleiria.pt\/coerenciacv\/wp-json\/wp\/v2\/users\/102"}],"replies":[{"embeddable":true,"href":"https:\/\/sites.ipleiria.pt\/coerenciacv\/wp-json\/wp\/v2\/comments?post=37"}],"version-history":[{"count":4,"href":"https:\/\/sites.ipleiria.pt\/coerenciacv\/wp-json\/wp\/v2\/pages\/37\/revisions"}],"predecessor-version":[{"id":191,"href":"https:\/\/sites.ipleiria.pt\/coerenciacv\/wp-json\/wp\/v2\/pages\/37\/revisions\/191"}],"up":[{"embeddable":true,"href":"https:\/\/sites.ipleiria.pt\/coerenciacv\/wp-json\/wp\/v2\/pages\/32"}],"wp:attachment":[{"href":"https:\/\/sites.ipleiria.pt\/coerenciacv\/wp-json\/wp\/v2\/media?parent=37"}],"curies":[{"name":"wp","href":"https:\/\/api.w.org\/{rel}","templated":true}]}}