{"id":371,"date":"2014-07-17T10:30:38","date_gmt":"2014-07-17T10:30:38","guid":{"rendered":"http:\/\/sites.ipleiria.pt\/coerenciacv\/?page_id=371"},"modified":"2014-07-17T11:56:23","modified_gmt":"2014-07-17T11:56:23","slug":"ferramentas","status":"publish","type":"page","link":"https:\/\/sites.ipleiria.pt\/coerenciacv\/monitorizacao\/ferramentas\/","title":{"rendered":"Ferramentas"},"content":{"rendered":"<p><strong>Indicadores e instrumentos de monitoriza\u00e7\u00e3o da Coer\u00eancia das Pol\u00edticas para o Desenvolvimento:<\/strong><\/p>\n<p><a href=\"http:\/\/sites.ipleiria.pt\/coerenciacv\/files\/2014\/07\/Ferramentas_2_Site1.pdf\">Ambiente &amp; Altera\u00e7\u00f5es Clim\u00e1ticas<\/a><\/p>\n<p><a href=\"http:\/\/sites.ipleiria.pt\/coerenciacv\/files\/2014\/07\/Ferramentas_Sociedade_Site.pdf\">Sociedade<\/a><\/p>\n<p><a href=\"http:\/\/sites.ipleiria.pt\/coerenciacv\/files\/2014\/07\/Ferramentas_Governan\u00e7a_Econ\u00f3mica_Site.pdf\">Governan\u00e7a Econ\u00f3mica<\/a><\/p>\n<p><a href=\"http:\/\/sites.ipleiria.pt\/coerenciacv\/files\/2014\/07\/Ferramentas_Crescimento_Econ\u00f3mico_Site.pdf\">Crescimento Econ\u00f3mico<\/a><\/p>\n<p>&nbsp;<\/p>\n","protected":false},"excerpt":{"rendered":"<p>Indicadores e instrumentos de monitoriza\u00e7\u00e3o da Coer\u00eancia das Pol\u00edticas para o Desenvolvimento: Ambiente &amp; Altera\u00e7\u00f5es Clim\u00e1ticas Sociedade Governan\u00e7a Econ\u00f3mica Crescimento Econ\u00f3mico &nbsp;<\/p>\n","protected":false},"author":1670,"featured_media":0,"parent":18,"menu_order":0,"comment_status":"open","ping_status":"open","template":"","meta":{"footnotes":""},"class_list":["post-371","page","type-page","status-publish","hentry"],"_links":{"self":[{"href":"https:\/\/sites.ipleiria.pt\/coerenciacv\/wp-json\/wp\/v2\/pages\/371","targetHints":{"allow":["GET"]}}],"collection":[{"href":"https:\/\/sites.ipleiria.pt\/coerenciacv\/wp-json\/wp\/v2\/pages"}],"about":[{"href":"https:\/\/sites.ipleiria.pt\/coerenciacv\/wp-json\/wp\/v2\/types\/page"}],"author":[{"embeddable":true,"href":"https:\/\/sites.ipleiria.pt\/coerenciacv\/wp-json\/wp\/v2\/users\/1670"}],"replies":[{"embeddable":true,"href":"https:\/\/sites.ipleiria.pt\/coerenciacv\/wp-json\/wp\/v2\/comments?post=371"}],"version-history":[{"count":6,"href":"https:\/\/sites.ipleiria.pt\/coerenciacv\/wp-json\/wp\/v2\/pages\/371\/revisions"}],"predecessor-version":[{"id":383,"href":"https:\/\/sites.ipleiria.pt\/coerenciacv\/wp-json\/wp\/v2\/pages\/371\/revisions\/383"}],"up":[{"embeddable":true,"href":"https:\/\/sites.ipleiria.pt\/coerenciacv\/wp-json\/wp\/v2\/pages\/18"}],"wp:attachment":[{"href":"https:\/\/sites.ipleiria.pt\/coerenciacv\/wp-json\/wp\/v2\/media?parent=371"}],"curies":[{"name":"wp","href":"https:\/\/api.w.org\/{rel}","templated":true}]}}