{"id":123,"date":"2015-06-22T21:54:17","date_gmt":"2015-06-22T21:54:17","guid":{"rendered":"http:\/\/insia.wordpress.forinsia.com\/comacesso\/?page_id=123"},"modified":"2020-09-11T21:58:22","modified_gmt":"2020-09-11T21:58:22","slug":"e-tao-facil","status":"publish","type":"page","link":"https:\/\/sites.ipleiria.pt\/comAcesso\/conhecer\/e-tao-facil\/","title":{"rendered":"\u00c9 t\u00e3o f\u00e1cil?"},"content":{"rendered":"\n<blockquote class=\"wp-block-quote is-layout-flow wp-block-quote-is-layout-flow\"><p>\u00c9 f\u00e1cil para uma pessoa sem defici\u00eancia navegar na Internet. Apontar o rato, ver o ecr\u00e3, ignorar (ou ler) an\u00fancios, passar os olhos pelos t\u00edtulos, dar uma vista de olhos numa imagem interessante e por fim fixar os olhos na informa\u00e7\u00e3o que lhe interessa.<br>Tudo certo, se n\u00e3o for velho, n\u00e3o tiver artrites, nem Parkinson ou esclerose m\u00faltipla, portanto, se tiver o controlo necess\u00e1rio para apontar o rato. \u00c9 \u2018canja\u2019 ouvir aquela reportagem, se n\u00e3o for surdo, e \u2018claro como a \u00e1gua\u2019 encontrar o conte\u00fado principal se a sua vis\u00e3o estiver suficientemente boa para ler. \u00c9 f\u00e1cil ignorar os an\u00fancios em Flash, se n\u00e3o tiver d\u00e9fice de aten\u00e7\u00e3o, apoplexia fotossens\u00edvel ou perigo de convuls\u00e3o.<br>Mas\u2026 e sobre as pessoas com defici\u00eancia? Como \u00e9 que podem sequer desejar aceder \u00e0 Web, a qual foi desenhada para pessoas que podem ver e usar o rato? (\u2026)<\/p><\/blockquote>\n\n\n\n<p>(Lawson, 2006)<br><\/p>\n\n\n\n<p>Trad. Norberto Sousa<\/p>\n","protected":false},"excerpt":{"rendered":"\u00c9 f\u00e1cil para uma pessoa sem defici\u00eancia navegar na Internet. Apontar o rato, ver o ecr\u00e3, ignorar (ou ler) an\u00fancios, passar os olhos pelos t\u00edtulos, dar uma vista de olhos numa imagem interessante e por fim fixar os olhos na informa\u00e7\u00e3o que lhe interessa.Tudo certo, se n\u00e3o for velho, n\u00e3o tiver artrites, nem Parkinson ou [&hellip;]","protected":false},"author":539,"featured_media":0,"parent":191,"menu_order":0,"comment_status":"closed","ping_status":"closed","template":"","meta":{"footnotes":""},"class_list":["post-123","page","type-page","status-publish","hentry"],"_links":{"self":[{"href":"https:\/\/sites.ipleiria.pt\/comAcesso\/wp-json\/wp\/v2\/pages\/123","targetHints":{"allow":["GET"]}}],"collection":[{"href":"https:\/\/sites.ipleiria.pt\/comAcesso\/wp-json\/wp\/v2\/pages"}],"about":[{"href":"https:\/\/sites.ipleiria.pt\/comAcesso\/wp-json\/wp\/v2\/types\/page"}],"author":[{"embeddable":true,"href":"https:\/\/sites.ipleiria.pt\/comAcesso\/wp-json\/wp\/v2\/users\/539"}],"replies":[{"embeddable":true,"href":"https:\/\/sites.ipleiria.pt\/comAcesso\/wp-json\/wp\/v2\/comments?post=123"}],"version-history":[{"count":8,"href":"https:\/\/sites.ipleiria.pt\/comAcesso\/wp-json\/wp\/v2\/pages\/123\/revisions"}],"predecessor-version":[{"id":407,"href":"https:\/\/sites.ipleiria.pt\/comAcesso\/wp-json\/wp\/v2\/pages\/123\/revisions\/407"}],"up":[{"embeddable":true,"href":"https:\/\/sites.ipleiria.pt\/comAcesso\/wp-json\/wp\/v2\/pages\/191"}],"wp:attachment":[{"href":"https:\/\/sites.ipleiria.pt\/comAcesso\/wp-json\/wp\/v2\/media?parent=123"}],"curies":[{"name":"wp","href":"https:\/\/api.w.org\/{rel}","templated":true}]}}