{"id":138,"date":"2014-04-14T23:56:52","date_gmt":"2014-04-14T23:56:52","guid":{"rendered":"http:\/\/insia.wordpress.forinsia.com\/comacesso\/?page_id=138"},"modified":"2020-09-09T21:26:46","modified_gmt":"2020-09-09T21:26:46","slug":"legislacao","status":"publish","type":"page","link":"https:\/\/sites.ipleiria.pt\/comAcesso\/biblioteca\/legislacao\/","title":{"rendered":"Legisla\u00e7\u00e3o"},"content":{"rendered":"Nesta p\u00e1gina \u00e9 apresentado um resumo cronol\u00f3gico sobre as normas oficiais e legisla\u00e7\u00e3o relacionada com acessibilidade Web e digital publicada nos \u00faltimos anos. Contudo, \u00e9 de salientar que Portugal foi um dos primeiros pa\u00edses europeus a publicar legisla\u00e7\u00e3o sobre acessibilidade.\n\n&nbsp;\n\nEm 2011 o governo portugu\u00eas publica a <a href=\"https:\/\/dre.pt\/web\/guest\/pesquisa\/-\/search\/670285\/details\/normal?l=1\">Lei n.\u00ba 36\/2011<\/a>, de 21 de Junho, que estabelece a adop\u00e7\u00e3o de normas abertas nos sistemas inform\u00e1ticos do Estado. Em 2012, a <a href=\"https:\/\/dre.pt\/web\/guest\/pesquisa\/-\/search\/191863\/details\/normal?l=1\">RCM n\u00ba 91\/2012<\/a>, de 8 de novembro, que aprova o&nbsp;Regulamento Nacional de Interoperabilidade Digital, elaborado pela Ag\u00eancia de Moderniza\u00e7\u00e3o Administrativa, I. P. Este regulamento define as especifica\u00e7\u00f5es t\u00e9cnicas e formatos digitais a adotar pela Administra\u00e7\u00e3o P\u00fablica. Isto significa que, de acordo com&nbsp;a Lei n\u00ba 36\/2011 e a RCM n\u00ba 91\/2012, a Administra\u00e7\u00e3o P\u00fablica est\u00e1 obrigada a cumprir o n\u00edvel \u201cA\u201d das WCAG para a informa\u00e7\u00e3o disponibilizada na internet e o n\u00edvel \u201cAA\u201d para os servi\u00e7os disponibilizados na internet.\nTamb\u00e9m em 2012 as&nbsp;Directrizes de Acessibilidade para o Conte\u00fado da Web (WCAG) 2.0&nbsp;s\u00e3o estabelecidas como Padr\u00e3o Internacional &nbsp;ISO\/IEC atrav\u00e9s da&nbsp;<a href=\"https:\/\/www.iso.org\/standard\/58625.html\">ISO\/IEC 40500:2012<\/a>.\nEm 2018 \u00e9 publicada a <a href=\"https:\/\/dre.pt\/web\/guest\/pesquisa\/-\/search\/114457664\/details\/normal?l=1\">RCM2\/2018<\/a> que aprova as revis\u00f5es ao RNID, como tamb\u00e9m o <a href=\"https:\/\/dre.pt\/web\/guest\/pesquisa\/-\/search\/116734769\/details\/maximized\">Dl83\/2018<\/a> que transp\u00f5e a <a href=\"https:\/\/eur-lex.europa.eu\/legal-content\/PT\/TXT\/?uri=CELEX:32016L2102\">Diretiva (UE) 2016\/2102<\/a> sobre a acessibilidade dos s\u00edtios web e das aplica\u00e7\u00f5es m\u00f3veis de organismos do setor p\u00fablico.","protected":false},"excerpt":{"rendered":"Nesta p\u00e1gina \u00e9 apresentado um resumo cronol\u00f3gico sobre as normas oficiais e legisla\u00e7\u00e3o relacionada com acessibilidade Web e digital publicada nos \u00faltimos anos. Contudo, \u00e9 de salientar que Portugal foi um dos primeiros pa\u00edses europeus a publicar legisla\u00e7\u00e3o sobre acessibilidade. &nbsp; Em 2011 o governo portugu\u00eas publica a Lei n.\u00ba 36\/2011, de 21 de Junho, [&hellip;]","protected":false},"author":539,"featured_media":0,"parent":203,"menu_order":0,"comment_status":"closed","ping_status":"closed","template":"","meta":{"footnotes":""},"class_list":["post-138","page","type-page","status-publish","hentry"],"_links":{"self":[{"href":"https:\/\/sites.ipleiria.pt\/comAcesso\/wp-json\/wp\/v2\/pages\/138","targetHints":{"allow":["GET"]}}],"collection":[{"href":"https:\/\/sites.ipleiria.pt\/comAcesso\/wp-json\/wp\/v2\/pages"}],"about":[{"href":"https:\/\/sites.ipleiria.pt\/comAcesso\/wp-json\/wp\/v2\/types\/page"}],"author":[{"embeddable":true,"href":"https:\/\/sites.ipleiria.pt\/comAcesso\/wp-json\/wp\/v2\/users\/539"}],"replies":[{"embeddable":true,"href":"https:\/\/sites.ipleiria.pt\/comAcesso\/wp-json\/wp\/v2\/comments?post=138"}],"version-history":[{"count":2,"href":"https:\/\/sites.ipleiria.pt\/comAcesso\/wp-json\/wp\/v2\/pages\/138\/revisions"}],"predecessor-version":[{"id":385,"href":"https:\/\/sites.ipleiria.pt\/comAcesso\/wp-json\/wp\/v2\/pages\/138\/revisions\/385"}],"up":[{"embeddable":true,"href":"https:\/\/sites.ipleiria.pt\/comAcesso\/wp-json\/wp\/v2\/pages\/203"}],"wp:attachment":[{"href":"https:\/\/sites.ipleiria.pt\/comAcesso\/wp-json\/wp\/v2\/media?parent=138"}],"curies":[{"name":"wp","href":"https:\/\/api.w.org\/{rel}","templated":true}]}}