{"id":140,"date":"2016-10-23T00:00:37","date_gmt":"2016-10-23T00:00:37","guid":{"rendered":"http:\/\/insia.wordpress.forinsia.com\/comacesso\/?page_id=140"},"modified":"2020-09-09T21:14:07","modified_gmt":"2020-09-09T21:14:07","slug":"testes","status":"publish","type":"page","link":"https:\/\/sites.ipleiria.pt\/comAcesso\/biblioteca\/testes\/","title":{"rendered":"Testes com TA"},"content":{"rendered":"\n<p>Bem-vindo a este espa\u00e7o dedicado a testar o comportamento das Tecnologias de Apoio na intera\u00e7\u00e3o com diferentes t\u00e9cnicas e linguagens.<\/p>\n\n\n\n<p><a href=\"https:\/\/sites.ipleiria.pt\/comAcesso\/idioma-de-partes-e-abreviaturas\/\">Idioma de partes e abreviaturas<\/a><\/p>\n\n\n\n<p><a href=\"https:\/\/sites.ipleiria.pt\/comAcesso\/wai-aria\/\">WAI-aria<\/a><\/p>\n\n\n\n<p><a href=\"https:\/\/sites.ipleiria.pt\/comAcesso\/pontuacao-e-leitores-de-ecra\/\">Pontua\u00e7\u00e3o e leitores de ecr\u00e3<\/a><\/p>\n\n\n\n<p><\/p>\n","protected":false},"excerpt":{"rendered":"Bem-vindo a este espa\u00e7o dedicado a testar o comportamento das Tecnologias de Apoio na intera\u00e7\u00e3o com diferentes t\u00e9cnicas e linguagens. Idioma de partes e abreviaturas WAI-aria Pontua\u00e7\u00e3o e leitores de ecr\u00e3","protected":false},"author":539,"featured_media":0,"parent":203,"menu_order":0,"comment_status":"closed","ping_status":"closed","template":"","meta":{"footnotes":""},"class_list":["post-140","page","type-page","status-publish","hentry"],"_links":{"self":[{"href":"https:\/\/sites.ipleiria.pt\/comAcesso\/wp-json\/wp\/v2\/pages\/140","targetHints":{"allow":["GET"]}}],"collection":[{"href":"https:\/\/sites.ipleiria.pt\/comAcesso\/wp-json\/wp\/v2\/pages"}],"about":[{"href":"https:\/\/sites.ipleiria.pt\/comAcesso\/wp-json\/wp\/v2\/types\/page"}],"author":[{"embeddable":true,"href":"https:\/\/sites.ipleiria.pt\/comAcesso\/wp-json\/wp\/v2\/users\/539"}],"replies":[{"embeddable":true,"href":"https:\/\/sites.ipleiria.pt\/comAcesso\/wp-json\/wp\/v2\/comments?post=140"}],"version-history":[{"count":3,"href":"https:\/\/sites.ipleiria.pt\/comAcesso\/wp-json\/wp\/v2\/pages\/140\/revisions"}],"predecessor-version":[{"id":327,"href":"https:\/\/sites.ipleiria.pt\/comAcesso\/wp-json\/wp\/v2\/pages\/140\/revisions\/327"}],"up":[{"embeddable":true,"href":"https:\/\/sites.ipleiria.pt\/comAcesso\/wp-json\/wp\/v2\/pages\/203"}],"wp:attachment":[{"href":"https:\/\/sites.ipleiria.pt\/comAcesso\/wp-json\/wp\/v2\/media?parent=140"}],"curies":[{"name":"wp","href":"https:\/\/api.w.org\/{rel}","templated":true}]}}