{"id":150,"date":"2016-10-23T00:18:20","date_gmt":"2016-10-23T00:18:20","guid":{"rendered":"http:\/\/insia.wordpress.forinsia.com\/comacesso\/?page_id=150"},"modified":"2020-09-16T11:14:53","modified_gmt":"2020-09-16T11:14:53","slug":"idioma-de-partes-e-abreviaturas","status":"publish","type":"page","link":"https:\/\/sites.ipleiria.pt\/comAcesso\/biblioteca\/testes\/idioma-de-partes-e-abreviaturas\/","title":{"rendered":"Idioma de partes e abreviaturas"},"content":{"rendered":"\n<h2 class=\"wp-block-heading\">Idioma de partes<\/h2>\n\n\n\n<p>As frases seguintes exemplificam a utiliza\u00e7\u00e3o do atributo lang em frases no conte\u00fado de uma p\u00e1gina.<\/p>\n\n\n\n<p>Welcome to this page. Enjoy!<\/p>\n\n\n\n<p>\u00a1Bienvenido a este site!<\/p>\n\n\n\n<p>Herzlich Willkommen auf dieser Seite. Genie\u00df und bis bald!<\/p>\n\n\n\n<p>At\u00e9 breve com mais exemplos<\/p>\n\n\n\n<h2 class=\"wp-block-heading\">Abreviaturas<\/h2>\n\n\n\n<p>O <abbr title=\"cons\u00f3rcio World Wide Web \">W3C <\/abbr>\u00e9 uma comunidade internacional.<\/p>\n","protected":false},"excerpt":{"rendered":"Idioma de partes As frases seguintes exemplificam a utiliza\u00e7\u00e3o do atributo lang em frases no conte\u00fado de uma p\u00e1gina. Welcome to this page. Enjoy! \u00a1Bienvenido a este site! Herzlich Willkommen auf dieser Seite. Genie\u00df und bis bald! At\u00e9 breve com mais exemplos Abreviaturas O W3C \u00e9 uma comunidade internacional.","protected":false},"author":539,"featured_media":0,"parent":140,"menu_order":0,"comment_status":"closed","ping_status":"closed","template":"","meta":{"footnotes":""},"class_list":["post-150","page","type-page","status-publish","hentry"],"_links":{"self":[{"href":"https:\/\/sites.ipleiria.pt\/comAcesso\/wp-json\/wp\/v2\/pages\/150","targetHints":{"allow":["GET"]}}],"collection":[{"href":"https:\/\/sites.ipleiria.pt\/comAcesso\/wp-json\/wp\/v2\/pages"}],"about":[{"href":"https:\/\/sites.ipleiria.pt\/comAcesso\/wp-json\/wp\/v2\/types\/page"}],"author":[{"embeddable":true,"href":"https:\/\/sites.ipleiria.pt\/comAcesso\/wp-json\/wp\/v2\/users\/539"}],"replies":[{"embeddable":true,"href":"https:\/\/sites.ipleiria.pt\/comAcesso\/wp-json\/wp\/v2\/comments?post=150"}],"version-history":[{"count":4,"href":"https:\/\/sites.ipleiria.pt\/comAcesso\/wp-json\/wp\/v2\/pages\/150\/revisions"}],"predecessor-version":[{"id":379,"href":"https:\/\/sites.ipleiria.pt\/comAcesso\/wp-json\/wp\/v2\/pages\/150\/revisions\/379"}],"up":[{"embeddable":true,"href":"https:\/\/sites.ipleiria.pt\/comAcesso\/wp-json\/wp\/v2\/pages\/140"}],"wp:attachment":[{"href":"https:\/\/sites.ipleiria.pt\/comAcesso\/wp-json\/wp\/v2\/media?parent=150"}],"curies":[{"name":"wp","href":"https:\/\/api.w.org\/{rel}","templated":true}]}}