{"id":8,"date":"2013-05-08T16:20:36","date_gmt":"2013-05-08T16:20:36","guid":{"rendered":"http:\/\/sites.ipleiria.pt\/conferenciainternacionalobidoscriativa\/?page_id=8"},"modified":"2013-05-17T14:35:45","modified_gmt":"2013-05-17T14:35:45","slug":"inscricoes","status":"publish","type":"page","link":"https:\/\/sites.ipleiria.pt\/conferenciainternacionalobidoscriativa\/inscricoes\/","title":{"rendered":"Inscri\u00e7\u00f5es"},"content":{"rendered":"<p>Fa\u00e7a a sua inscri\u00e7\u00e3o<span style=\"color: #008000\"> <a href=\"http:\/\/www.cm-obidos.pt\/coc\"><span style=\"color: #008000\"><strong>AQUI<\/strong><\/span><\/a><\/span><\/p>\n<p>O valor da inscri\u00e7\u00e3o \u00e9 de <strong>25\u20ac<\/strong> para o p\u00fablico em geral (valor \u00fanico de inscri\u00e7\u00e3o)<\/p>\n<p>Ser\u00e3o inscritos 200 participantes<\/p>\n<p>(<a href=\"http:\/\/www.cm-obidos.pt\/coc\">ficha de inscri\u00e7\u00e3o<\/a>)<\/p>\n<p>&nbsp;<\/p>\n","protected":false},"excerpt":{"rendered":"<p>Fa\u00e7a a sua inscri\u00e7\u00e3o AQUI O valor da inscri\u00e7\u00e3o \u00e9 de 25\u20ac para o p\u00fablico em geral (valor \u00fanico de inscri\u00e7\u00e3o) Ser\u00e3o inscritos 200 participantes (ficha de inscri\u00e7\u00e3o) &nbsp;<\/p>\n","protected":false},"author":102,"featured_media":0,"parent":0,"menu_order":4,"comment_status":"closed","ping_status":"closed","template":"","meta":{"footnotes":""},"class_list":["post-8","page","type-page","status-publish","hentry"],"_links":{"self":[{"href":"https:\/\/sites.ipleiria.pt\/conferenciainternacionalobidoscriativa\/wp-json\/wp\/v2\/pages\/8","targetHints":{"allow":["GET"]}}],"collection":[{"href":"https:\/\/sites.ipleiria.pt\/conferenciainternacionalobidoscriativa\/wp-json\/wp\/v2\/pages"}],"about":[{"href":"https:\/\/sites.ipleiria.pt\/conferenciainternacionalobidoscriativa\/wp-json\/wp\/v2\/types\/page"}],"author":[{"embeddable":true,"href":"https:\/\/sites.ipleiria.pt\/conferenciainternacionalobidoscriativa\/wp-json\/wp\/v2\/users\/102"}],"replies":[{"embeddable":true,"href":"https:\/\/sites.ipleiria.pt\/conferenciainternacionalobidoscriativa\/wp-json\/wp\/v2\/comments?post=8"}],"version-history":[{"count":7,"href":"https:\/\/sites.ipleiria.pt\/conferenciainternacionalobidoscriativa\/wp-json\/wp\/v2\/pages\/8\/revisions"}],"predecessor-version":[{"id":143,"href":"https:\/\/sites.ipleiria.pt\/conferenciainternacionalobidoscriativa\/wp-json\/wp\/v2\/pages\/8\/revisions\/143"}],"wp:attachment":[{"href":"https:\/\/sites.ipleiria.pt\/conferenciainternacionalobidoscriativa\/wp-json\/wp\/v2\/media?parent=8"}],"curies":[{"name":"wp","href":"https:\/\/api.w.org\/{rel}","templated":true}]}}