{"version":"1.0","provider_name":"Klaara 2023","provider_url":"https:\/\/sites.ipleiria.pt\/congressoklaara","title":"Oradores - Klaara 2023","type":"rich","width":600,"height":338,"html":"<blockquote class=\"wp-embedded-content\" data-secret=\"Z2s4DyBLFP\"><a href=\"https:\/\/sites.ipleiria.pt\/congressoklaara\/informacoes-2\/\">Oradores<\/a><\/blockquote><iframe sandbox=\"allow-scripts\" security=\"restricted\" src=\"https:\/\/sites.ipleiria.pt\/congressoklaara\/informacoes-2\/embed\/#?secret=Z2s4DyBLFP\" width=\"600\" height=\"338\" title=\"&#8220;Oradores&#8221; &#8212; Klaara 2023\" data-secret=\"Z2s4DyBLFP\" frameborder=\"0\" marginwidth=\"0\" marginheight=\"0\" scrolling=\"no\" class=\"wp-embedded-content\"><\/iframe><script type=\"text\/javascript\">\n\/* <![CDATA[ *\/\n\/*! This file is auto-generated *\/\n!function(d,l){\"use strict\";l.querySelector&&d.addEventListener&&\"undefined\"!=typeof URL&&(d.wp=d.wp||{},d.wp.receiveEmbedMessage||(d.wp.receiveEmbedMessage=function(e){var t=e.data;if((t||t.secret||t.message||t.value)&&!\/[^a-zA-Z0-9]\/.test(t.secret)){for(var s,r,n,a=l.querySelectorAll('iframe[data-secret=\"'+t.secret+'\"]'),o=l.querySelectorAll('blockquote[data-secret=\"'+t.secret+'\"]'),c=new RegExp(\"^https?:$\",\"i\"),i=0;i<o.length;i++)o[i].style.display=\"none\";for(i=0;i<a.length;i++)s=a[i],e.source===s.contentWindow&&(s.removeAttribute(\"style\"),\"height\"===t.message?(1e3<(r=parseInt(t.value,10))?r=1e3:~~r<200&&(r=200),s.height=r):\"link\"===t.message&&(r=new URL(s.getAttribute(\"src\")),n=new URL(t.value),c.test(n.protocol))&&n.host===r.host&&l.activeElement===s&&(d.top.location.href=t.value))}},d.addEventListener(\"message\",d.wp.receiveEmbedMessage,!1),l.addEventListener(\"DOMContentLoaded\",function(){for(var e,t,s=l.querySelectorAll(\"iframe.wp-embedded-content\"),r=0;r<s.length;r++)(t=(e=s[r]).getAttribute(\"data-secret\"))||(t=Math.random().toString(36).substring(2,12),e.src+=\"#?secret=\"+t,e.setAttribute(\"data-secret\",t)),e.contentWindow.postMessage({message:\"ready\",secret:t},\"*\")},!1)))}(window,document);\n\/* ]]> *\/\n<\/script>\n","description":"&nbsp; Cathy Basterfield Cathy \u00e9 uma terapeuta da fala altamente experiente, com mais de 30 anos de trabalho com pessoas com necessidades de comunica\u00e7\u00e3o complexas e, em particular, com pessoas com uma defici\u00eancia intelectual. H\u00e1 quase 20 anos, Cathy iniciou&hellip; Continue reading &rarr;","thumbnail_url":"http:\/\/sites.ipleiria.pt\/congressoklaara\/files\/2023\/01\/Cathy-Basterfield-White.png"}

&nbsp; Cathy Basterfield Cathy é uma terapeuta da fala altamente experiente, com mais de 30 anos de trabalho com pessoas com necessidades de comunicação complexas e, em particular, com pessoas com uma deficiência intelectual. Há quase 20 anos, Cathy iniciou&hellip; Continue reading &rarr;
