{"id":23,"date":"2019-05-30T14:42:59","date_gmt":"2019-05-30T14:42:59","guid":{"rendered":"http:\/\/sites.ipleiria.pt\/resolucaoproblemasprimeirosanos\/?page_id=23"},"modified":"2023-04-11T14:14:38","modified_gmt":"2023-04-11T14:14:38","slug":"informacoes-2","status":"publish","type":"page","link":"https:\/\/sites.ipleiria.pt\/congressoklaara\/informacoes-2\/","title":{"rendered":"Oradores"},"content":{"rendered":"\n<p><strong>&nbsp;<\/strong><\/p>\n\n\n\n<p><strong>Cathy Basterfield<\/strong><\/p>\n\n\n\n<p><img loading=\"lazy\" decoding=\"async\" width=\"566\" height=\"665\" class=\"wp-image-410\" style=\"width: 150px\" src=\"http:\/\/sites.ipleiria.pt\/congressoklaara\/files\/2023\/01\/Cathy-Basterfield-White.png\" alt=\"\" srcset=\"https:\/\/sites.ipleiria.pt\/congressoklaara\/files\/2023\/01\/Cathy-Basterfield-White.png 566w, https:\/\/sites.ipleiria.pt\/congressoklaara\/files\/2023\/01\/Cathy-Basterfield-White-255x300.png 255w\" sizes=\"auto, (max-width: 566px) 100vw, 566px\" \/><br>Cathy \u00e9 uma terapeuta da fala altamente experiente, com mais de 30 anos de trabalho com pessoas com necessidades de comunica\u00e7\u00e3o complexas e, em particular, com pessoas com uma defici\u00eancia intelectual.<\/p>\n\n\n\n<p>H\u00e1 quase 20 anos, Cathy iniciou o desenvolvimento do Easy English na Austr\u00e1lia, incluindo o desenvolvimento das primeiras linhas orientadoras para escrever em Ingl\u00eas F\u00e1cil. Estas continuam a ser utilizadas para a produ\u00e7\u00e3o de Ingl\u00eas F\u00e1cil de qualidade. As orienta\u00e7\u00f5es mais actualizadas s\u00e3o uma lista de verifica\u00e7\u00e3o que se expande sobre o trabalho original, com os resultados da investiga\u00e7\u00e3o actual e o feedback dos consumidores. Est\u00e1 em desenvolvimento um manual, que estar\u00e1 dispon\u00edvel ao p\u00fablico o mais rapidamente poss\u00edvel.<\/p>\n\n\n\n<p>Em 2019, foi publicado o seu artigo &#8220;Plain Language Easy English. What does it all mean&#8221;.<\/p>\n\n\n\n<p>Cathy \u00e9 membro de v\u00e1rias associa\u00e7\u00f5es profissionais onde o acesso \u00e0 informa\u00e7\u00e3o escrita est\u00e1 na agenda, incluindo a Speech Pathology Australia, a International Communication Rights Alliance, a International PLAIN, e a International Association for the Scientific Study of Intellectual and Developmental Disabilities (IASSIDD).<br>Tem uma longa lista de \u00e1reas de investiga\u00e7\u00e3o sobre o desenvolvimento e utiliza\u00e7\u00e3o do Ingl\u00eas F\u00e1cil.<br>Em 2022, Cathy e a sua equipa foram reconhecidas pelo seu trabalho na \u00e1rea com v\u00e1rios pr\u00e9mios nacionais e internacionais:<\/p>\n\n\n\n<ul class=\"wp-block-list\"><li>Lista Internacional de Zero Projects para 2023<\/li><li>International Global Award 2022 &#8211; Comunicador Mais Destacado para Pessoas com Defici\u00eancia<\/li><li>Australian National Enablement Award 2022 &#8211; Comunicador Mais Destacado no Sector NDIS<\/li><li>APAC Insider Small Business Award 2022 pela forma\u00e7\u00e3o em Ingl\u00eas F\u00e1cil<\/li><li>C\u00e2mara de Com\u00e9rcio e Ind\u00fastria de Victoria (VCCI )- Finalista do Pr\u00e9mio Comunidade Empresarial COVID Safe 2022, para o desenvolvimento de conte\u00fado pro bono sobre a COVID19.<\/li><\/ul>\n\n\n\n<p><strong>C\u00e9lia Sousa<\/strong><\/p>\n\n\n\n<figure class=\"wp-block-image size-large is-resized\"><img loading=\"lazy\" decoding=\"async\" src=\"http:\/\/sites.ipleiria.pt\/congressoklaara\/files\/2022\/09\/Celia-scaled-1-683x1024.jpg\" alt=\"\" class=\"wp-image-198\" width=\"143\" height=\"216\" srcset=\"https:\/\/sites.ipleiria.pt\/congressoklaara\/files\/2022\/09\/Celia-scaled-1-200x300.jpg 200w, https:\/\/sites.ipleiria.pt\/congressoklaara\/files\/2022\/09\/Celia-scaled-1-768x1152.jpg 768w, https:\/\/sites.ipleiria.pt\/congressoklaara\/files\/2022\/09\/Celia-scaled-1-1024x1536.jpg 1024w\" sizes=\"auto, (max-width: 143px) 100vw, 143px\" \/><\/figure>\n\n\n\n<p>\u00c9 doutorada em Ci\u00eancias da Educa\u00e7\u00e3o, na Especialidade Comunica\u00e7\u00e3o, pela Universidade da Extremadura. &nbsp;<br>\u00c9 Professora na Escola Superior de Educa\u00e7\u00e3o e Ci\u00eancias Sociais do Polit\u00e9cnico de Leiria e Investigadora Integrada do Centro de Investiga\u00e7\u00e3o Interdisciplinar de Ci\u00eancias Sociais da Universidade Nova de Lisboa (CICS.NOVA.IPLeiria). &nbsp;<br>\u00c9 tamb\u00e9m membro da dire\u00e7\u00e3o da Sociedade Portuguesa de Engenharia de Reabilita\u00e7\u00e3o e Acessibilidade (SUPERA).&nbsp;&nbsp;<\/p>\n\n\n\n<p>Nas \u00faltimas d\u00e9cadas tem desenvolvido projetos nas \u00e1reas das tecnologias de apoio, educa\u00e7\u00e3o inclusiva, comunica\u00e7\u00e3o aumentativa e da cultura acess\u00edvel. Tem vindo a colaborar como consultora nas \u00e1reas da acessibilidade e inclus\u00e3o com diferentes entidades entre as quais se destaca o trabalho de consultoria para implementa\u00e7\u00e3o da legisla\u00e7\u00e3o da educa\u00e7\u00e3o inclusiva com o Governo de Cabo Verde.&nbsp;&nbsp;<\/p>\n\n\n\n<p>Recebeu v\u00e1rios pr\u00e9mios ao longo da carreira com principal destaque para o Pr\u00e9mio \u201cAcesso Cultura 2018\u201d com o projeto do livro multiformato \u201cA rainha das Rosas\u201d.&nbsp;&nbsp;<\/p>\n\n\n\n<p>Em 2021 foi distinguida pela Dire\u00e7\u00e3o Regional de Cultura do Centro\u201d As Mulheres na Cultura e na Salvaguarda do Patrim\u00f3nio imaterial da Regi\u00e3o Centro \u201cpelo trabalho desenvolvido no \u00e2mbito da acessibilidade cultural.&nbsp;&nbsp;<\/p>\n\n\n\n<p><\/p>\n\n\n\n<p><strong>Leealaura Leskel\u00e4&nbsp;<\/strong>&nbsp;<\/p>\n\n\n\n<figure class=\"wp-block-image size-full is-resized\"><img loading=\"lazy\" decoding=\"async\" src=\"http:\/\/sites.ipleiria.pt\/congressoklaara\/files\/2022\/09\/leealaura_leskela_c.jpg\" alt=\"\" class=\"wp-image-199\" width=\"162\" height=\"251\"\/><\/figure>\n\n\n\n<p>Estudante de doutoramento em l\u00edngua finlandesa, estudos fino-\u00fagricos e escandinavos na Universidade de Helsinquia.&nbsp;&nbsp;<\/p>\n\n\n\n<p>Os seus interesses de investiga\u00e7\u00e3o incluem o Finland\u00eas F\u00e1cil e seu uso na linguagem falada em conversas linguisticamente assim\u00e9tricas. &nbsp;<br>Esteve envolvida em diversos projetos de desenvolvimento e pesquisa lingu\u00edstica sobre o idioma finland\u00eas e o finland\u00eas f\u00e1cil (finland\u00eas f\u00e1cil de ler).&nbsp;&nbsp;&nbsp;&nbsp;<\/p>\n\n\n\n<p>Foi diretora do Centro Finland\u00eas de Linguagem F\u00e1cil (Selkokeskus), &nbsp;<br>onde desenvolveu princ\u00edpios para o Finland\u00eas F\u00e1cil e ferramentas de medi\u00e7\u00e3o para a simplicidade e compreens\u00e3o da linguagem. &nbsp;<br>Como resultado desse trabalho, o Centro publicou o medidor finland\u00eas EtR no outono de 2018. O medidor funciona como uma ferramenta de avalia\u00e7\u00e3o para linguistas e profissionais da Linguagem F\u00e1cil. &nbsp;<br>Uma nova vers\u00e3o do Medidor ser\u00e1 publicada em 2022.&nbsp;&nbsp;&nbsp;<\/p>\n\n\n\n<p>Trabalha como formadora e consultora para o Easy Finland desde 2001. Publicou v\u00e1rios guias te\u00f3ricos sobre como escrever em Finland\u00eas F\u00e1cil. &nbsp;<br>De 2016 a 2021 foi membro do Conselho para a L\u00edngua Finlandesa.&nbsp;&nbsp;<\/p>\n\n\n\n<p><\/p>\n\n\n\n<p><strong><strong>Marta Nogueira<\/strong><\/strong><\/p>\n\n\n\n<figure class=\"wp-block-image size-large is-resized\"><img loading=\"lazy\" decoding=\"async\" src=\"http:\/\/sites.ipleiria.pt\/congressoklaara\/files\/2023\/04\/EU-796x1024.jpg\" alt=\"\" class=\"wp-image-773\" width=\"138\" height=\"178\" srcset=\"https:\/\/sites.ipleiria.pt\/congressoklaara\/files\/2023\/04\/EU-796x1024.jpg 796w, https:\/\/sites.ipleiria.pt\/congressoklaara\/files\/2023\/04\/EU-233x300.jpg 233w, https:\/\/sites.ipleiria.pt\/congressoklaara\/files\/2023\/04\/EU-768x988.jpg 768w, https:\/\/sites.ipleiria.pt\/congressoklaara\/files\/2023\/04\/EU.jpg 848w\" sizes=\"auto, (max-width: 138px) 100vw, 138px\" \/><\/figure>\n\n\n\n<p>Doutorada em Psicologia, linha de investiga\u00e7\u00e3o Estrat\u00e9gias Comunicativas e Comunica\u00e7\u00e3o Interpessoal, no campo da Inclus\u00e3o Laboral de Pessoas com Defici\u00eancia. Docente Adjunta Convidada da Escola Superior de Educa\u00e7\u00e3o e Ci\u00eancias Sociais do Polit\u00e9cnico de Leiria. Investigadora Integrada do Centro de Investiga\u00e7\u00e3o em Qualidade de Vida (CIEQV). Formadora acreditada pelo Conselho Cient\u00edfico-Pedag\u00f3gico de forma\u00e7\u00e3o cont\u00ednua nas \u00e1reas: C112 &#8211; Sensibiliza\u00e7\u00e3o \u00e0 Educa\u00e7\u00e3o Especial e A158 &#8211; Psicologia. Colabora no Centro de Recursos para a Inclus\u00e3o Digital (CRID), do Polit\u00e9cnico de Leiria. Participa em projetos na \u00e1rea da inclus\u00e3o, nomeadamente da Cultura Acess\u00edvel, Educa\u00e7\u00e3o Inclusiva e Fitness Inclusivo. Tem vindo a realizar investiga\u00e7\u00e3o e participado em encontros cient\u00edficos e projetos de \u00e2mbito nacional e internacional, na \u00e1rea da inclus\u00e3o. <\/p>\n\n\n\n<p><\/p>\n\n\n\n<p><strong><strong>Nevenka Kos<\/strong><\/strong><\/p>\n\n\n\n<figure class=\"wp-block-image size-full is-resized\"><img loading=\"lazy\" decoding=\"async\" src=\"http:\/\/sites.ipleiria.pt\/congressoklaara\/files\/2022\/10\/Nevenka_kos.jpg\" alt=\"\" class=\"wp-image-228\" width=\"145\" height=\"195\"\/><\/figure>\n\n\n\n<p>Trabalha no Instituto RISA, na Esl\u00f3venia, como validadora e consultora na \u00e1rea da Leitura F\u00e1cil e \u00e9 cofundadora da LABRA, a Associa\u00e7\u00e3o para a Comunica\u00e7\u00e3o Adaptada.&nbsp;<\/p>\n\n\n\n<p>Desempenha desde 2011 fun\u00e7\u00f5es de validadora de conte\u00fados de leitura f\u00e1cil e \u00e9 editora da revista \u201c20 minutos\u201d, em leitura f\u00e1cil.&nbsp;<\/p>\n\n\n\n<p>\u00c9 formadora na \u00e1rea da leitura f\u00e1cil e esteve envolvida em v\u00e1rios projetos europeus e nacionais na \u00e1rea da acessibilidade cognitiva e comunica\u00e7\u00e3o acess\u00edvel.&nbsp;<\/p>\n\n\n\n<p>\u00c9 coautora de diversos romances originais em leitura f\u00e1cil, bem como das atuais orienta\u00e7\u00f5es para a leitura f\u00e1cil da Esl\u00f3venia.&nbsp;<\/p>\n\n\n\n<p><\/p>\n\n\n\n<p><strong><strong><strong>Rocio Barnabe Caro<\/strong><\/strong><\/strong><\/p>\n\n\n\n<figure class=\"wp-block-image size-full is-resized\"><img loading=\"lazy\" decoding=\"async\" src=\"http:\/\/sites.ipleiria.pt\/congressoklaara\/files\/2022\/10\/Rocio-Caro.png\" alt=\"\" class=\"wp-image-229\" width=\"158\" height=\"185\"\/><\/figure>\n\n\n\n<p>Roc\u00edo Bernab\u00e9 Caro \u00e9 professora de comunica\u00e7\u00e3o sem barreiras na Universidade Internacional de Ci\u00eancias Aplicadas da SDI Munique.&nbsp;&nbsp;<\/p>\n\n\n\n<p>Tem um mestrado em Tradu\u00e7\u00e3o (UGR) e outro em mestrado em Documentos, Tecnologias e Aplica\u00e7\u00f5es Acess\u00edveis (UNIR).&nbsp;&nbsp;<\/p>\n\n\n\n<p>O seu doutoramento foi sobre servi\u00e7os de meios audiovisuais f\u00e1ceis para todos (UAB). \u00c9 vice-diretora do Col\u00e9gio Profissional de Tradu\u00e7\u00e3o e Interpreta\u00e7\u00e3o da SDI em Munique (Alemanha).&nbsp;&nbsp;<\/p>\n\n\n\n<p>Liderou o projeto cofinanciado pela UE Live Text Access, que visava criar materiais de aprendizagem certificados para legendadores intralinguais em tempo real por meio de respeaking e velotyping.&nbsp;&nbsp;<\/p>\n\n\n\n<p>Foi parceira de projeto, gestora de acessibilidade e l\u00edder do Output Intelectual (IO) 2 do projeto cofinanciado pela UE EASIT, Easy Access for Social Inclusion Training.&nbsp;&nbsp;<\/p>\n\n\n\n<p>\u00c9 parceira e l\u00edder de IO do projeto cofinanciado pela UE Train2validate.&nbsp;&nbsp;<\/p>\n\n\n\n<p>A sua pesquisa mais recente \u00e9 sobre processos de valida\u00e7\u00e3o para uma Internet f\u00e1cil centrados no utilizador final.&nbsp;<\/p>\n\n\n\n<p><\/p>\n\n\n\n<p><strong><strong><strong><strong>Sandra Marques<\/strong><\/strong><\/strong><\/strong><\/p>\n\n\n\n<figure class=\"wp-block-image size-full is-resized\"><img loading=\"lazy\" decoding=\"async\" src=\"http:\/\/sites.ipleiria.pt\/congressoklaara\/files\/2022\/10\/Sandra-Marques.jpg\" alt=\"\" class=\"wp-image-230\" width=\"143\" height=\"191\"\/><\/figure>\n\n\n\n<p>Licenciada em Educa\u00e7\u00e3o Especial e Reabilita\u00e7\u00e3o e mestre em Desenvolvimento Motor, \u00e9 respons\u00e1vel pela \u00e1rea de inova\u00e7\u00e3o, investiga\u00e7\u00e3o e desenvolvimento da FENACERCI.&nbsp;<\/p>\n\n\n\n<p>Desde 1998 que desenvolve, traduz e adapta documentos de leitura f\u00e1cil, tendo estado envolvida no projeto europeu de que resultaram as orienta\u00e7\u00f5es europeias para a leitura f\u00e1cil, da Inclusion Europe.&nbsp;<\/p>\n\n\n\n<p>\u00c9 respons\u00e1vel pela adapta\u00e7\u00e3o para leitura f\u00e1cil da Conven\u00e7\u00e3o das NU sobre os Direitos das Pessoas com Defici\u00eancia, tendo desenvolvido v\u00e1rios curr\u00edculos formativos para pessoas com defici\u00eancia intelectual e multidefici\u00eancia, bem como adaptado outro tipo de material, como programas pol\u00edticos.&nbsp;<\/p>\n\n\n\n<p>\u00c9 formadora desde 2008 na \u00e1rea da acessibilidade cognitiva, onde se inclui o acesso \u00e0 informa\u00e7\u00e3o escrita e oral.&nbsp;<\/p>\n\n\n\n<p>As suas \u00e1reas de interesse incluem tamb\u00e9m o acesso aos direitos e ao seu exerc\u00edcio, em igualdade com todas as outras pessoas, por parte das pessoas com defici\u00eancia intelectual e do desenvolvimento.&nbsp;<\/p>\n\n\n\n<p><\/p>\n\n\n\n<p><strong>Tatjana Knapp<\/strong>&nbsp;<\/p>\n\n\n\n<figure class=\"wp-block-image size-full is-resized\"><img loading=\"lazy\" decoding=\"async\" src=\"http:\/\/sites.ipleiria.pt\/congressoklaara\/files\/2022\/10\/Tatiana-Knapp.jpg\" alt=\"\" class=\"wp-image-232\" width=\"142\" height=\"167\" srcset=\"https:\/\/sites.ipleiria.pt\/congressoklaara\/files\/2022\/10\/Tatiana-Knapp.jpg 485w, https:\/\/sites.ipleiria.pt\/congressoklaara\/files\/2022\/10\/Tatiana-Knapp-255x300.jpg 255w\" sizes=\"auto, (max-width: 142px) 100vw, 142px\" \/><\/figure>\n\n\n\n<p>Licenciada em antropologia cultural e arteterapia e servi\u00e7o social, \u00e9 diretora e coordenadora de projetos do Instituto RISA, Centro de Alfabetiza\u00e7\u00e3o Geral, Funcional e Cultural da Eslov\u00e9nia.&nbsp;&nbsp;<\/p>\n\n\n\n<p>Foi a primeira presidente da Associa\u00e7\u00e3o para a Comunica\u00e7\u00e3o Adaptada LABRA.&nbsp;<br>As suas principais \u00e1reas de trabalho e interesse s\u00e3o a Linguagem F\u00e1cil, a investiga\u00e7\u00e3o sobre defici\u00eancia do ponto de vista da antropologia e servi\u00e7o social e a defesa dos direitos das pessoas com defici\u00eancia.&nbsp;<\/p>\n\n\n\n<p><\/p>\n\n\n\n<p><strong><strong>Ulla Bohman&nbsp;<\/strong><\/strong>&nbsp;<\/p>\n\n\n\n<figure class=\"wp-block-image size-full is-resized\"><img loading=\"lazy\" decoding=\"async\" src=\"http:\/\/sites.ipleiria.pt\/congressoklaara\/files\/2022\/10\/Ulla-Bohman.jpg\" alt=\"\" class=\"wp-image-231\" width=\"160\" height=\"222\"\/><\/figure>\n\n\n\n<p>\u00c9 licenciada em Ci\u00eancias Culturais pela Universidade de Uppsala, formando-se em Psicologia Educacional e Drama.&nbsp;&nbsp;<\/p>\n\n\n\n<p>Foi diretora do Servi\u00e7o de L\u00ednguas F\u00e1ceis no Centro Sueco de Leitura F\u00e1cil entre 2001-2014 e colaboradora da Ag\u00eancia Sueca para os Meios Acess\u00edveis entre 2015-2018.&nbsp;<\/p>\n\n\n\n<p>Desde 2018 que \u00e9 consultora na Boarve konsult AB, oferecendo forma\u00e7\u00e3o e palestras em Linguagem F\u00e1cil, acessibilidade e direitos humanos, bem como em servi\u00e7os de edi\u00e7\u00e3o em Linguagem F\u00e1cil.&nbsp;<\/p>\n\n\n\n<p>Tem experi\u00eancia em comunica\u00e7\u00e3o acess\u00edvel e intercultural e foi convidada para orar e dar workshops em v\u00e1rias confer\u00eancias internacionais.&nbsp;<\/p>\n","protected":false},"excerpt":{"rendered":"<p>&nbsp; Cathy Basterfield Cathy \u00e9 uma terapeuta da fala altamente experiente, com mais de 30 anos de trabalho com pessoas com necessidades de comunica\u00e7\u00e3o complexas e, em particular, com pessoas com uma defici\u00eancia intelectual. H\u00e1 quase 20 anos, Cathy iniciou&hellip;  <\/p>\n<p class=\"more-link\"><a href=\"https:\/\/sites.ipleiria.pt\/congressoklaara\/informacoes-2\/\">Continue reading <span class=\"meta-nav\">&rarr;<\/span><\/a><\/p>\n","protected":false},"author":102,"featured_media":0,"parent":0,"menu_order":0,"comment_status":"closed","ping_status":"closed","template":"","meta":{"_monsterinsights_skip_tracking":false,"_monsterinsights_sitenote_active":false,"_monsterinsights_sitenote_note":"","_monsterinsights_sitenote_category":0,"footnotes":""},"class_list":["post-23","page","type-page","status-publish","hentry"],"yoast_head":"<!-- This site is optimized with the Yoast SEO plugin v26.8 - https:\/\/yoast.com\/product\/yoast-seo-wordpress\/ -->\n<title>Oradores - Klaara 2023<\/title>\n<meta name=\"robots\" content=\"index, follow, max-snippet:-1, max-image-preview:large, max-video-preview:-1\" \/>\n<link rel=\"canonical\" href=\"https:\/\/sites.ipleiria.pt\/congressoklaara\/informacoes-2\/\" \/>\n<meta property=\"og:locale\" content=\"pt_PT\" \/>\n<meta property=\"og:type\" content=\"article\" \/>\n<meta property=\"og:title\" content=\"Oradores - Klaara 2023\" \/>\n<meta property=\"og:description\" content=\"&nbsp; Cathy Basterfield Cathy \u00e9 uma terapeuta da fala altamente experiente, com mais de 30 anos de trabalho com pessoas com necessidades de comunica\u00e7\u00e3o complexas e, em particular, com pessoas com uma defici\u00eancia intelectual. H\u00e1 quase 20 anos, Cathy iniciou&hellip; Continue reading &rarr;\" \/>\n<meta property=\"og:url\" content=\"https:\/\/sites.ipleiria.pt\/congressoklaara\/informacoes-2\/\" \/>\n<meta property=\"og:site_name\" content=\"Klaara 2023\" \/>\n<meta property=\"article:modified_time\" content=\"2023-04-11T14:14:38+00:00\" \/>\n<meta property=\"og:image\" content=\"http:\/\/sites.ipleiria.pt\/congressoklaara\/files\/2023\/01\/Cathy-Basterfield-White.png\" \/>\n<meta name=\"twitter:card\" content=\"summary_large_image\" \/>\n<meta name=\"twitter:label1\" content=\"Tempo estimado de leitura\" \/>\n\t<meta name=\"twitter:data1\" content=\"9 minutos\" \/>\n<script type=\"application\/ld+json\" class=\"yoast-schema-graph\">{\"@context\":\"https:\/\/schema.org\",\"@graph\":[{\"@type\":\"WebPage\",\"@id\":\"https:\/\/sites.ipleiria.pt\/congressoklaara\/informacoes-2\/\",\"url\":\"https:\/\/sites.ipleiria.pt\/congressoklaara\/informacoes-2\/\",\"name\":\"Oradores - Klaara 2023\",\"isPartOf\":{\"@id\":\"https:\/\/sites.ipleiria.pt\/congressoklaara\/#website\"},\"primaryImageOfPage\":{\"@id\":\"https:\/\/sites.ipleiria.pt\/congressoklaara\/informacoes-2\/#primaryimage\"},\"image\":{\"@id\":\"https:\/\/sites.ipleiria.pt\/congressoklaara\/informacoes-2\/#primaryimage\"},\"thumbnailUrl\":\"http:\/\/sites.ipleiria.pt\/congressoklaara\/files\/2023\/01\/Cathy-Basterfield-White.png\",\"datePublished\":\"2019-05-30T14:42:59+00:00\",\"dateModified\":\"2023-04-11T14:14:38+00:00\",\"breadcrumb\":{\"@id\":\"https:\/\/sites.ipleiria.pt\/congressoklaara\/informacoes-2\/#breadcrumb\"},\"inLanguage\":\"pt-PT\",\"potentialAction\":[{\"@type\":\"ReadAction\",\"target\":[\"https:\/\/sites.ipleiria.pt\/congressoklaara\/informacoes-2\/\"]}]},{\"@type\":\"ImageObject\",\"inLanguage\":\"pt-PT\",\"@id\":\"https:\/\/sites.ipleiria.pt\/congressoklaara\/informacoes-2\/#primaryimage\",\"url\":\"http:\/\/sites.ipleiria.pt\/congressoklaara\/files\/2023\/01\/Cathy-Basterfield-White.png\",\"contentUrl\":\"http:\/\/sites.ipleiria.pt\/congressoklaara\/files\/2023\/01\/Cathy-Basterfield-White.png\"},{\"@type\":\"BreadcrumbList\",\"@id\":\"https:\/\/sites.ipleiria.pt\/congressoklaara\/informacoes-2\/#breadcrumb\",\"itemListElement\":[{\"@type\":\"ListItem\",\"position\":1,\"name\":\"In\u00edcio\",\"item\":\"https:\/\/sites.ipleiria.pt\/congressoklaara\/\"},{\"@type\":\"ListItem\",\"position\":2,\"name\":\"Oradores\"}]},{\"@type\":\"WebSite\",\"@id\":\"https:\/\/sites.ipleiria.pt\/congressoklaara\/#website\",\"url\":\"https:\/\/sites.ipleiria.pt\/congressoklaara\/\",\"name\":\"Klaara 2023\",\"description\":\"Site da 3\u00aa Confer\u00eancia sobre investiga\u00e7\u00e3o na comunica\u00e7\u00e3o e linguagem acess\u00edveis\",\"potentialAction\":[{\"@type\":\"SearchAction\",\"target\":{\"@type\":\"EntryPoint\",\"urlTemplate\":\"https:\/\/sites.ipleiria.pt\/congressoklaara\/?s={search_term_string}\"},\"query-input\":{\"@type\":\"PropertyValueSpecification\",\"valueRequired\":true,\"valueName\":\"search_term_string\"}}],\"inLanguage\":\"pt-PT\"}]}<\/script>\n<!-- \/ Yoast SEO plugin. -->","yoast_head_json":{"title":"Oradores - Klaara 2023","robots":{"index":"index","follow":"follow","max-snippet":"max-snippet:-1","max-image-preview":"max-image-preview:large","max-video-preview":"max-video-preview:-1"},"canonical":"https:\/\/sites.ipleiria.pt\/congressoklaara\/informacoes-2\/","og_locale":"pt_PT","og_type":"article","og_title":"Oradores - Klaara 2023","og_description":"&nbsp; Cathy Basterfield Cathy \u00e9 uma terapeuta da fala altamente experiente, com mais de 30 anos de trabalho com pessoas com necessidades de comunica\u00e7\u00e3o complexas e, em particular, com pessoas com uma defici\u00eancia intelectual. H\u00e1 quase 20 anos, Cathy iniciou&hellip; Continue reading &rarr;","og_url":"https:\/\/sites.ipleiria.pt\/congressoklaara\/informacoes-2\/","og_site_name":"Klaara 2023","article_modified_time":"2023-04-11T14:14:38+00:00","og_image":[{"url":"http:\/\/sites.ipleiria.pt\/congressoklaara\/files\/2023\/01\/Cathy-Basterfield-White.png","type":"","width":"","height":""}],"twitter_card":"summary_large_image","twitter_misc":{"Tempo estimado de leitura":"9 minutos"},"schema":{"@context":"https:\/\/schema.org","@graph":[{"@type":"WebPage","@id":"https:\/\/sites.ipleiria.pt\/congressoklaara\/informacoes-2\/","url":"https:\/\/sites.ipleiria.pt\/congressoklaara\/informacoes-2\/","name":"Oradores - Klaara 2023","isPartOf":{"@id":"https:\/\/sites.ipleiria.pt\/congressoklaara\/#website"},"primaryImageOfPage":{"@id":"https:\/\/sites.ipleiria.pt\/congressoklaara\/informacoes-2\/#primaryimage"},"image":{"@id":"https:\/\/sites.ipleiria.pt\/congressoklaara\/informacoes-2\/#primaryimage"},"thumbnailUrl":"http:\/\/sites.ipleiria.pt\/congressoklaara\/files\/2023\/01\/Cathy-Basterfield-White.png","datePublished":"2019-05-30T14:42:59+00:00","dateModified":"2023-04-11T14:14:38+00:00","breadcrumb":{"@id":"https:\/\/sites.ipleiria.pt\/congressoklaara\/informacoes-2\/#breadcrumb"},"inLanguage":"pt-PT","potentialAction":[{"@type":"ReadAction","target":["https:\/\/sites.ipleiria.pt\/congressoklaara\/informacoes-2\/"]}]},{"@type":"ImageObject","inLanguage":"pt-PT","@id":"https:\/\/sites.ipleiria.pt\/congressoklaara\/informacoes-2\/#primaryimage","url":"http:\/\/sites.ipleiria.pt\/congressoklaara\/files\/2023\/01\/Cathy-Basterfield-White.png","contentUrl":"http:\/\/sites.ipleiria.pt\/congressoklaara\/files\/2023\/01\/Cathy-Basterfield-White.png"},{"@type":"BreadcrumbList","@id":"https:\/\/sites.ipleiria.pt\/congressoklaara\/informacoes-2\/#breadcrumb","itemListElement":[{"@type":"ListItem","position":1,"name":"In\u00edcio","item":"https:\/\/sites.ipleiria.pt\/congressoklaara\/"},{"@type":"ListItem","position":2,"name":"Oradores"}]},{"@type":"WebSite","@id":"https:\/\/sites.ipleiria.pt\/congressoklaara\/#website","url":"https:\/\/sites.ipleiria.pt\/congressoklaara\/","name":"Klaara 2023","description":"Site da 3\u00aa Confer\u00eancia sobre investiga\u00e7\u00e3o na comunica\u00e7\u00e3o e linguagem acess\u00edveis","potentialAction":[{"@type":"SearchAction","target":{"@type":"EntryPoint","urlTemplate":"https:\/\/sites.ipleiria.pt\/congressoklaara\/?s={search_term_string}"},"query-input":{"@type":"PropertyValueSpecification","valueRequired":true,"valueName":"search_term_string"}}],"inLanguage":"pt-PT"}]}},"_links":{"self":[{"href":"https:\/\/sites.ipleiria.pt\/congressoklaara\/wp-json\/wp\/v2\/pages\/23","targetHints":{"allow":["GET"]}}],"collection":[{"href":"https:\/\/sites.ipleiria.pt\/congressoklaara\/wp-json\/wp\/v2\/pages"}],"about":[{"href":"https:\/\/sites.ipleiria.pt\/congressoklaara\/wp-json\/wp\/v2\/types\/page"}],"author":[{"embeddable":true,"href":"https:\/\/sites.ipleiria.pt\/congressoklaara\/wp-json\/wp\/v2\/users\/102"}],"replies":[{"embeddable":true,"href":"https:\/\/sites.ipleiria.pt\/congressoklaara\/wp-json\/wp\/v2\/comments?post=23"}],"version-history":[{"count":15,"href":"https:\/\/sites.ipleiria.pt\/congressoklaara\/wp-json\/wp\/v2\/pages\/23\/revisions"}],"predecessor-version":[{"id":774,"href":"https:\/\/sites.ipleiria.pt\/congressoklaara\/wp-json\/wp\/v2\/pages\/23\/revisions\/774"}],"wp:attachment":[{"href":"https:\/\/sites.ipleiria.pt\/congressoklaara\/wp-json\/wp\/v2\/media?parent=23"}],"curies":[{"name":"wp","href":"https:\/\/api.w.org\/{rel}","templated":true}]}}