{"id":15,"date":"2021-02-06T00:51:30","date_gmt":"2021-02-06T00:51:30","guid":{"rendered":"http:\/\/sites.ipleiria.pt\/jornadas-edu-ci\/?page_id=15"},"modified":"2024-11-20T16:40:03","modified_gmt":"2024-11-20T16:40:03","slug":"programa-provisorio","status":"publish","type":"page","link":"https:\/\/sites.ipleiria.pt\/convencer\/programa-provisorio\/","title":{"rendered":"Datas importantes"},"content":{"rendered":"\n<p><strong>Competi\u00e7\u00e3o 2025<\/strong><br>(<strong>Brevemente<\/strong>)<\/p>\n\n\n\n<hr class=\"wp-block-separator has-text-color has-white-color has-css-opacity has-white-background-color has-background\"\/>\n\n\n\n<hr class=\"wp-block-separator has-text-color has-white-color has-css-opacity has-white-background-color has-background\"\/>\n\n\n\n<hr class=\"wp-block-separator has-text-color has-white-color has-css-opacity has-white-background-color has-background\"\/>\n\n\n\n<hr class=\"wp-block-separator has-css-opacity\"\/>\n\n\n\n<p><strong>Competi\u00e7\u00e3o 2022<\/strong><br><strong>Meia Final<\/strong> <\/p>\n\n\n\n<ul class=\"wp-block-list\">\n<li>Comp\u00f4 vs VDM<br>Tema: Legaliza\u00e7\u00e3o da Eutan\u00e1sia &#8211; 9 de Junho de 2022 &#8211; Audit\u00f3rio 1 &#8211; ESECS Leiria<\/li>\n<\/ul>\n\n\n\n<ul class=\"wp-block-list\">\n<li>AMI VS Compl\u00f4<br>Tema: Pena de Morte &#8211; 9 de Junho de 2022 &#8211; Audit\u00f3rio 1 &#8211; ESECS Leiria<\/li>\n<\/ul>\n\n\n\n<ul class=\"wp-block-list\">\n<li>VDM vs AMI<br>Tema: Federa\u00e7\u00e3o Europeia &#8211; 9 de Junho de 2022 &#8211; Audit\u00f3rio 1 &#8211; ESECS Leiria <\/li>\n<\/ul>\n\n\n\n<p><strong>Final<\/strong> <\/p>\n\n\n\n<ul class=\"wp-block-list\">\n<li>Compl\u00f4 vs VDM<br>  5 de Junho de 2022 &#8211; Audit\u00f3rio 1 &#8211; ESECS Leiria<\/li>\n<\/ul>\n\n\n\n<p><span style=\"background-color: rgba(0, 0, 0, 0.2);\"><b>V<\/b><\/span><strong>encedores<\/strong><\/p>\n\n\n\n<p>Compl\u00f4<\/p>\n\n\n\n<hr class=\"wp-block-separator has-css-opacity\"\/>\n\n\n\n<hr class=\"wp-block-separator has-text-color has-white-color has-css-opacity has-white-background-color has-background\"\/>\n\n\n\n<p><strong>Registo do Sorteio &#8211; 2022<\/strong><\/p>\n\n\n\n<figure class=\"wp-block-gallery has-nested-images columns-default is-cropped wp-block-gallery-1 is-layout-flex wp-block-gallery-is-layout-flex\">\n<figure class=\"wp-block-image size-large\"><img loading=\"lazy\" decoding=\"async\" width=\"2560\" height=\"1920\" data-id=\"471\" src=\"http:\/\/sites.ipleiria.pt\/convencer\/files\/2022\/05\/1653389464280-scaled.jpg\" alt=\"\" class=\"wp-image-471\" srcset=\"https:\/\/sites.ipleiria.pt\/convencer\/files\/2022\/05\/1653389464280-scaled.jpg 2560w, https:\/\/sites.ipleiria.pt\/convencer\/files\/2022\/05\/1653389464280-300x225.jpg 300w, https:\/\/sites.ipleiria.pt\/convencer\/files\/2022\/05\/1653389464280-1024x768.jpg 1024w, https:\/\/sites.ipleiria.pt\/convencer\/files\/2022\/05\/1653389464280-768x576.jpg 768w, https:\/\/sites.ipleiria.pt\/convencer\/files\/2022\/05\/1653389464280-1536x1152.jpg 1536w, https:\/\/sites.ipleiria.pt\/convencer\/files\/2022\/05\/1653389464280-2048x1536.jpg 2048w\" sizes=\"auto, (max-width: 2560px) 100vw, 2560px\" \/><\/figure>\n\n\n\n<figure class=\"wp-block-image size-large\"><img loading=\"lazy\" decoding=\"async\" width=\"2560\" height=\"1920\" data-id=\"475\" src=\"http:\/\/sites.ipleiria.pt\/convencer\/files\/2022\/05\/1653389464294-scaled.jpg\" alt=\"\" class=\"wp-image-475\" srcset=\"https:\/\/sites.ipleiria.pt\/convencer\/files\/2022\/05\/1653389464294-scaled.jpg 2560w, https:\/\/sites.ipleiria.pt\/convencer\/files\/2022\/05\/1653389464294-300x225.jpg 300w, https:\/\/sites.ipleiria.pt\/convencer\/files\/2022\/05\/1653389464294-1024x768.jpg 1024w, https:\/\/sites.ipleiria.pt\/convencer\/files\/2022\/05\/1653389464294-768x576.jpg 768w, https:\/\/sites.ipleiria.pt\/convencer\/files\/2022\/05\/1653389464294-1536x1152.jpg 1536w, https:\/\/sites.ipleiria.pt\/convencer\/files\/2022\/05\/1653389464294-2048x1536.jpg 2048w\" sizes=\"auto, (max-width: 2560px) 100vw, 2560px\" \/><\/figure>\n\n\n\n<figure class=\"wp-block-image size-large\"><img loading=\"lazy\" decoding=\"async\" width=\"2560\" height=\"1920\" data-id=\"474\" src=\"http:\/\/sites.ipleiria.pt\/convencer\/files\/2022\/05\/1653389464359-scaled.jpg\" alt=\"\" class=\"wp-image-474\" srcset=\"https:\/\/sites.ipleiria.pt\/convencer\/files\/2022\/05\/1653389464359-scaled.jpg 2560w, https:\/\/sites.ipleiria.pt\/convencer\/files\/2022\/05\/1653389464359-300x225.jpg 300w, https:\/\/sites.ipleiria.pt\/convencer\/files\/2022\/05\/1653389464359-1024x768.jpg 1024w, https:\/\/sites.ipleiria.pt\/convencer\/files\/2022\/05\/1653389464359-768x576.jpg 768w, https:\/\/sites.ipleiria.pt\/convencer\/files\/2022\/05\/1653389464359-1536x1152.jpg 1536w, https:\/\/sites.ipleiria.pt\/convencer\/files\/2022\/05\/1653389464359-2048x1536.jpg 2048w\" sizes=\"auto, (max-width: 2560px) 100vw, 2560px\" \/><\/figure>\n<\/figure>\n\n\n\n<ul class=\"has-small-font-size wp-block-list\">\n<li>Registo do sorteio no seguimento do Regulamento<\/li>\n<\/ul>\n","protected":false},"excerpt":{"rendered":"<p>Competi\u00e7\u00e3o 2025(Brevemente) Competi\u00e7\u00e3o 2022Meia Final Final Vencedores Compl\u00f4 Registo do Sorteio &#8211; 2022<\/p>\n","protected":false},"author":102,"featured_media":0,"parent":0,"menu_order":0,"comment_status":"closed","ping_status":"closed","template":"","meta":{"footnotes":""},"class_list":["post-15","page","type-page","status-publish","hentry"],"_links":{"self":[{"href":"https:\/\/sites.ipleiria.pt\/convencer\/wp-json\/wp\/v2\/pages\/15","targetHints":{"allow":["GET"]}}],"collection":[{"href":"https:\/\/sites.ipleiria.pt\/convencer\/wp-json\/wp\/v2\/pages"}],"about":[{"href":"https:\/\/sites.ipleiria.pt\/convencer\/wp-json\/wp\/v2\/types\/page"}],"author":[{"embeddable":true,"href":"https:\/\/sites.ipleiria.pt\/convencer\/wp-json\/wp\/v2\/users\/102"}],"replies":[{"embeddable":true,"href":"https:\/\/sites.ipleiria.pt\/convencer\/wp-json\/wp\/v2\/comments?post=15"}],"version-history":[{"count":15,"href":"https:\/\/sites.ipleiria.pt\/convencer\/wp-json\/wp\/v2\/pages\/15\/revisions"}],"predecessor-version":[{"id":534,"href":"https:\/\/sites.ipleiria.pt\/convencer\/wp-json\/wp\/v2\/pages\/15\/revisions\/534"}],"wp:attachment":[{"href":"https:\/\/sites.ipleiria.pt\/convencer\/wp-json\/wp\/v2\/media?parent=15"}],"curies":[{"name":"wp","href":"https:\/\/api.w.org\/{rel}","templated":true}]}}