{"id":506,"date":"2023-03-22T14:51:18","date_gmt":"2023-03-22T14:51:18","guid":{"rendered":"https:\/\/sites.ipleiria.pt\/convencer\/?page_id=506"},"modified":"2024-11-20T16:35:21","modified_gmt":"2024-11-20T16:35:21","slug":"sorteio","status":"publish","type":"page","link":"https:\/\/sites.ipleiria.pt\/convencer\/sorteio\/","title":{"rendered":"Sorteio"},"content":{"rendered":"\n<h2 class=\"wp-block-heading\">2024\/25<\/h2>\n\n\n\n<p>[ Brevemente]<\/p>\n\n\n\n<h2 class=\"wp-block-heading\">2022\/23<\/h2>\n\n\n\n<p>Registo video do sorteio<\/p>\n\n\n\n<figure class=\"wp-block-embed is-type-video is-provider-youtube wp-block-embed-youtube wp-embed-aspect-16-9 wp-has-aspect-ratio\"><div class=\"wp-block-embed__wrapper\">\n<div class=\"video-container\"><iframe loading=\"lazy\" title=\"II Convencer Sorteio\" width=\"650\" height=\"366\" src=\"https:\/\/www.youtube.com\/embed\/PDutHdE7d3Y?feature=oembed&#038;wmode=opaque\" frameborder=\"0\" allow=\"accelerometer; autoplay; clipboard-write; encrypted-media; gyroscope; picture-in-picture; web-share\" referrerpolicy=\"strict-origin-when-cross-origin\" allowfullscreen><\/iframe><\/div>\n<\/div><\/figure>\n\n\n\n<p><\/p>\n\n\n\n<p>O sorteio ditou o seguinte encadeamento:<\/p>\n\n\n\n<p>12 de abril de 2023, quarta-feira, 11h00m <br><strong>TIPC<\/strong>&nbsp;(a favor)&nbsp;vs&nbsp;<strong>Tert\u00falias<\/strong>&nbsp;(contra)*<br>Tema:&nbsp;<strong>Legaliza\u00e7\u00e3o das Drogas Leve<\/strong>s<\/p>\n\n\n\n<p class=\"has-small-font-size\">*(este debate realizar-se-\u00e1 atrav\u00e9s de uma plataforma de videoconfer\u00eancia -a definir)<br><\/p>\n\n\n\n<p>&#8212;<\/p>\n\n\n\n<p>12 de abril de 2023, quarta-feira, 15h00m \u2013 Audit\u00f3rio 1<br><strong>PACE&nbsp;<\/strong>(a favor)&nbsp;vs&nbsp;<strong>Os Din\u00e1sticos&nbsp;<\/strong>(contra)<br>Tema:&nbsp;<strong>Uso de Animais em Experi\u00eancias Ci\u00eant\u00edfica<\/strong>s<\/p>\n\n\n\n<p>&#8212;<\/p>\n\n\n\n<p>19 de abril de 2023, quarta-feira, 15h00 <br><strong>Adicional&nbsp;<\/strong>(contra)&nbsp;vs&nbsp;<strong>Voz Ativa<\/strong>&nbsp;(a favor)<br>Tema:&nbsp;<strong>Identidade de G\u00e9nero<\/strong><\/p>\n\n\n\n<p>&#8212;<\/p>\n\n\n\n<p>19 de abril de 2023, quarta-feira, 15h00 <br><strong>Argumentistas&nbsp;<\/strong>(contra)&nbsp;vs&nbsp;<strong>MAP<\/strong>&nbsp;(a favor)<br>Tema:&nbsp;<strong>Eutan\u00e1sia<\/strong><\/p>\n","protected":false},"excerpt":{"rendered":"<p>2024\/25 [ Brevemente] 2022\/23 Registo video do sorteio O sorteio ditou o seguinte encadeamento: 12 de abril de 2023, quarta-feira, 11h00m TIPC&nbsp;(a favor)&nbsp;vs&nbsp;Tert\u00falias&nbsp;(contra)*Tema:&nbsp;Legaliza\u00e7\u00e3o das Drogas Leves *(este debate realizar-se-\u00e1 atrav\u00e9s de uma plataforma de videoconfer\u00eancia -a definir) &#8212; 12 de&hellip;  <\/p>\n<p class=\"more-link\"><a href=\"https:\/\/sites.ipleiria.pt\/convencer\/sorteio\/\">Continue reading <span class=\"meta-nav\">&rarr;<\/span><\/a><\/p>\n","protected":false},"author":102,"featured_media":0,"parent":0,"menu_order":0,"comment_status":"closed","ping_status":"closed","template":"","meta":{"footnotes":""},"class_list":["post-506","page","type-page","status-publish","hentry"],"_links":{"self":[{"href":"https:\/\/sites.ipleiria.pt\/convencer\/wp-json\/wp\/v2\/pages\/506","targetHints":{"allow":["GET"]}}],"collection":[{"href":"https:\/\/sites.ipleiria.pt\/convencer\/wp-json\/wp\/v2\/pages"}],"about":[{"href":"https:\/\/sites.ipleiria.pt\/convencer\/wp-json\/wp\/v2\/types\/page"}],"author":[{"embeddable":true,"href":"https:\/\/sites.ipleiria.pt\/convencer\/wp-json\/wp\/v2\/users\/102"}],"replies":[{"embeddable":true,"href":"https:\/\/sites.ipleiria.pt\/convencer\/wp-json\/wp\/v2\/comments?post=506"}],"version-history":[{"count":6,"href":"https:\/\/sites.ipleiria.pt\/convencer\/wp-json\/wp\/v2\/pages\/506\/revisions"}],"predecessor-version":[{"id":533,"href":"https:\/\/sites.ipleiria.pt\/convencer\/wp-json\/wp\/v2\/pages\/506\/revisions\/533"}],"wp:attachment":[{"href":"https:\/\/sites.ipleiria.pt\/convencer\/wp-json\/wp\/v2\/media?parent=506"}],"curies":[{"name":"wp","href":"https:\/\/api.w.org\/{rel}","templated":true}]}}