{"id":3030,"date":"2026-02-13T16:38:44","date_gmt":"2026-02-13T16:38:44","guid":{"rendered":"https:\/\/sites.ipleiria.pt\/crnec\/?page_id=3030"},"modified":"2026-03-20T11:21:14","modified_gmt":"2026-03-20T11:21:14","slug":"inscricao","status":"publish","type":"page","link":"https:\/\/sites.ipleiria.pt\/crnec\/inscricao\/","title":{"rendered":"Inscri\u00e7\u00e3o"},"content":{"rendered":"\n<h2 class=\"wp-block-heading\">Formul\u00e1rio de inscri\u00e7\u00e3o<\/h2>\n\n\n\n<p><a href=\"https:\/\/hello.last2ticket.com\/event\/7880\/\"><mark style=\"background-color:#ffffff\" class=\"has-inline-color has-vivid-cyan-blue-color\">\ud83d\udd17 Link de acesso para o formul\u00e1rio<\/mark><\/a><\/p>\n\n\n\n<h2 class=\"wp-block-heading\">Valores de inscri\u00e7\u00e3o<\/h2>\n\n\n\n<figure class=\"wp-block-table\"><table class=\"has-fixed-layout\"><tbody><tr><td><strong>Modalidade<\/strong><\/td><td><strong>Valor<\/strong><\/td><\/tr><tr><td>Investigador\/autores, com comunica\u00e7\u00e3o (externos ao Polit\u00e9cnico de Leiria)<\/td><td>100 euros<\/td><\/tr><tr><td>Investigador\/autor, com comunica\u00e7\u00e3o (vinculados ao Polit\u00e9cnico de Leiria)<\/td><td>40 euros<\/td><\/tr><tr><td>Estudantes com comunica\u00e7\u00e3o (externos ao Polit\u00e9cnico de Leiria)<\/td><td>40 euros<\/td><\/tr><tr><td>Estudantes do Polit\u00e9cnico de Leiria (ou alumni) com comunica\u00e7\u00e3o<\/td><td>15 euros<\/td><\/tr><tr><td>Participantes sem comunica\u00e7\u00e3o<\/td><td>20 euros<\/td><\/tr><tr><td>Estudantes do Polit\u00e9cnico de Leiria, sem comunica\u00e7\u00e3o, com emiss\u00e3o certificado<\/td><td>5 euros<\/td><\/tr><tr><td>Estudantes do Polit\u00e9cnico de Leiria, sem comunica\u00e7\u00e3o, sem certificado<\/td><td>Gratuito<\/td><\/tr><\/tbody><\/table><\/figure>\n\n\n\n<ul class=\"wp-block-list\">\n<li>As inscri\u00e7\u00f5es para participantes (com ou sem comunica\u00e7\u00e3o) devem ser realizadas por meio do&nbsp;formul\u00e1rio de inscri\u00e7\u00e3o.<\/li>\n\n\n\n<li>S\u00f3 ser\u00e3o validadas as inscri\u00e7\u00f5es cujo pagamento esteja confirmado.<\/li>\n\n\n\n<li>Para que uma comunica\u00e7\u00e3o possa constar no programa do congresso, \u00e9 necess\u00e1rio que pelo menos um autor esteja inscrito e tenha efetuado o pagamento.<\/li>\n\n\n\n<li>A comunica\u00e7\u00e3o aprovada constar\u00e1 no programa do congresso e os artigos completos, se aprovados pela Comiss\u00e3o Cient\u00edfica, ser\u00e3o publicados num livro organizado com DOI ou numa <em>special issue<\/em> da Revista Pr\u00e2ksis (Scopus), dedicada ao tema do Congresso.<\/li>\n\n\n\n<li>Um dos membros representantes da RNEC\/REEC por institui\u00e7\u00e3o est\u00e1 isento do pagamento da taxa de inscri\u00e7\u00e3o. <strong>Solicitamos que a identifica\u00e7\u00e3o do representante seja comunicada diretamente \u00e0 organiza\u00e7\u00e3o do Congresso, atrav\u00e9s dos e-mails de contacto (jenny.sousa@ipleiria.pt; william.cantu@ipleiria.pt; rnec.esecs@gmail.com). <strong>Este representante n\u00e3o necessita de efetuar inscri\u00e7\u00e3o na plataforma, sendo o seu registo assegurado pela organiza\u00e7\u00e3o.<\/strong><\/strong><\/li>\n<\/ul>\n","protected":false},"excerpt":{"rendered":"<p>Formul\u00e1rio de inscri\u00e7\u00e3o \ud83d\udd17 Link de acesso para o formul\u00e1rio Valores de inscri\u00e7\u00e3o Modalidade Valor Investigador\/autores, com comunica\u00e7\u00e3o (externos ao Polit\u00e9cnico de Leiria) 100 euros Investigador\/autor, com comunica\u00e7\u00e3o (vinculados ao Polit\u00e9cnico de Leiria) 40 euros Estudantes com comunica\u00e7\u00e3o (externos ao Polit\u00e9cnico de Leiria) 40 euros Estudantes do Polit\u00e9cnico de Leiria (ou alumni) com comunica\u00e7\u00e3o 15 &hellip; <\/p>\n<p class=\"link-more\"><a href=\"https:\/\/sites.ipleiria.pt\/crnec\/inscricao\/\" class=\"more-link\">Continuar a ler <span class=\"screen-reader-text\">&#8220;Inscri\u00e7\u00e3o&#8221;<\/span><\/a><\/p>\n","protected":false},"author":6001,"featured_media":0,"parent":0,"menu_order":0,"comment_status":"closed","ping_status":"closed","template":"","meta":{"footnotes":""},"class_list":["post-3030","page","type-page","status-publish","hentry"],"_links":{"self":[{"href":"https:\/\/sites.ipleiria.pt\/crnec\/wp-json\/wp\/v2\/pages\/3030","targetHints":{"allow":["GET"]}}],"collection":[{"href":"https:\/\/sites.ipleiria.pt\/crnec\/wp-json\/wp\/v2\/pages"}],"about":[{"href":"https:\/\/sites.ipleiria.pt\/crnec\/wp-json\/wp\/v2\/types\/page"}],"author":[{"embeddable":true,"href":"https:\/\/sites.ipleiria.pt\/crnec\/wp-json\/wp\/v2\/users\/6001"}],"replies":[{"embeddable":true,"href":"https:\/\/sites.ipleiria.pt\/crnec\/wp-json\/wp\/v2\/comments?post=3030"}],"version-history":[{"count":23,"href":"https:\/\/sites.ipleiria.pt\/crnec\/wp-json\/wp\/v2\/pages\/3030\/revisions"}],"predecessor-version":[{"id":3227,"href":"https:\/\/sites.ipleiria.pt\/crnec\/wp-json\/wp\/v2\/pages\/3030\/revisions\/3227"}],"wp:attachment":[{"href":"https:\/\/sites.ipleiria.pt\/crnec\/wp-json\/wp\/v2\/media?parent=3030"}],"curies":[{"name":"wp","href":"https:\/\/api.w.org\/{rel}","templated":true}]}}