{"id":2,"date":"2020-01-22T10:31:01","date_gmt":"2020-01-22T10:31:01","guid":{"rendered":"http:\/\/culturamotora.sites.ipleiria.pt\/?page_id=2"},"modified":"2021-02-06T00:12:55","modified_gmt":"2021-02-06T00:12:55","slug":"pagina-exemplo","status":"publish","type":"page","link":"https:\/\/sites.ipleiria.pt\/culturamotora\/","title":{"rendered":"Apresenta\u00e7\u00e3o"},"content":{"rendered":"\n<p>\n\n______________________________________________________________________________\n\n<\/p>\n\n\n\n<p><strong>V Semin\u00e1rio A Cultura Motora na Escola do 1\u00ba CEB <\/strong><br><strong>Por uma Educa\u00e7\u00e3o Motora (de qualidade) para todos no 1\u00ba CEB<\/strong><\/p>\n\n\n\n<p>Depois de, nas 4 edi\u00e7\u00f5es anteriores, o Semin\u00e1rio<strong> <em>A Cultura Motora na Escola do 1\u00baCEB<\/em><\/strong> ter sido organizado pela Universidade de Aveiro (2016), Escola Superior de Educa\u00e7\u00e3o do Instituto Polit\u00e9cnico de Viseu (2017), Escola Superior de Educa\u00e7\u00e3o do Instituto Polit\u00e9cnico de Viana do Castelo (2018) e Universidade dos A\u00e7ores (2019), em 2021, no dia 14 de maio, ser\u00e1 a vez da Escola Superior de Educa\u00e7\u00e3o e Ci\u00eancias Sociais do Polit\u00e9cnico de Leiria organizar este evento anual, na sua 5\u00aa edi\u00e7\u00e3o. <\/p>\n\n\n\n<p>Parece ser consensual a import\u00e2ncia atribu\u00edda \u00e0 pr\u00e1tica regular de atividade f\u00edsica. Esta relev\u00e2ncia, nos anos mais recentes, tem sido especialmente alocada \u00e0 vertente da sa\u00fade, num quadro mais geral no qual se inserem os denominados estilos de vida saud\u00e1veis. Sem descurar essa pertin\u00eancia, a Educa\u00e7\u00e3o F\u00edsica escolar (EF) visa, ainda, a aquisi\u00e7\u00e3o de um <em>corpus<\/em> de saberes e compet\u00eancias que constituem um indispens\u00e1vel <em>caldo cultural<\/em> pr\u00f3prio. Continuadas batalhas cient\u00edficas, pedag\u00f3gicas e pol\u00edticas conduziram ao estabelecimento da \u00e1rea da Educa\u00e7\u00e3o F\u00edsica escolar em todos os anos da Escolaridade obrigat\u00f3ria, recentemente alargada ao 12\u00ba ano. Assim, e sem esquecer o contributo importante ao n\u00edvel da Educa\u00e7\u00e3o Pr\u00e9-Escolar, ser\u00e1 com o 1\u00ba CEB que o sistema educativo come\u00e7ar\u00e1 a sua contribui\u00e7\u00e3o para a Cultura Motora para TODOS. <\/p>\n\n\n\n<p>A pandemia que h\u00e1 um ano nos constrange adiou este Semin\u00e1rio. Agora, o mesmo realizar-se-\u00e1 a dist\u00e2ncia e as tem\u00e1ticas refletem estes novos tempos.<\/p>\n\n\n\n<p>Assim, neste V Semin\u00e1rio damos lugar de destaque \u00e0s tem\u00e1ticas <strong>potencialidades educativas dos ambientes exteriores<\/strong>, <strong><strong>envolvimento familiar na promo\u00e7\u00e3o da compet\u00eancia motora das crian\u00e7as do 1\u00ba CEB<\/strong><\/strong>  e <strong>boas<\/strong> <strong>pr\u00e1ticas pedag\u00f3gicas em tempos de pandemia<\/strong>.<\/p>\n\n\n\n<p>Um bom Semin\u00e1rio para todos!<br>Rui Matos<\/p>\n","protected":false},"excerpt":{"rendered":"<p>______________________________________________________________________________ V Semin\u00e1rio A Cultura Motora na Escola do 1\u00ba CEB Por uma Educa\u00e7\u00e3o Motora (de qualidade) para todos no 1\u00ba CEB Depois de, nas 4 edi\u00e7\u00f5es anteriores, o Semin\u00e1rio A Cultura Motora na Escola do 1\u00baCEB ter sido organizado&hellip;  <\/p>\n<p class=\"more-link\"><a href=\"https:\/\/sites.ipleiria.pt\/culturamotora\/\">Continue reading <span class=\"meta-nav\">&rarr;<\/span><\/a><\/p>\n","protected":false},"author":102,"featured_media":0,"parent":0,"menu_order":0,"comment_status":"closed","ping_status":"closed","template":"","meta":{"footnotes":""},"class_list":["post-2","page","type-page","status-publish","hentry"],"_links":{"self":[{"href":"https:\/\/sites.ipleiria.pt\/culturamotora\/wp-json\/wp\/v2\/pages\/2","targetHints":{"allow":["GET"]}}],"collection":[{"href":"https:\/\/sites.ipleiria.pt\/culturamotora\/wp-json\/wp\/v2\/pages"}],"about":[{"href":"https:\/\/sites.ipleiria.pt\/culturamotora\/wp-json\/wp\/v2\/types\/page"}],"author":[{"embeddable":true,"href":"https:\/\/sites.ipleiria.pt\/culturamotora\/wp-json\/wp\/v2\/users\/102"}],"replies":[{"embeddable":true,"href":"https:\/\/sites.ipleiria.pt\/culturamotora\/wp-json\/wp\/v2\/comments?post=2"}],"version-history":[{"count":8,"href":"https:\/\/sites.ipleiria.pt\/culturamotora\/wp-json\/wp\/v2\/pages\/2\/revisions"}],"predecessor-version":[{"id":254,"href":"https:\/\/sites.ipleiria.pt\/culturamotora\/wp-json\/wp\/v2\/pages\/2\/revisions\/254"}],"wp:attachment":[{"href":"https:\/\/sites.ipleiria.pt\/culturamotora\/wp-json\/wp\/v2\/media?parent=2"}],"curies":[{"name":"wp","href":"https:\/\/api.w.org\/{rel}","templated":true}]}}