{"id":22,"date":"2021-07-01T18:05:18","date_gmt":"2021-07-01T18:05:18","guid":{"rendered":"https:\/\/sites.ipleiria.pt\/discursoacademico\/?page_id=22"},"modified":"2022-11-15T09:33:14","modified_gmt":"2022-11-15T09:33:14","slug":"agenda-de-oficinas-de-trabalho-para-2021-2022","status":"publish","type":"page","link":"https:\/\/sites.ipleiria.pt\/discursoacademico\/agenda-de-oficinas-de-trabalho-para-2021-2022\/","title":{"rendered":"Agenda das Oficinas"},"content":{"rendered":"\n<p>As Oficinas realizam-se ao s\u00e1bado e&nbsp;compreendem&nbsp;6 horas de&nbsp;trabalho: das 9h30 \u00e0s 17h00, incluindo duas pequenas pausas para caf\u00e9 e pausa de 1h15m para o almo\u00e7o.<\/p>\n\n\n\n<p>Realizam-se entre&nbsp;duas&nbsp;a&nbsp;tr\u00eas oficinas&nbsp;por&nbsp;ano.&nbsp;<\/p>\n\n\n\n<p class=\"has-white-color has-blue-background-color has-text-color has-background\">Prev\u00ea-se a realiza\u00e7\u00e3o de diferentes s\u00e9ries de oficinas dedicadas a temas distintos: <br>&#8211; <strong>Introdu\u00e7\u00e3o ao uso de corpora<\/strong><br>&#8211; <strong>Introdu\u00e7\u00e3o \u00e0s metodologias etnogr\u00e1ficas<\/strong><br>&#8211; <strong>Introdu\u00e7\u00e3o \u00e0 an\u00e1lise da multimodalidade<\/strong><\/p>\n\n\n\n<figure class=\"wp-block-table alignright is-style-stripes\"><table><thead><tr><th>DATA, T\u00cdTULO E <strong>Equipa dinamizadora DA OFICINA<\/strong><\/th><th class=\"has-text-align-right\" data-align=\"right\">TEMA GERAL<\/th><\/tr><\/thead><tbody><tr><td><strong>OFICINA 1 &#8211; 27 DE NOVEMBRO DE 2021<\/strong>  <br><br><strong><span style=\"text-decoration: underline\">Princ\u00edpios te\u00f3ricos e metodol\u00f3gicos para uso de corpus numa investiga\u00e7\u00e3o<\/span><\/strong><br>&#8211; Em\u00edlia Marrengula, Universidade Eduardo Mondlane, Mo\u00e7ambique<br>&#8211; Mafalda Mendes, CELGA-ILTEC da Universidade de Coimbra, Portugal<br>&#8211; M\u00e1rio Martins, UFERSA, Universidade Federal Rural do Semi-\u00c1rido, Brasil<br>&#8211; Marta Sitoe, Universidade Eduardo Mondlane, Mo\u00e7ambique<br><br>     <a href=\"https:\/\/sites.ipleiria.pt\/discursoacademico\/oficina-de-trabalho-1\/\" data-type=\"page\" data-id=\"10\"><span class=\"has-inline-color has-dark-gray-color\"><strong>MAIS INFORMA\u00c7\u00c3O<\/strong><\/span><\/a>      |     <s> <strong>INSCRI\u00c7\u00c3O NA 1.\u00aa OFICINA<\/strong><\/s><\/td><td class=\"has-text-align-right\" data-align=\"right\"><strong><span class=\"has-inline-color has-blue-color\">Introdu\u00e7\u00e3o ao uso de corpora<\/span><\/strong><br><br><a href=\"https:\/\/sites.ipleiria.pt\/discursoacademico\/oficina-de-trabalho-1\/\" data-type=\"page\" data-id=\"10\"><img loading=\"lazy\" decoding=\"async\" width=\"433\" height=\"765\" class=\"wp-image-121\" style=\"width: 150px\" src=\"http:\/\/sites.ipleiria.pt\/discursoacademico\/files\/2021\/10\/Captura-de-ecra\u0303-2021-10-12-a\u0300s-13.27.10.png\" alt=\"Cartaz da Oficina 1\" srcset=\"https:\/\/sites.ipleiria.pt\/discursoacademico\/files\/2021\/10\/Captura-de-ecra\u0303-2021-10-12-a\u0300s-13.27.10.png 433w, https:\/\/sites.ipleiria.pt\/discursoacademico\/files\/2021\/10\/Captura-de-ecra\u0303-2021-10-12-a\u0300s-13.27.10-170x300.png 170w\" sizes=\"auto, (max-width: 433px) 100vw, 433px\" \/><\/a><\/td><\/tr><tr><td><\/td><td class=\"has-text-align-right\" data-align=\"right\"><\/td><\/tr><tr><td><br><strong>OFICINA 2 &#8211; 29 DE JANEIRO DE 2022<\/strong><br><br><strong><span style=\"text-decoration: underline\">Etnografia lingu\u00edstica na academia<\/span><\/strong><br>&#8211; Clara Keating, Faculdade de Letras da Universidade de Coimbra; Centro de Estudos Sociais da Universidade de Coimbra<br><br>      <strong><a href=\"https:\/\/sites.ipleiria.pt\/discursoacademico\/oficina-de-trabalho-2-janeiro-de-2022\/\" data-type=\"page\" data-id=\"183\">MAIS INFORMA\u00c7\u00c3O<\/a><\/strong>       |     <strong><s>INSCRI\u00c7\u00c3O DISPON\u00cdVEL<\/s><\/strong><br><\/td><td class=\"has-text-align-right\" data-align=\"right\"><strong><span class=\"has-inline-color has-blue-color\">Introdu\u00e7\u00e3o \u00e0s metodologias etnogr\u00e1ficas<\/span><\/strong><br><br><a href=\"https:\/\/sites.ipleiria.pt\/discursoacademico\/oficina-de-trabalho-2-janeiro-de-2022\/\" data-type=\"page\" data-id=\"183\"><img loading=\"lazy\" decoding=\"async\" width=\"365\" height=\"643\" class=\"wp-image-205\" style=\"width: 150px\" src=\"http:\/\/sites.ipleiria.pt\/discursoacademico\/files\/2022\/01\/OFICINA2.png\" alt=\"\" srcset=\"https:\/\/sites.ipleiria.pt\/discursoacademico\/files\/2022\/01\/OFICINA2.png 365w, https:\/\/sites.ipleiria.pt\/discursoacademico\/files\/2022\/01\/OFICINA2-170x300.png 170w\" sizes=\"auto, (max-width: 365px) 100vw, 365px\" \/><\/a><\/td><\/tr><tr><td><\/td><td class=\"has-text-align-right\" data-align=\"right\"><\/td><\/tr><tr><td><br><strong>OFICINA 3 &#8211; 12 DE MAR\u00c7O DE 2022<\/strong><br><br><strong><span style=\"text-decoration: underline\">Sketch Engine para professores de l\u00ednguas<\/span><\/strong><br>&#8211; Tanara Zingano Kuhn, Centro de Estudos de Lingu\u00edstica Geral e Aplicada (CELGA-ILTEC) da Universidade de Coimbra<br><br>   <strong><a href=\"https:\/\/sites.ipleiria.pt\/discursoacademico\/oficina-de-trabalho-3-12-de-marco-de-2022\/\" data-type=\"page\" data-id=\"237\">MAIS INFORMA\u00c7\u00c3O<\/a>  <\/strong><br>               <strong>|  <\/strong><s>INSCRI\u00c7\u00d5ES DISPON\u00cdVEIS NESTA HIPERLIGA\u00c7\u00c3O <\/s><br><\/td><td class=\"has-text-align-right\" data-align=\"right\"><strong><mark class=\"has-inline-color has-blue-color\">Introdu\u00e7\u00e3o ao uso de corpora<\/mark><\/strong><br><br><img decoding=\"async\" src=\"http:\/\/sites.ipleiria.pt\/discursoacademico\/files\/2022\/02\/OFICINA3.png\" style=\"width: 140px\"><br><br><\/td><\/tr><\/tbody><\/table><\/figure>\n\n\n\n<figure class=\"wp-block-image size-large\"><img loading=\"lazy\" decoding=\"async\" width=\"922\" height=\"73\" src=\"http:\/\/sites.ipleiria.pt\/discursoacademico\/files\/2021\/07\/cropped-logotipos.001-e1625662828232.jpeg\" alt=\"\" class=\"wp-image-49\" srcset=\"https:\/\/sites.ipleiria.pt\/discursoacademico\/files\/2021\/07\/cropped-logotipos.001-e1625662828232.jpeg 922w, https:\/\/sites.ipleiria.pt\/discursoacademico\/files\/2021\/07\/cropped-logotipos.001-e1625662828232-300x24.jpeg 300w, https:\/\/sites.ipleiria.pt\/discursoacademico\/files\/2021\/07\/cropped-logotipos.001-e1625662828232-768x61.jpeg 768w, https:\/\/sites.ipleiria.pt\/discursoacademico\/files\/2021\/07\/cropped-logotipos.001-e1625662828232-624x49.jpeg 624w\" sizes=\"auto, (max-width: 922px) 100vw, 922px\" \/><\/figure>\n\n\n\n<p><\/p>\n","protected":false},"excerpt":{"rendered":"<p>As Oficinas realizam-se ao s\u00e1bado e&nbsp;compreendem&nbsp;6 horas de&nbsp;trabalho: das 9h30 \u00e0s 17h00, incluindo duas pequenas pausas para caf\u00e9 e pausa de 1h15m para o almo\u00e7o. Realizam-se entre&nbsp;duas&nbsp;a&nbsp;tr\u00eas oficinas&nbsp;por&nbsp;ano.&nbsp; Prev\u00ea-se a realiza\u00e7\u00e3o de diferentes s\u00e9ries de oficinas dedicadas a temas distintos: &#8211; Introdu\u00e7\u00e3o ao uso de corpora&#8211; Introdu\u00e7\u00e3o \u00e0s metodologias etnogr\u00e1ficas&#8211; Introdu\u00e7\u00e3o \u00e0 an\u00e1lise da multimodalidade [&hellip;]<\/p>\n","protected":false},"author":3183,"featured_media":0,"parent":0,"menu_order":0,"comment_status":"closed","ping_status":"closed","template":"","meta":{"ngg_post_thumbnail":0,"footnotes":""},"class_list":["post-22","page","type-page","status-publish","hentry"],"_links":{"self":[{"href":"https:\/\/sites.ipleiria.pt\/discursoacademico\/wp-json\/wp\/v2\/pages\/22","targetHints":{"allow":["GET"]}}],"collection":[{"href":"https:\/\/sites.ipleiria.pt\/discursoacademico\/wp-json\/wp\/v2\/pages"}],"about":[{"href":"https:\/\/sites.ipleiria.pt\/discursoacademico\/wp-json\/wp\/v2\/types\/page"}],"author":[{"embeddable":true,"href":"https:\/\/sites.ipleiria.pt\/discursoacademico\/wp-json\/wp\/v2\/users\/3183"}],"replies":[{"embeddable":true,"href":"https:\/\/sites.ipleiria.pt\/discursoacademico\/wp-json\/wp\/v2\/comments?post=22"}],"version-history":[{"count":34,"href":"https:\/\/sites.ipleiria.pt\/discursoacademico\/wp-json\/wp\/v2\/pages\/22\/revisions"}],"predecessor-version":[{"id":290,"href":"https:\/\/sites.ipleiria.pt\/discursoacademico\/wp-json\/wp\/v2\/pages\/22\/revisions\/290"}],"wp:attachment":[{"href":"https:\/\/sites.ipleiria.pt\/discursoacademico\/wp-json\/wp\/v2\/media?parent=22"}],"curies":[{"name":"wp","href":"https:\/\/api.w.org\/{rel}","templated":true}]}}