{"id":41,"date":"2021-07-07T12:59:50","date_gmt":"2021-07-07T12:59:50","guid":{"rendered":"https:\/\/sites.ipleiria.pt\/discursoacademico\/?page_id=41"},"modified":"2023-09-01T19:55:31","modified_gmt":"2023-09-01T19:55:31","slug":"uma-iniciativa-do-gt-dpda","status":"publish","type":"page","link":"https:\/\/sites.ipleiria.pt\/discursoacademico\/uma-iniciativa-do-gt-dpda\/","title":{"rendered":"Uma iniciativa do GT DPDA"},"content":{"rendered":"\n<p>O grupo de trabalho DPDA, criado em 2014 no CELGA-ILTEC da Universidade de Coimbra, congrega um grupo de docentes e investigadores que, tomando como principais referenciais te\u00f3ricos o Interacionismo Sociodiscursivo e a Lingu\u00edstica Sist\u00e9mico-Funcional, se dedicam ao estudo das quest\u00f5es do discurso e das pr\u00e1ticas discursivas em contexto acad\u00e9mico \u2013 desde o ensino b\u00e1sico ao ensino superior.<\/p>\n\n\n\n<p>As atividades desenvolvidas pela equipa DPDA incluem:<\/p>\n\n\n\n<ul class=\"wp-block-list\"><li>desenvolvimento do&nbsp;<a rel=\"noreferrer noopener\" href=\"https:\/\/sites.ipleiria.pt\/pge\/\" target=\"_blank\">Portal dos G\u00e9neros Escolares &amp; Acad\u00e9micos<\/a><\/li><li>(co)organiza\u00e7\u00e3o do&nbsp;<a rel=\"noreferrer noopener\" href=\"https:\/\/sites.ipleiria.pt\/2enda2021\/\" target=\"_blank\">Encontro Nacional sobre Discurso Acad\u00e9mico (ENDA)<\/a>&nbsp;\u2013 evento anual com a primeira edi\u00e7\u00e3o em&nbsp;<a rel=\"noreferrer noopener\" href=\"https:\/\/sites.ipleiria.pt\/1enda2018\/\" target=\"_blank\">2018<\/a><\/li><li>organiza\u00e7\u00e3o das&nbsp;<a rel=\"noreferrer noopener\" href=\"https:\/\/sites.ipleiria.pt\/discursoacademico\/\" target=\"_blank\">Oficinas de Trabalho sobre Discurso Acad\u00e9mico<\/a>&nbsp;\u2013 duas a tr\u00eas edi\u00e7\u00f5es por ano<\/li><li>organiza\u00e7\u00e3o dos&nbsp;<a href=\"https:\/\/sites.ipleiria.pt\/emda\/\">Encontros Mensais EMDA<\/a>&nbsp;\u2013 todos os meses exceto agosto e meses em que se realize um ENDA<\/li><\/ul>\n\n\n\n<p>Os membros do DPDA t\u00eam estatutos diversos, como o de membro integrado ou de colaborador externo, mas partilham o mesmo interesse pela linha tem\u00e1tica. Apresenta-se abaixo a lista de nomes dos membros.<\/p>\n\n\n\n<div class=\"wp-block-columns is-layout-flex wp-container-core-columns-is-layout-1 wp-block-columns-is-layout-flex\">\n<div class=\"wp-block-column is-layout-flow wp-block-column-is-layout-flow\">\n<ul class=\"has-blue-color has-text-color wp-block-list\" style=\"font-size:15px\"><li>\u00c2ngelo Mauai<\/li><li>Carla Cunha Marques<\/li><li>Carlos A. M. Gouveia<\/li><li>C\u00e9lia Barbeiro<\/li><li>Fausto Caels<\/li><li>Fernanda Botelho<\/li><li>Goreti Freire<\/li><li>Joana Vieira Santos<\/li><li>Lu Gao<\/li><li>Lu\u00eds Filipe Barbeiro<\/li><\/ul>\n<\/div>\n\n\n\n<div class=\"wp-block-column is-layout-flow wp-block-column-is-layout-flow\">\n<ul class=\"has-blue-color has-text-color wp-block-list\" style=\"font-size:15px\"><li>Mafalda Mendes<\/li><li>M\u00e1rio Alves<\/li><li>Marta Filipe Alexandre<\/li><li>Marta Sitoe<\/li><li>Miguel Moiteiro Marques<\/li><li>Osvaldo Faquir<\/li><li>Paulo Nunes da Silva<\/li><li>Tanara Zingano Kuhn <\/li><li>V\u00e2nia Pinheiro<\/li><li>Victor Bermejo<\/li><\/ul>\n<\/div>\n<\/div>\n\n\n\n<p><\/p>\n\n\n\n<figure class=\"wp-block-table\"><table><tbody><tr><td>\ufeff<\/td><td><strong>Contactos<\/strong><\/td><\/tr><tr><td><\/td><td>Grupo de trabalho \u201cDiscurso e Pr\u00e1ticas Discursivas Acad\u00e9micas\u201d<br>Centro de Estudos de Lingu\u00edstica Geral e Aplicada<br>Faculdade de Letras<br>Largo da Porta F\u00e9rrea<br>3004-530 COIMBRA<\/td><\/tr><tr><td><\/td><td>Paulo Nunes da Silva<br>Investigador respons\u00e1vel do GT DPDA<br><a href=\"mailto:Paulo.Silva@uab.pt\">Paulo.Silva@uab.pt<\/a><\/td><\/tr><tr><td><\/td><td>(+351) 239 859 900 \/ Fax: (+351) 239 836 733<\/td><\/tr><\/tbody><\/table><\/figure>\n\n\n\n<figure class=\"wp-block-image size-large\"><img loading=\"lazy\" decoding=\"async\" width=\"931\" height=\"102\" src=\"http:\/\/sites.ipleiria.pt\/discursoacademico\/files\/2021\/07\/logotipos.001-e1625662828232.jpeg\" alt=\"\" class=\"wp-image-43\" srcset=\"https:\/\/sites.ipleiria.pt\/discursoacademico\/files\/2021\/07\/logotipos.001-e1625662828232.jpeg 931w, https:\/\/sites.ipleiria.pt\/discursoacademico\/files\/2021\/07\/logotipos.001-e1625662828232-300x33.jpeg 300w, https:\/\/sites.ipleiria.pt\/discursoacademico\/files\/2021\/07\/logotipos.001-e1625662828232-768x84.jpeg 768w, https:\/\/sites.ipleiria.pt\/discursoacademico\/files\/2021\/07\/logotipos.001-e1625662828232-624x68.jpeg 624w\" sizes=\"auto, (max-width: 931px) 100vw, 931px\" \/><\/figure>\n","protected":false},"excerpt":{"rendered":"<p>O grupo de trabalho DPDA, criado em 2014 no CELGA-ILTEC da Universidade de Coimbra, congrega um grupo de docentes e investigadores que, tomando como principais referenciais te\u00f3ricos o Interacionismo Sociodiscursivo e a Lingu\u00edstica Sist\u00e9mico-Funcional, se dedicam ao estudo das quest\u00f5es do discurso e das pr\u00e1ticas discursivas em contexto acad\u00e9mico \u2013 desde o ensino b\u00e1sico ao [&hellip;]<\/p>\n","protected":false},"author":3183,"featured_media":0,"parent":0,"menu_order":0,"comment_status":"closed","ping_status":"closed","template":"","meta":{"ngg_post_thumbnail":0,"footnotes":""},"class_list":["post-41","page","type-page","status-publish","hentry"],"_links":{"self":[{"href":"https:\/\/sites.ipleiria.pt\/discursoacademico\/wp-json\/wp\/v2\/pages\/41","targetHints":{"allow":["GET"]}}],"collection":[{"href":"https:\/\/sites.ipleiria.pt\/discursoacademico\/wp-json\/wp\/v2\/pages"}],"about":[{"href":"https:\/\/sites.ipleiria.pt\/discursoacademico\/wp-json\/wp\/v2\/types\/page"}],"author":[{"embeddable":true,"href":"https:\/\/sites.ipleiria.pt\/discursoacademico\/wp-json\/wp\/v2\/users\/3183"}],"replies":[{"embeddable":true,"href":"https:\/\/sites.ipleiria.pt\/discursoacademico\/wp-json\/wp\/v2\/comments?post=41"}],"version-history":[{"count":6,"href":"https:\/\/sites.ipleiria.pt\/discursoacademico\/wp-json\/wp\/v2\/pages\/41\/revisions"}],"predecessor-version":[{"id":294,"href":"https:\/\/sites.ipleiria.pt\/discursoacademico\/wp-json\/wp\/v2\/pages\/41\/revisions\/294"}],"wp:attachment":[{"href":"https:\/\/sites.ipleiria.pt\/discursoacademico\/wp-json\/wp\/v2\/media?parent=41"}],"curies":[{"name":"wp","href":"https:\/\/api.w.org\/{rel}","templated":true}]}}