{"id":102,"date":"2012-12-03T11:25:20","date_gmt":"2012-12-03T11:25:20","guid":{"rendered":"http:\/\/sites.ipleiria.pt\/eclub\/?page_id=102"},"modified":"2015-05-18T14:43:20","modified_gmt":"2015-05-18T14:43:20","slug":"kits-sonigate","status":"publish","type":"page","link":"https:\/\/sites.ipleiria.pt\/eclub\/hardwaresoftware\/kits-sonigate\/","title":{"rendered":"Kits Sonigate"},"content":{"rendered":"<p style=\"text-align: justify\">O Departamento de Eng. Eletrot\u00e9cnica, em parceria com a Sonigate, oferece aos alunos do curso de Eng. Eletrot\u00e9cnica a possibilidade de adquirir um conjunto de Kits de Eletr\u00f3nica, a custo reduzido. Para isso:<\/p>\n<ul>\n<li><a href=\"http:\/\/www.sonigate.com\/pt\/client\/register\" target=\"_blank\">Regista-te<\/a> no site da Sonigate como &#8220;Cliente Empresa Revenda&#8221;.<\/li>\n<li>Usa o teu n\u00famero de contribuinte. Nos restantes campos obrigat\u00f3rios escreve &#8220;ALUNO DEE &#8211; ESTG&#8221; e faz o upload do teu cart\u00e3o de estudante (no campo onde permite fazer o upload de uma c\u00f3pia do cart\u00e3o de contribuinte).<\/li>\n<li>Dirige-te \u00e0 <a href=\"http:\/\/www.sonigate.com\/pt\/\">Sonigate<\/a> e identifica-te com o teu cart\u00e3o de estudante<\/li>\n<\/ul>\n<p><a href=\"http:\/\/www.sonigate.com\/pt\/\"><img loading=\"lazy\" decoding=\"async\" src=\"http:\/\/sites.ipleiria.pt\/eclub\/files\/2012\/11\/sonigate-e1354191463571.png\" alt=\"\" width=\"300\" height=\"70\" \/><\/a><\/p>\n<p style=\"text-align: justify\">Estes Kits incluem componentes el\u00e9tricos e eletr\u00f3nicos, usados nas aulas laboratoriais das UCs do curso, e est\u00e3o organizados da seguinte forma:<\/p>\n<ul>\n<li><strong>Kit Base<\/strong>: inclui material diverso que \u00e9 comum aos circuitos de v\u00e1rias UCs, bem como equipamentos b\u00e1sicos, como sejam o mult\u00edmetro ou a placa de prototipagem;<\/li>\n<li><strong>Kit Power Source<\/strong>: inclui algum material que te permite transformar uma fonte de alimenta\u00e7\u00e3o de PC numa fonte de alimenta\u00e7\u00e3o para o teu laborat\u00f3rio.<\/li>\n<li><strong>Kit Digital:<\/strong> componentes para montagem de circuitos de eletr\u00f3nica digital combinacional e sequencial (Sistemas Digitais);<\/li>\n<li><strong>Kit Anal\u00f3gica:<\/strong> componentes para montagem de circuitos de eletr\u00f3nica anal\u00f3gica (Eletr\u00f3nica 1 | Eletr\u00f3nica 2 | Eletr\u00f3nica 3);<\/li>\n<li><strong>Kit Amplificador:<\/strong> componentes para do amplificador projetado na UC Eletr\u00f3nica 1;<\/li>\n<li><strong>Kit LIC:<\/strong> sensores, transdutores e conversores diversos, para projetos de instrumenta\u00e7\u00e3o e controlo (Laborat\u00f3rio de Instrumenta\u00e7\u00e3o e Controlo);<\/li>\n<li><strong>Kit Micro:<\/strong> componentes necess\u00e1rios para montar um circuito eletr\u00f3nico usando um PIC18F45 (Microprocessadores);<\/li>\n<\/ul>\n<p style=\"text-align: justify\">Se n\u00e3o precisares de adquirir algum dos componentes de um Kit (como por exemplo o mult\u00edmetro, no Kit Base), solicita a sua remo\u00e7\u00e3o no ato de compra.<\/p>\n<p style=\"text-align: justify\">Se precisares de comprar apenas alguns dos componentes, tamb\u00e9m \u00e9 poss\u00edvel! Ali\u00e1s, estando registado, podes ver o pre\u00e7o j\u00e1 com desconto na p\u00e1gina da Sonigate!<\/p>\n","protected":false},"excerpt":{"rendered":"<p>O Departamento de Eng. Eletrot\u00e9cnica, em parceria com a Sonigate, oferece aos alunos do curso de Eng. Eletrot\u00e9cnica a possibilidade de adquirir um conjunto de Kits de Eletr\u00f3nica, a custo reduzido. Para isso: Regista-te no site da Sonigate como &#8220;Cliente &hellip; <a href=\"https:\/\/sites.ipleiria.pt\/eclub\/hardwaresoftware\/kits-sonigate\/\">Continue reading <span class=\"meta-nav\">&rarr;<\/span><\/a><\/p>\n","protected":false},"author":1176,"featured_media":0,"parent":403,"menu_order":1,"comment_status":"open","ping_status":"closed","template":"sidebar-page.php","meta":{"footnotes":""},"class_list":["post-102","page","type-page","status-publish","hentry"],"_links":{"self":[{"href":"https:\/\/sites.ipleiria.pt\/eclub\/wp-json\/wp\/v2\/pages\/102","targetHints":{"allow":["GET"]}}],"collection":[{"href":"https:\/\/sites.ipleiria.pt\/eclub\/wp-json\/wp\/v2\/pages"}],"about":[{"href":"https:\/\/sites.ipleiria.pt\/eclub\/wp-json\/wp\/v2\/types\/page"}],"author":[{"embeddable":true,"href":"https:\/\/sites.ipleiria.pt\/eclub\/wp-json\/wp\/v2\/users\/1176"}],"replies":[{"embeddable":true,"href":"https:\/\/sites.ipleiria.pt\/eclub\/wp-json\/wp\/v2\/comments?post=102"}],"version-history":[{"count":8,"href":"https:\/\/sites.ipleiria.pt\/eclub\/wp-json\/wp\/v2\/pages\/102\/revisions"}],"predecessor-version":[{"id":406,"href":"https:\/\/sites.ipleiria.pt\/eclub\/wp-json\/wp\/v2\/pages\/102\/revisions\/406"}],"up":[{"embeddable":true,"href":"https:\/\/sites.ipleiria.pt\/eclub\/wp-json\/wp\/v2\/pages\/403"}],"wp:attachment":[{"href":"https:\/\/sites.ipleiria.pt\/eclub\/wp-json\/wp\/v2\/media?parent=102"}],"curies":[{"name":"wp","href":"https:\/\/api.w.org\/{rel}","templated":true}]}}