{"id":113,"date":"2012-12-03T11:32:09","date_gmt":"2012-12-03T11:32:09","guid":{"rendered":"http:\/\/sites.ipleiria.pt\/eclub\/?page_id=113"},"modified":"2013-04-29T14:02:24","modified_gmt":"2013-04-29T14:02:24","slug":"circuitos-propostos","status":"publish","type":"page","link":"https:\/\/sites.ipleiria.pt\/eclub\/circuitos-propostos\/","title":{"rendered":"Circuitos Propostos"},"content":{"rendered":"<p><strong>Gen\u00e9ricos<\/strong><\/p>\n<ul>\n<li><a href=\"http:\/\/sites.ipleiria.pt\/eclub\/circuitos-propostos\/fonte-de-alimentacao-low-cost\/\">Fonte de Alimenta\u00e7\u00e3o Low Cost<\/a><\/li>\n<\/ul>\n<p><strong>Sistemas Digitais<\/strong><\/p>\n<ul>\n<li><a href=\"http:\/\/sites.ipleiria.pt\/eclub\/circuitos-propostos\/conversor-de-formato\/\">Conversor de Formato &#8211; N\u00fameros Bin\u00e1rios<\/a><\/li>\n<\/ul>\n<p>&nbsp;<\/p>\n","protected":false},"excerpt":{"rendered":"<p>Gen\u00e9ricos Fonte de Alimenta\u00e7\u00e3o Low Cost Sistemas Digitais Conversor de Formato &#8211; N\u00fameros Bin\u00e1rios &nbsp;<\/p>\n","protected":false},"author":1176,"featured_media":0,"parent":0,"menu_order":3,"comment_status":"open","ping_status":"closed","template":"sidebar-page.php","meta":{"footnotes":""},"class_list":["post-113","page","type-page","status-publish","hentry"],"_links":{"self":[{"href":"https:\/\/sites.ipleiria.pt\/eclub\/wp-json\/wp\/v2\/pages\/113","targetHints":{"allow":["GET"]}}],"collection":[{"href":"https:\/\/sites.ipleiria.pt\/eclub\/wp-json\/wp\/v2\/pages"}],"about":[{"href":"https:\/\/sites.ipleiria.pt\/eclub\/wp-json\/wp\/v2\/types\/page"}],"author":[{"embeddable":true,"href":"https:\/\/sites.ipleiria.pt\/eclub\/wp-json\/wp\/v2\/users\/1176"}],"replies":[{"embeddable":true,"href":"https:\/\/sites.ipleiria.pt\/eclub\/wp-json\/wp\/v2\/comments?post=113"}],"version-history":[{"count":11,"href":"https:\/\/sites.ipleiria.pt\/eclub\/wp-json\/wp\/v2\/pages\/113\/revisions"}],"predecessor-version":[{"id":122,"href":"https:\/\/sites.ipleiria.pt\/eclub\/wp-json\/wp\/v2\/pages\/113\/revisions\/122"}],"wp:attachment":[{"href":"https:\/\/sites.ipleiria.pt\/eclub\/wp-json\/wp\/v2\/media?parent=113"}],"curies":[{"name":"wp","href":"https:\/\/api.w.org\/{rel}","templated":true}]}}