{"id":160,"date":"2012-12-26T16:05:41","date_gmt":"2012-12-26T16:05:41","guid":{"rendered":"http:\/\/sites.ipleiria.pt\/eclub\/?page_id=160"},"modified":"2012-12-26T17:44:15","modified_gmt":"2012-12-26T17:44:15","slug":"placa-de-desenvolvimento-18f4520","status":"publish","type":"page","link":"https:\/\/sites.ipleiria.pt\/eclub\/ideias-de-projectos\/placa-de-desenvolvimento-18f4520\/","title":{"rendered":"Placa de Desenvolvimento 18F4520"},"content":{"rendered":"<p><strong>Placa de Desenvolvimento 18F4520<\/strong><\/p>\n<p><strong>Autor:<\/strong> Marco Roda\u00a0\u00a0\u00a0\u00a0\u00a0\u00a0\u00a0\u00a0\u00a0\u00a0\u00a0\u00a0\u00a0\u00a0\u00a0\u00a0\u00a0\u00a0\u00a0 <strong>Data:<\/strong> Dezembro 2012\u00a0\u00a0\u00a0\u00a0\u00a0\u00a0\u00a0\u00a0\u00a0\u00a0\u00a0\u00a0\u00a0\u00a0\u00a0\u00a0\u00a0\u00a0\u00a0 <strong>Contacto:<\/strong> marco.roda@ipleiria.pt<\/p>\n<p style=\"text-align: justify\"><strong>Resumo<\/strong> &#8211; Pretende-se com este projeto desenvolver uma ferramenta de teste e simula\u00e7\u00e3o para microcontroladores de 8 bits (Fam\u00edlia 18F) da marca <em>Microchip<\/em>. O PIC deste projeto \u00e9 um PIC18F4520 o que n\u00e3o invalida o uso de um outro, desde que seja de 40 pinos. De seguida s\u00e3o apresentados os perif\u00e9ricos dispon\u00edveis.<\/p>\n<p><span style=\"text-decoration: underline\">Perif\u00e9ricos dispon\u00edveis na placa:<\/span><\/p>\n<ul>\n<li>Regulador de tens\u00e3o 5V (LM317);<a href=\"http:\/\/sites.ipleiria.pt\/eclub\/files\/2012\/12\/Placa18F4520_Image3D.jpg\"><img loading=\"lazy\" decoding=\"async\" class=\"alignright size-medium wp-image-172\" src=\"http:\/\/sites.ipleiria.pt\/eclub\/files\/2012\/12\/Placa18F4520_Image3D-300x278.jpg\" alt=\"\" width=\"300\" height=\"278\" srcset=\"https:\/\/sites.ipleiria.pt\/eclub\/files\/2012\/12\/Placa18F4520_Image3D-300x278.jpg 300w, https:\/\/sites.ipleiria.pt\/eclub\/files\/2012\/12\/Placa18F4520_Image3D.jpg 678w\" sizes=\"auto, (max-width: 300px) 100vw, 300px\" \/><\/a><\/li>\n<li>LED de indica\u00e7\u00e3o de alimenta\u00e7\u00e3o;<\/li>\n<li>Conector DC para alimenta\u00e7\u00e3o;<\/li>\n<li>Conector Mini-USB;<\/li>\n<li>Comunica\u00e7\u00e3o UART (FT232RL);<\/li>\n<li>2 LED\u2019s para sinaliza\u00e7\u00e3o de comunica\u00e7\u00e3o (Tx e Rx);<\/li>\n<li>1 Bot\u00e3o externo de reset;<\/li>\n<li>2 Bot\u00f5es externos de interrup\u00e7\u00e3o RB0 e RB1;<\/li>\n<li>4 LED\u2019s de debug;<\/li>\n<li>Oscilador de 10MHz;<\/li>\n<li>Portos do PIC (A, B, C, D e E) dispon\u00edveis;<\/li>\n<li>Porto ICSP para Programa\u00e7\u00e3o;<\/li>\n<\/ul>\n<p style=\"text-align: justify\">Na figura\u00a0\u00e9 apresentada a placa final em 3D. Com esta vista, \u00e9 poss\u00edvel ter uma ideia do aspeto final da placa de desenvolvimento. No entanto, se preferirem outra disposi\u00e7\u00e3o de componentes ou at\u00e9 introduzir outros perif\u00e9ricos, s\u00e3o disponibilizados os ficheiros de produ\u00e7\u00e3o.<\/p>\n<p style=\"text-align: justify\"><strong>Recursos:<\/strong> <a href=\"http:\/\/sites.ipleiria.pt\/eclub\/files\/2012\/12\/Placa-PIC18F4520-SCH.pdf\" target=\"_blank\">Esquem\u00e1tico<\/a> e <a href=\"http:\/\/sites.ipleiria.pt\/eclub\/files\/2012\/12\/Placa-PIC18F4520-PCB.pdf\" target=\"_blank\">PCB<\/a> da placa <a href=\"http:\/\/sites.ipleiria.pt\/eclub\/files\/2012\/12\/Paca-PIC18F4520-Foto.jpg\"><img loading=\"lazy\" decoding=\"async\" class=\"alignright size-medium wp-image-179\" src=\"http:\/\/sites.ipleiria.pt\/eclub\/files\/2012\/12\/Paca-PIC18F4520-Foto-300x225.jpg\" alt=\"\" width=\"300\" height=\"225\" srcset=\"https:\/\/sites.ipleiria.pt\/eclub\/files\/2012\/12\/Paca-PIC18F4520-Foto-300x225.jpg 300w, https:\/\/sites.ipleiria.pt\/eclub\/files\/2012\/12\/Paca-PIC18F4520-Foto-1024x768.jpg 1024w, https:\/\/sites.ipleiria.pt\/eclub\/files\/2012\/12\/Paca-PIC18F4520-Foto-400x300.jpg 400w\" sizes=\"auto, (max-width: 300px) 100vw, 300px\" \/><\/a><\/p>\n<p style=\"text-align: justify\">\u00a0<\/p>\n<p style=\"text-align: justify\">\u00a0<\/p>\n","protected":false},"excerpt":{"rendered":"<p>Placa de Desenvolvimento 18F4520 Autor: Marco Roda\u00a0\u00a0\u00a0\u00a0\u00a0\u00a0\u00a0\u00a0\u00a0\u00a0\u00a0\u00a0\u00a0\u00a0\u00a0\u00a0\u00a0\u00a0\u00a0 Data: Dezembro 2012\u00a0\u00a0\u00a0\u00a0\u00a0\u00a0\u00a0\u00a0\u00a0\u00a0\u00a0\u00a0\u00a0\u00a0\u00a0\u00a0\u00a0\u00a0\u00a0 Contacto: marco.roda@ipleiria.pt Resumo &#8211; Pretende-se com este projeto desenvolver uma ferramenta de teste e simula\u00e7\u00e3o para microcontroladores de 8 bits (Fam\u00edlia 18F) da marca Microchip. O PIC deste projeto \u00e9 &hellip; <a href=\"https:\/\/sites.ipleiria.pt\/eclub\/ideias-de-projectos\/placa-de-desenvolvimento-18f4520\/\">Continue reading <span class=\"meta-nav\">&rarr;<\/span><\/a><\/p>\n","protected":false},"author":1176,"featured_media":0,"parent":115,"menu_order":1,"comment_status":"open","ping_status":"closed","template":"showcase.php","meta":{"footnotes":""},"class_list":["post-160","page","type-page","status-publish","hentry"],"_links":{"self":[{"href":"https:\/\/sites.ipleiria.pt\/eclub\/wp-json\/wp\/v2\/pages\/160","targetHints":{"allow":["GET"]}}],"collection":[{"href":"https:\/\/sites.ipleiria.pt\/eclub\/wp-json\/wp\/v2\/pages"}],"about":[{"href":"https:\/\/sites.ipleiria.pt\/eclub\/wp-json\/wp\/v2\/types\/page"}],"author":[{"embeddable":true,"href":"https:\/\/sites.ipleiria.pt\/eclub\/wp-json\/wp\/v2\/users\/1176"}],"replies":[{"embeddable":true,"href":"https:\/\/sites.ipleiria.pt\/eclub\/wp-json\/wp\/v2\/comments?post=160"}],"version-history":[{"count":13,"href":"https:\/\/sites.ipleiria.pt\/eclub\/wp-json\/wp\/v2\/pages\/160\/revisions"}],"predecessor-version":[{"id":309,"href":"https:\/\/sites.ipleiria.pt\/eclub\/wp-json\/wp\/v2\/pages\/160\/revisions\/309"}],"up":[{"embeddable":true,"href":"https:\/\/sites.ipleiria.pt\/eclub\/wp-json\/wp\/v2\/pages\/115"}],"wp:attachment":[{"href":"https:\/\/sites.ipleiria.pt\/eclub\/wp-json\/wp\/v2\/media?parent=160"}],"curies":[{"name":"wp","href":"https:\/\/api.w.org\/{rel}","templated":true}]}}