{"id":22,"date":"2012-11-25T23:58:03","date_gmt":"2012-11-25T23:58:03","guid":{"rendered":"http:\/\/sites.ipleiria.pt\/eclub\/?page_id=22"},"modified":"2012-12-03T11:26:30","modified_gmt":"2012-12-03T11:26:30","slug":"kit-digital","status":"publish","type":"page","link":"https:\/\/sites.ipleiria.pt\/eclub\/hardwaresoftware\/kits-sonigate\/kit-digital\/","title":{"rendered":"Kit Digital"},"content":{"rendered":"<p>O <a href=\"http:\/\/sites.ipleiria.pt\/eclub\/files\/2012\/11\/KitDigital.png\"><strong>Kit Digital<\/strong><\/a> (<strong>24.45\u20ac<\/strong>) inclui diversos circuitos integrados e de interface com o utilizador, tal como os que s\u00e3o utilizados nas aulas pr\u00e1ticas de Sistemas Digitais:<\/p>\n<ul>\n<li>1 Conjunto de CIs l\u00f3gicos &#8211; portas l\u00f3gicas NAND, AND, OR e NOT<\/li>\n<li>1 Conjunto de CIs de l\u00f3gica combinacional: multiplexadores, descodificadores, somadores e comparadores.<\/li>\n<li>1 Conjunto de CIs de l\u00f3gica sequencial: contadores, registos de deslocamento, flip-flops D e flip-flops JK.<\/li>\n<li>2 Descodificador BCD\/7-Segmentos<\/li>\n<li>2 Visores de 7 segmentos<\/li>\n<li>1 Bot\u00e3o de press\u00e3o<\/li>\n<li>1 Conjunto de interruptores<\/li>\n<\/ul>\n","protected":false},"excerpt":{"rendered":"<p>O Kit Digital (24.45\u20ac) inclui diversos circuitos integrados e de interface com o utilizador, tal como os que s\u00e3o utilizados nas aulas pr\u00e1ticas de Sistemas Digitais: 1 Conjunto de CIs l\u00f3gicos &#8211; portas l\u00f3gicas NAND, AND, OR e NOT 1 &hellip; <a href=\"https:\/\/sites.ipleiria.pt\/eclub\/hardwaresoftware\/kits-sonigate\/kit-digital\/\">Continue reading <span class=\"meta-nav\">&rarr;<\/span><\/a><\/p>\n","protected":false},"author":1176,"featured_media":0,"parent":102,"menu_order":3,"comment_status":"open","ping_status":"open","template":"showcase.php","meta":{"footnotes":""},"class_list":["post-22","page","type-page","status-publish","hentry"],"_links":{"self":[{"href":"https:\/\/sites.ipleiria.pt\/eclub\/wp-json\/wp\/v2\/pages\/22","targetHints":{"allow":["GET"]}}],"collection":[{"href":"https:\/\/sites.ipleiria.pt\/eclub\/wp-json\/wp\/v2\/pages"}],"about":[{"href":"https:\/\/sites.ipleiria.pt\/eclub\/wp-json\/wp\/v2\/types\/page"}],"author":[{"embeddable":true,"href":"https:\/\/sites.ipleiria.pt\/eclub\/wp-json\/wp\/v2\/users\/1176"}],"replies":[{"embeddable":true,"href":"https:\/\/sites.ipleiria.pt\/eclub\/wp-json\/wp\/v2\/comments?post=22"}],"version-history":[{"count":6,"href":"https:\/\/sites.ipleiria.pt\/eclub\/wp-json\/wp\/v2\/pages\/22\/revisions"}],"predecessor-version":[{"id":106,"href":"https:\/\/sites.ipleiria.pt\/eclub\/wp-json\/wp\/v2\/pages\/22\/revisions\/106"}],"up":[{"embeddable":true,"href":"https:\/\/sites.ipleiria.pt\/eclub\/wp-json\/wp\/v2\/pages\/102"}],"wp:attachment":[{"href":"https:\/\/sites.ipleiria.pt\/eclub\/wp-json\/wp\/v2\/media?parent=22"}],"curies":[{"name":"wp","href":"https:\/\/api.w.org\/{rel}","templated":true}]}}