{"id":25,"date":"2012-11-25T23:58:27","date_gmt":"2012-11-25T23:58:27","guid":{"rendered":"http:\/\/sites.ipleiria.pt\/eclub\/?page_id=25"},"modified":"2012-12-03T11:27:06","modified_gmt":"2012-12-03T11:27:06","slug":"kit-lic","status":"publish","type":"page","link":"https:\/\/sites.ipleiria.pt\/eclub\/hardwaresoftware\/kits-sonigate\/kit-lic\/","title":{"rendered":"Kit Lic"},"content":{"rendered":"<p>O <a href=\"http:\/\/sites.ipleiria.pt\/eclub\/files\/2012\/11\/KitLic.png\"><strong>Kit Lic<\/strong><\/a> (<strong>30.66\u20ac<\/strong>) inclui diversos componentes que te permitem implementar circuitos de instrumenta\u00e7\u00e3o e controlo, como sejam:<\/p>\n<ul>\n<li>1 Sensor de temperatura LM35<\/li>\n<li>2 Resist\u00eancias NTC 100K<\/li>\n<li>1 Receptor de Infravermelhos TSOP1736<\/li>\n<li>1 Matriz de LEDs e respetivo IC descodificador<\/li>\n<li>1 Conversor Tens\u00e3o\/Frequ\u00eancia LM2907<\/li>\n<li>2 Foto-acopladores TLP521<\/li>\n<li>2 Geradores de PWM TL494<\/li>\n<li>2 Multiplexadores anal\u00f3gicos CD4051<\/li>\n<li>Amplificadores de Instrumenta\u00e7\u00e3o<\/li>\n<li>4 Amplificadores Operacionais TL081<\/li>\n<li>2 Conversor A\/D ICL7107 e ADC0804<\/li>\n<li>2 Comparadores Anal\u00f3gicos LM339<\/li>\n<\/ul>\n","protected":false},"excerpt":{"rendered":"<p>O Kit Lic (30.66\u20ac) inclui diversos componentes que te permitem implementar circuitos de instrumenta\u00e7\u00e3o e controlo, como sejam: 1 Sensor de temperatura LM35 2 Resist\u00eancias NTC 100K 1 Receptor de Infravermelhos TSOP1736 1 Matriz de LEDs e respetivo IC descodificador &hellip; <a href=\"https:\/\/sites.ipleiria.pt\/eclub\/hardwaresoftware\/kits-sonigate\/kit-lic\/\">Continue reading <span class=\"meta-nav\">&rarr;<\/span><\/a><\/p>\n","protected":false},"author":1176,"featured_media":0,"parent":102,"menu_order":5,"comment_status":"open","ping_status":"open","template":"showcase.php","meta":{"footnotes":""},"class_list":["post-25","page","type-page","status-publish","hentry"],"_links":{"self":[{"href":"https:\/\/sites.ipleiria.pt\/eclub\/wp-json\/wp\/v2\/pages\/25","targetHints":{"allow":["GET"]}}],"collection":[{"href":"https:\/\/sites.ipleiria.pt\/eclub\/wp-json\/wp\/v2\/pages"}],"about":[{"href":"https:\/\/sites.ipleiria.pt\/eclub\/wp-json\/wp\/v2\/types\/page"}],"author":[{"embeddable":true,"href":"https:\/\/sites.ipleiria.pt\/eclub\/wp-json\/wp\/v2\/users\/1176"}],"replies":[{"embeddable":true,"href":"https:\/\/sites.ipleiria.pt\/eclub\/wp-json\/wp\/v2\/comments?post=25"}],"version-history":[{"count":5,"href":"https:\/\/sites.ipleiria.pt\/eclub\/wp-json\/wp\/v2\/pages\/25\/revisions"}],"predecessor-version":[{"id":109,"href":"https:\/\/sites.ipleiria.pt\/eclub\/wp-json\/wp\/v2\/pages\/25\/revisions\/109"}],"up":[{"embeddable":true,"href":"https:\/\/sites.ipleiria.pt\/eclub\/wp-json\/wp\/v2\/pages\/102"}],"wp:attachment":[{"href":"https:\/\/sites.ipleiria.pt\/eclub\/wp-json\/wp\/v2\/media?parent=25"}],"curies":[{"name":"wp","href":"https:\/\/api.w.org\/{rel}","templated":true}]}}