{"id":251,"date":"2013-03-13T22:55:01","date_gmt":"2013-03-13T22:55:01","guid":{"rendered":"http:\/\/sites.ipleiria.pt\/eclub\/?page_id=251"},"modified":"2013-03-13T23:07:24","modified_gmt":"2013-03-13T23:07:24","slug":"carregador-baterias-nicd-e-nimh","status":"publish","type":"page","link":"https:\/\/sites.ipleiria.pt\/eclub\/ideias-de-projectos\/carregador-baterias-nicd-e-nimh\/","title":{"rendered":"Carregador Baterias NiCd ou NiMH"},"content":{"rendered":"<p align=\"left\"><strong>Carregador de Baterias NiCd ou NiMH<\/strong><\/p>\n<p align=\"left\"><strong>Autor:<\/strong> Alexandre Vieira\u00a0\u00a0\u00a0\u00a0\u00a0\u00a0\u00a0\u00a0\u00a0\u00a0\u00a0<strong>Data:<\/strong>\u00a0Mar\u00e7o 2013\u00a0\u00a0\u00a0 \u00a0\u00a0\u00a0\u00a0\u00a0\u00a0 <strong>Contacto:<\/strong> 2120145@my.ipleiria.pt<\/p>\n<p style=\"text-align: justify\"><strong>Resumo<\/strong> &#8211; Ao longo dos \u00faltimos anos a tecnologia port\u00e1til tem evolu\u00eddo imenso, e com ela, as baterias recarreg\u00e1veis tamb\u00e9m. Apesar de j\u00e1 existirem h\u00e1 mais tempo, as baterias de NiCd ou NiMh s\u00e3o ainda, regra geral, mais baratas, tem taxas de corrente de descarga e carga mais altas, podem-se associar em s\u00e9rie perfazendo o pack com a tens\u00e3o nominal pretendida, possuem v\u00e1lvula de seguran\u00e7a, baixa taxa de manuten\u00e7\u00e3o e fisicamente \u201cfortes\u201d. No entanto, perdem a carga quando n\u00e3o usadas por longos per\u00edodos, sofrem de efeito de mem\u00f3ria, boas taxas de reciclagem face \u00e0s LiPo\u2019s.<\/p>\n<p style=\"text-align: justify\">Actualmente os carregadores s\u00e3o mais caros por serem mais complexos, mas aqui vos apresento uma solu\u00e7\u00e3o simples e relativamente barata. Um carregador de baterias Ni-Cd e Ni-MH, uma fonte de corrente constante regul\u00e1vel de ~60mA a ~220mA, suficiente para cargas lentas e seguras da maioria das baterias. Dependendo da bateria e da corrente de carga, o tempo de carregamento pode chegar \u00e0s 14h.<\/p>\n<p style=\"text-align: justify\">Mais informa\u00e7\u00f5es em: <a href=\"https:\/\/email.ipleiria.pt\/owa\/redir.aspx?C=e6d4f0fe4a9740fdaf5176e0f035bdfb&amp;URL=http%3a%2f%2fwww.anpee.org%2fv1%2fDear_2007%2fCarregador_baterias.pdf\" target=\"_blank\">http:\/\/www.anpee.org\/v1\/Dear_2007\/Carregador_baterias.pdf<\/a><\/p>\n<p>&nbsp;<\/p>\n<p><a href=\"http:\/\/sites.ipleiria.pt\/eclub\/files\/2013\/03\/NiCdCharger_Placa-em-3D-cima-peq.jpg\"><img loading=\"lazy\" decoding=\"async\" class=\"alignleft size-medium wp-image-254\" alt=\"NiCdCharger_Placa em 3D cima peq\" src=\"http:\/\/sites.ipleiria.pt\/eclub\/files\/2013\/03\/NiCdCharger_Placa-em-3D-cima-peq-300x165.jpg\" width=\"300\" height=\"165\" srcset=\"https:\/\/sites.ipleiria.pt\/eclub\/files\/2013\/03\/NiCdCharger_Placa-em-3D-cima-peq-300x165.jpg 300w, https:\/\/sites.ipleiria.pt\/eclub\/files\/2013\/03\/NiCdCharger_Placa-em-3D-cima-peq-1024x563.jpg 1024w, https:\/\/sites.ipleiria.pt\/eclub\/files\/2013\/03\/NiCdCharger_Placa-em-3D-cima-peq-500x275.jpg 500w, https:\/\/sites.ipleiria.pt\/eclub\/files\/2013\/03\/NiCdCharger_Placa-em-3D-cima-peq.jpg 1045w\" sizes=\"auto, (max-width: 300px) 100vw, 300px\" \/><\/a><\/p>\n<p>\u00a0<a href=\"http:\/\/sites.ipleiria.pt\/eclub\/files\/2013\/03\/NiCdCharger_Placa-em-3D-baixo-peq.jpg\"><img loading=\"lazy\" decoding=\"async\" class=\"alignleft size-medium wp-image-253\" alt=\"NiCdCharger_Placa em 3D baixo peq\" src=\"http:\/\/sites.ipleiria.pt\/eclub\/files\/2013\/03\/NiCdCharger_Placa-em-3D-baixo-peq-300x165.jpg\" width=\"300\" height=\"165\" srcset=\"https:\/\/sites.ipleiria.pt\/eclub\/files\/2013\/03\/NiCdCharger_Placa-em-3D-baixo-peq-300x165.jpg 300w, https:\/\/sites.ipleiria.pt\/eclub\/files\/2013\/03\/NiCdCharger_Placa-em-3D-baixo-peq-1024x563.jpg 1024w, https:\/\/sites.ipleiria.pt\/eclub\/files\/2013\/03\/NiCdCharger_Placa-em-3D-baixo-peq-500x275.jpg 500w, https:\/\/sites.ipleiria.pt\/eclub\/files\/2013\/03\/NiCdCharger_Placa-em-3D-baixo-peq.jpg 1045w\" sizes=\"auto, (max-width: 300px) 100vw, 300px\" \/><\/a><\/p>\n","protected":false},"excerpt":{"rendered":"<p>Carregador de Baterias NiCd ou NiMH Autor: Alexandre Vieira\u00a0\u00a0\u00a0\u00a0\u00a0\u00a0\u00a0\u00a0\u00a0\u00a0\u00a0Data:\u00a0Mar\u00e7o 2013\u00a0\u00a0\u00a0 \u00a0\u00a0\u00a0\u00a0\u00a0\u00a0 Contacto: 2120145@my.ipleiria.pt Resumo &#8211; Ao longo dos \u00faltimos anos a tecnologia port\u00e1til tem evolu\u00eddo imenso, e com ela, as baterias recarreg\u00e1veis tamb\u00e9m. Apesar de j\u00e1 existirem h\u00e1 mais tempo, &hellip; <a href=\"https:\/\/sites.ipleiria.pt\/eclub\/ideias-de-projectos\/carregador-baterias-nicd-e-nimh\/\">Continue reading <span class=\"meta-nav\">&rarr;<\/span><\/a><\/p>\n","protected":false},"author":1176,"featured_media":0,"parent":115,"menu_order":0,"comment_status":"open","ping_status":"closed","template":"showcase.php","meta":{"footnotes":""},"class_list":["post-251","page","type-page","status-publish","hentry"],"_links":{"self":[{"href":"https:\/\/sites.ipleiria.pt\/eclub\/wp-json\/wp\/v2\/pages\/251","targetHints":{"allow":["GET"]}}],"collection":[{"href":"https:\/\/sites.ipleiria.pt\/eclub\/wp-json\/wp\/v2\/pages"}],"about":[{"href":"https:\/\/sites.ipleiria.pt\/eclub\/wp-json\/wp\/v2\/types\/page"}],"author":[{"embeddable":true,"href":"https:\/\/sites.ipleiria.pt\/eclub\/wp-json\/wp\/v2\/users\/1176"}],"replies":[{"embeddable":true,"href":"https:\/\/sites.ipleiria.pt\/eclub\/wp-json\/wp\/v2\/comments?post=251"}],"version-history":[{"count":8,"href":"https:\/\/sites.ipleiria.pt\/eclub\/wp-json\/wp\/v2\/pages\/251\/revisions"}],"predecessor-version":[{"id":261,"href":"https:\/\/sites.ipleiria.pt\/eclub\/wp-json\/wp\/v2\/pages\/251\/revisions\/261"}],"up":[{"embeddable":true,"href":"https:\/\/sites.ipleiria.pt\/eclub\/wp-json\/wp\/v2\/pages\/115"}],"wp:attachment":[{"href":"https:\/\/sites.ipleiria.pt\/eclub\/wp-json\/wp\/v2\/media?parent=251"}],"curies":[{"name":"wp","href":"https:\/\/api.w.org\/{rel}","templated":true}]}}