{"id":334,"date":"2013-10-20T22:48:50","date_gmt":"2013-10-20T22:48:50","guid":{"rendered":"http:\/\/sites.ipleiria.pt\/eclub\/?page_id=334"},"modified":"2014-11-23T23:17:26","modified_gmt":"2014-11-23T23:17:26","slug":"projecto-escolher-ciencia","status":"publish","type":"page","link":"https:\/\/sites.ipleiria.pt\/eclub\/projecto-escolher-ciencia\/","title":{"rendered":"Ci\u00eancia Viva"},"content":{"rendered":"<p>&nbsp;<\/p>\n<h1 style=\"text-align: center\"><strong>Introdu\u00e7\u00e3o \u00e0s ondas electromagn\u00e9ticas e modula\u00e7\u00e3o AM\/FM<\/strong><\/h1>\n<p><a href=\"http:\/\/sites.ipleiria.pt\/eclub\/files\/2013\/10\/banner_escolherCiencia.jpg\"><img loading=\"lazy\" decoding=\"async\" class=\"size-medium wp-image-345 aligncenter\" src=\"http:\/\/sites.ipleiria.pt\/eclub\/files\/2013\/10\/banner_escolherCiencia-300x124.jpg\" alt=\"banner_escolherCiencia\" width=\"300\" height=\"124\" srcset=\"https:\/\/sites.ipleiria.pt\/eclub\/files\/2013\/10\/banner_escolherCiencia-300x124.jpg 300w, https:\/\/sites.ipleiria.pt\/eclub\/files\/2013\/10\/banner_escolherCiencia-500x207.jpg 500w, https:\/\/sites.ipleiria.pt\/eclub\/files\/2013\/10\/banner_escolherCiencia.jpg 722w\" sizes=\"auto, (max-width: 300px) 100vw, 300px\" \/><\/a><\/p>\n<p>&nbsp;<\/p>\n<p style=\"text-align: justify\">Este site serve como ve\u00edculo de divulga\u00e7\u00e3o para o Projecto Introdu\u00e7\u00e3o \u00e0s ondas electromagn\u00e9ticas e modula\u00e7\u00e3o AM\/FM. Neste projecto s\u00e3o realizadas ac\u00e7\u00f5es te\u00f3ricas e pr\u00e1ticas de demonstra\u00e7\u00e3o das utiliza\u00e7\u00f5es e mecanismos f\u00edsicos relacionados com a propaga\u00e7\u00e3o de ondas electromagn\u00e9ticas (ondas r\u00e1dio). Estas demonstra\u00e7\u00f5es s\u00e3o especialmente adaptadas aos programas lectivos do 11\u00ba ano de F\u00edsica.<\/p>\n<p style=\"text-align: justify\">Este projecto \u00e9 financiado pelo programa <strong>Ci\u00eancia Viva<\/strong>.<\/p>\n<p><strong>Coordenador do Projecto:<\/strong> Telmo Rui Fernandes (telmo.fernandes at ipleiria.pt)<\/p>\n<p>As actividades realizadas no ano lectivo de <strong>2012\/13<\/strong> foram:<\/p>\n<ul>\n<li>30\/01\/2013 &#8211; Escola Secund\u00e1ria Domingos Sequeira, Leiria<\/li>\n<li>14\/02\/2013 &#8211; Escola Secund\u00e1ria Francisco Rodrigues Lobo, Leiria<\/li>\n<li>22\/02\/2013 &#8211; Escola Secund\u00e1ria Henrique Sommer &#8211; Maceira, Leiria<\/li>\n<li>12\/03\/2013 &#8211; Escola Profissional de Leiria<\/li>\n<li>16\/05\/2013 &#8211; Escola Tecnol\u00f3gica, Art\u00edstica e Profissional de Pombal<\/li>\n<li>05\/06\/2013 &#8211; Escola Secund\u00e1ria Afonso Lopes Vieira &#8211; Leiria<\/li>\n<\/ul>\n<p>Apresenta\u00e7\u00e3o com realiza\u00e7\u00e3o experimental de Emissor de FM:<\/p>\n<ul>\n<li>12\/07\/2013 &#8211; Academia de Ver\u00e3o da ESTG &#8211; Leiria<\/li>\n<\/ul>\n<p>As actividades realizadas no ano lectivo de <strong>2013\/14<\/strong> foram:<\/p>\n<ul>\n<li>10\/02\/2014 &#8211; Escola Secund\u00e1ria de S. Martinho do Porto<\/li>\n<li>17\/02\/2014 &#8211; Escola Secund\u00e1ria Henrique Sommer &#8211; Maceira, Leiria<\/li>\n<li>19\/02\/2014 &#8211; Escola Secund\u00e1ria Francisco Rodrigues Lobo, Leiria<\/li>\n<\/ul>\n<p>Apresenta\u00e7\u00e3o com realiza\u00e7\u00e3o experimental de Emissor de FM:<\/p>\n<ul>\n<li>4\/07\/2014 &#8211; Academia de Ver\u00e3o da ESTG &#8211; Leiria<\/li>\n<\/ul>\n<p>Estamos j\u00e1 a planear as actividades de 2014\/15. Se nos quiseres ver na tua escola envia um email para: telmo.fernandes@ipleiria.pt.<\/p>\n<ul>\n<li><strong>NOVO!!<\/strong> Janeiro de 2015 &#8211;\u00a0Escola Secund\u00e1ria Domingos Sequeira, Leiria<\/li>\n<\/ul>\n<p>-&gt; Queres ver os diapositivos da nossa <strong>apresenta\u00e7\u00e3o de AM\/FM<\/strong>. Faz download do ficheiro <a title=\"Ci\u00eancia Viva\" href=\"http:\/\/sites.ipleiria.pt\/eclub\/projecto-escolher-ciencia\/\">aqui<\/a>.<\/p>\n<p><a href=\"http:\/\/sites.ipleiria.pt\/eclub\/files\/2014\/11\/AM_FM_ESSMastinho_2014_01.jpg\"><img loading=\"lazy\" decoding=\"async\" class=\"alignnone wp-image-395\" src=\"http:\/\/sites.ipleiria.pt\/eclub\/files\/2014\/11\/AM_FM_ESSMastinho_2014_01-300x212.jpg\" alt=\"AM_FM_ESSMastinho_2014_01\" width=\"192\" height=\"136\" srcset=\"https:\/\/sites.ipleiria.pt\/eclub\/files\/2014\/11\/AM_FM_ESSMastinho_2014_01-300x212.jpg 300w, https:\/\/sites.ipleiria.pt\/eclub\/files\/2014\/11\/AM_FM_ESSMastinho_2014_01-1024x724.jpg 1024w, https:\/\/sites.ipleiria.pt\/eclub\/files\/2014\/11\/AM_FM_ESSMastinho_2014_01-424x300.jpg 424w, https:\/\/sites.ipleiria.pt\/eclub\/files\/2014\/11\/AM_FM_ESSMastinho_2014_01.jpg 1753w\" sizes=\"auto, (max-width: 192px) 100vw, 192px\" \/><\/a> <a href=\"http:\/\/sites.ipleiria.pt\/eclub\/files\/2014\/11\/AM_FM_ESSMastinho_2014_02.jpg\"><img loading=\"lazy\" decoding=\"async\" class=\"alignnone wp-image-396\" src=\"http:\/\/sites.ipleiria.pt\/eclub\/files\/2014\/11\/AM_FM_ESSMastinho_2014_02-300x212.jpg\" alt=\"AM_FM_ESSMastinho_2014_02\" width=\"192\" height=\"136\" srcset=\"https:\/\/sites.ipleiria.pt\/eclub\/files\/2014\/11\/AM_FM_ESSMastinho_2014_02-300x212.jpg 300w, https:\/\/sites.ipleiria.pt\/eclub\/files\/2014\/11\/AM_FM_ESSMastinho_2014_02-1024x724.jpg 1024w, https:\/\/sites.ipleiria.pt\/eclub\/files\/2014\/11\/AM_FM_ESSMastinho_2014_02-424x300.jpg 424w, https:\/\/sites.ipleiria.pt\/eclub\/files\/2014\/11\/AM_FM_ESSMastinho_2014_02.jpg 1753w\" sizes=\"auto, (max-width: 192px) 100vw, 192px\" \/><\/a> <a href=\"http:\/\/sites.ipleiria.pt\/eclub\/files\/2014\/11\/AM_FM_ESSMastinho_2014_03.jpg\"><img loading=\"lazy\" decoding=\"async\" class=\"alignnone wp-image-397\" src=\"http:\/\/sites.ipleiria.pt\/eclub\/files\/2014\/11\/AM_FM_ESSMastinho_2014_03-300x212.jpg\" alt=\"AM_FM_ESSMastinho_2014_03\" width=\"192\" height=\"136\" srcset=\"https:\/\/sites.ipleiria.pt\/eclub\/files\/2014\/11\/AM_FM_ESSMastinho_2014_03-300x212.jpg 300w, https:\/\/sites.ipleiria.pt\/eclub\/files\/2014\/11\/AM_FM_ESSMastinho_2014_03-1024x724.jpg 1024w, https:\/\/sites.ipleiria.pt\/eclub\/files\/2014\/11\/AM_FM_ESSMastinho_2014_03-424x300.jpg 424w, https:\/\/sites.ipleiria.pt\/eclub\/files\/2014\/11\/AM_FM_ESSMastinho_2014_03.jpg 1753w\" sizes=\"auto, (max-width: 192px) 100vw, 192px\" \/><\/a> <a href=\"http:\/\/sites.ipleiria.pt\/eclub\/files\/2014\/11\/AM_FM_ESSMastinho_2014_04.jpg\"><img loading=\"lazy\" decoding=\"async\" class=\"alignnone wp-image-398\" src=\"http:\/\/sites.ipleiria.pt\/eclub\/files\/2014\/11\/AM_FM_ESSMastinho_2014_04-300x212.jpg\" alt=\"AM_FM_ESSMastinho_2014_04\" width=\"192\" height=\"136\" srcset=\"https:\/\/sites.ipleiria.pt\/eclub\/files\/2014\/11\/AM_FM_ESSMastinho_2014_04-300x212.jpg 300w, https:\/\/sites.ipleiria.pt\/eclub\/files\/2014\/11\/AM_FM_ESSMastinho_2014_04-1024x724.jpg 1024w, https:\/\/sites.ipleiria.pt\/eclub\/files\/2014\/11\/AM_FM_ESSMastinho_2014_04-424x300.jpg 424w, https:\/\/sites.ipleiria.pt\/eclub\/files\/2014\/11\/AM_FM_ESSMastinho_2014_04.jpg 1753w\" sizes=\"auto, (max-width: 192px) 100vw, 192px\" \/><\/a><\/p>\n<p><strong>J\u00e1 temos um Roll-up e um s\u00edmbolo do projeto:<\/strong><\/p>\n<p><img loading=\"lazy\" decoding=\"async\" class=\"size-medium wp-image-361 aligncenter\" style=\"color: #333333;font-style: normal\" src=\"http:\/\/sites.ipleiria.pt\/eclub\/files\/2013\/10\/roll-up-Peq-117x300.jpeg\" alt=\"roll up-Peq\" width=\"117\" height=\"300\" \/><img loading=\"lazy\" decoding=\"async\" class=\"size-full wp-image-353 aligncenter\" src=\"http:\/\/sites.ipleiria.pt\/eclub\/files\/2013\/10\/logo.gif\" alt=\"logo\" width=\"254\" height=\"87\" \/><\/p>\n","protected":false},"excerpt":{"rendered":"<p>&nbsp; Introdu\u00e7\u00e3o \u00e0s ondas electromagn\u00e9ticas e modula\u00e7\u00e3o AM\/FM &nbsp; Este site serve como ve\u00edculo de divulga\u00e7\u00e3o para o Projecto Introdu\u00e7\u00e3o \u00e0s ondas electromagn\u00e9ticas e modula\u00e7\u00e3o AM\/FM. Neste projecto s\u00e3o realizadas ac\u00e7\u00f5es te\u00f3ricas e pr\u00e1ticas de demonstra\u00e7\u00e3o das utiliza\u00e7\u00f5es e mecanismos &hellip; <a href=\"https:\/\/sites.ipleiria.pt\/eclub\/projecto-escolher-ciencia\/\">Continue reading <span class=\"meta-nav\">&rarr;<\/span><\/a><\/p>\n","protected":false},"author":807,"featured_media":0,"parent":0,"menu_order":8,"comment_status":"open","ping_status":"closed","template":"showcase.php","meta":{"footnotes":""},"class_list":["post-334","page","type-page","status-publish","hentry"],"_links":{"self":[{"href":"https:\/\/sites.ipleiria.pt\/eclub\/wp-json\/wp\/v2\/pages\/334","targetHints":{"allow":["GET"]}}],"collection":[{"href":"https:\/\/sites.ipleiria.pt\/eclub\/wp-json\/wp\/v2\/pages"}],"about":[{"href":"https:\/\/sites.ipleiria.pt\/eclub\/wp-json\/wp\/v2\/types\/page"}],"author":[{"embeddable":true,"href":"https:\/\/sites.ipleiria.pt\/eclub\/wp-json\/wp\/v2\/users\/807"}],"replies":[{"embeddable":true,"href":"https:\/\/sites.ipleiria.pt\/eclub\/wp-json\/wp\/v2\/comments?post=334"}],"version-history":[{"count":23,"href":"https:\/\/sites.ipleiria.pt\/eclub\/wp-json\/wp\/v2\/pages\/334\/revisions"}],"predecessor-version":[{"id":399,"href":"https:\/\/sites.ipleiria.pt\/eclub\/wp-json\/wp\/v2\/pages\/334\/revisions\/399"}],"wp:attachment":[{"href":"https:\/\/sites.ipleiria.pt\/eclub\/wp-json\/wp\/v2\/media?parent=334"}],"curies":[{"name":"wp","href":"https:\/\/api.w.org\/{rel}","templated":true}]}}