{"id":12,"date":"2021-06-23T16:40:23","date_gmt":"2021-06-23T16:40:23","guid":{"rendered":"https:\/\/sites.ipleiria.pt\/emda\/?page_id=12"},"modified":"2025-03-20T10:22:36","modified_gmt":"2025-03-20T10:22:36","slug":"encontros-realizados","status":"publish","type":"page","link":"https:\/\/sites.ipleiria.pt\/emda\/encontros-realizados\/","title":{"rendered":"Encontros realizados"},"content":{"rendered":"\n<p>Todas as edi\u00e7\u00f5es dos EMDA ficam acess\u00edveis na lista de v\u00eddeos do&nbsp;<a href=\"https:\/\/www.youtube.com\/channel\/UCicjl7ixf_h8DbjhO5C_WrA\" target=\"_blank\" rel=\"noreferrer noopener\">canal da ESECS-Polit\u00e9cnico de Leiria do YouTube<\/a> e tamb\u00e9m atrav\u00e9s desta p\u00e1gina, para visualiza\u00e7\u00e3o pelo p\u00fablico em geral. <\/p>\n\n\n\n<p>Recordamos que a participa\u00e7\u00e3o na sala zoom tem como pressuposto a&nbsp;aceita\u00e7\u00e3o do registo de som e imagem. Em alternativa, \u00e9 poss\u00edvel assistir \u00e0 emiss\u00e3o em direto no&nbsp;<a href=\"https:\/\/www.youtube.com\/channel\/UCicjl7ixf_h8DbjhO5C_WrA\" target=\"_blank\" rel=\"noreferrer noopener\">canal da ESECS-Polit\u00e9cnico de Leiria do YouTube<\/a>.<\/p>\n\n\n\n<figure class=\"wp-block-embed is-type-video is-provider-youtube wp-block-embed-youtube wp-embed-aspect-16-9 wp-has-aspect-ratio\"><div class=\"wp-block-embed__wrapper\">\n<iframe title=\"EMDA24\" width=\"625\" height=\"352\" src=\"https:\/\/www.youtube.com\/embed\/mS4DSlGPcg8?feature=oembed\" frameborder=\"0\" allow=\"accelerometer; autoplay; clipboard-write; encrypted-media; gyroscope; picture-in-picture; web-share\" referrerpolicy=\"strict-origin-when-cross-origin\" allowfullscreen><\/iframe>\n<\/div><\/figure>\n\n\n\n<figure class=\"wp-block-embed is-type-video is-provider-youtube wp-block-embed-youtube wp-embed-aspect-16-9 wp-has-aspect-ratio\"><div class=\"wp-block-embed__wrapper\">\n<iframe title=\"EMDA 23\" width=\"625\" height=\"352\" src=\"https:\/\/www.youtube.com\/embed\/dU_sNYkXQI4?feature=oembed\" frameborder=\"0\" allow=\"accelerometer; autoplay; clipboard-write; encrypted-media; gyroscope; picture-in-picture; web-share\" referrerpolicy=\"strict-origin-when-cross-origin\" allowfullscreen><\/iframe>\n<\/div><\/figure>\n\n\n\n<figure class=\"wp-block-embed is-type-video is-provider-youtube wp-block-embed-youtube wp-embed-aspect-16-9 wp-has-aspect-ratio\"><div class=\"wp-block-embed__wrapper\">\n<iframe title=\"22\u00ba Encontro Mensal sobre Discurso Acad\u00e9mico\" width=\"625\" height=\"352\" src=\"https:\/\/www.youtube.com\/embed\/uFIHadsi8Q0?feature=oembed\" frameborder=\"0\" allow=\"accelerometer; autoplay; clipboard-write; encrypted-media; gyroscope; picture-in-picture; web-share\" referrerpolicy=\"strict-origin-when-cross-origin\" allowfullscreen><\/iframe>\n<\/div><\/figure>\n\n\n\n<figure class=\"wp-block-embed is-type-video is-provider-youtube wp-block-embed-youtube wp-embed-aspect-16-9 wp-has-aspect-ratio\"><div class=\"wp-block-embed__wrapper\">\n<iframe title=\"21\u00ba Encontro Mensal sobre Discurso Acad\u00e9mico\" width=\"625\" height=\"352\" src=\"https:\/\/www.youtube.com\/embed\/9w_U8SCVIsg?start=2&#038;feature=oembed\" frameborder=\"0\" allow=\"accelerometer; autoplay; clipboard-write; encrypted-media; gyroscope; picture-in-picture; web-share\" referrerpolicy=\"strict-origin-when-cross-origin\" allowfullscreen><\/iframe>\n<\/div><\/figure>\n\n\n\n<figure class=\"wp-block-embed is-type-video is-provider-youtube wp-block-embed-youtube wp-embed-aspect-16-9 wp-has-aspect-ratio\"><div class=\"wp-block-embed__wrapper\">\n<iframe title=\"20\u00ba Encontro Mensal sobre Discurso Acad\u00e9mico\" width=\"625\" height=\"352\" src=\"https:\/\/www.youtube.com\/embed\/BnS1L-A7BOg?start=8&#038;feature=oembed\" frameborder=\"0\" allow=\"accelerometer; autoplay; clipboard-write; encrypted-media; gyroscope; picture-in-picture; web-share\" referrerpolicy=\"strict-origin-when-cross-origin\" allowfullscreen><\/iframe>\n<\/div><\/figure>\n\n\n\n<figure class=\"wp-block-embed is-type-video is-provider-youtube wp-block-embed-youtube wp-embed-aspect-16-9 wp-has-aspect-ratio\"><div class=\"wp-block-embed__wrapper\">\n<iframe title=\"19\u00ba Encontro Mensal sobre Discurso Acad\u00e9mico\" width=\"625\" height=\"352\" src=\"https:\/\/www.youtube.com\/embed\/4X7H9SoD1tU?feature=oembed\" frameborder=\"0\" allow=\"accelerometer; autoplay; clipboard-write; encrypted-media; gyroscope; picture-in-picture; web-share\" referrerpolicy=\"strict-origin-when-cross-origin\" allowfullscreen><\/iframe>\n<\/div><\/figure>\n\n\n\n<figure class=\"wp-block-embed is-type-video is-provider-youtube wp-block-embed-youtube wp-embed-aspect-16-9 wp-has-aspect-ratio\"><div class=\"wp-block-embed__wrapper\">\n<iframe title=\"18\u00ba Encontro Mensal sobre Discurso Acad\u00e9mico\" width=\"625\" height=\"352\" src=\"https:\/\/www.youtube.com\/embed\/EaDtxZhL1Ek?feature=oembed\" frameborder=\"0\" allow=\"accelerometer; autoplay; clipboard-write; encrypted-media; gyroscope; picture-in-picture; web-share\" referrerpolicy=\"strict-origin-when-cross-origin\" allowfullscreen><\/iframe>\n<\/div><\/figure>\n\n\n\n<figure class=\"wp-block-embed is-type-video is-provider-youtube wp-block-embed-youtube wp-embed-aspect-16-9 wp-has-aspect-ratio\"><div class=\"wp-block-embed__wrapper\">\n<iframe title=\"17\u00ba Encontro Mensal sobre Discurso Acad\u00e9mico\" width=\"625\" height=\"352\" src=\"https:\/\/www.youtube.com\/embed\/Lx1VQiouy1A?feature=oembed\" frameborder=\"0\" allow=\"accelerometer; autoplay; clipboard-write; encrypted-media; gyroscope; picture-in-picture; web-share\" referrerpolicy=\"strict-origin-when-cross-origin\" allowfullscreen><\/iframe>\n<\/div><\/figure>\n\n\n\n<figure class=\"wp-block-embed is-type-video is-provider-youtube wp-block-embed-youtube wp-embed-aspect-16-9 wp-has-aspect-ratio\"><div class=\"wp-block-embed__wrapper\">\n<iframe title=\"16\u00ba Encontro Mensal sobre Discurso Acad\u00e9mico\" width=\"625\" height=\"352\" src=\"https:\/\/www.youtube.com\/embed\/SCP4XRnePe4?start=2&#038;feature=oembed\" frameborder=\"0\" allow=\"accelerometer; autoplay; clipboard-write; encrypted-media; gyroscope; picture-in-picture; web-share\" referrerpolicy=\"strict-origin-when-cross-origin\" allowfullscreen><\/iframe>\n<\/div><\/figure>\n\n\n\n<figure class=\"wp-block-embed is-type-video is-provider-youtube wp-block-embed-youtube wp-embed-aspect-16-9 wp-has-aspect-ratio\"><div class=\"wp-block-embed__wrapper\">\n<iframe title=\"15\u00ba Encontro Mensal sobre Discurso Acad\u00e9mico\" width=\"625\" height=\"352\" src=\"https:\/\/www.youtube.com\/embed\/b9PVDApxO-A?feature=oembed\" frameborder=\"0\" allow=\"accelerometer; autoplay; clipboard-write; encrypted-media; gyroscope; picture-in-picture; web-share\" referrerpolicy=\"strict-origin-when-cross-origin\" allowfullscreen><\/iframe>\n<\/div><\/figure>\n\n\n\n<figure class=\"wp-block-embed is-type-video is-provider-youtube wp-block-embed-youtube wp-embed-aspect-16-9 wp-has-aspect-ratio\"><div class=\"wp-block-embed__wrapper\">\n<iframe title=\"14\u00ba Encontro Mensal sobre Discurso Acad\u00e9mico\" width=\"625\" height=\"352\" src=\"https:\/\/www.youtube.com\/embed\/2yQ9vkxcExY?start=473&#038;feature=oembed\" frameborder=\"0\" allow=\"accelerometer; autoplay; clipboard-write; encrypted-media; gyroscope; picture-in-picture; web-share\" referrerpolicy=\"strict-origin-when-cross-origin\" allowfullscreen><\/iframe>\n<\/div><\/figure>\n\n\n\n<figure class=\"wp-block-embed is-type-video is-provider-youtube wp-block-embed-youtube wp-embed-aspect-16-9 wp-has-aspect-ratio\"><div class=\"wp-block-embed__wrapper\">\n<iframe title=\"13\u00ba Encontro Mensal sobre Discurso Acad\u00e9mico\" width=\"625\" height=\"352\" src=\"https:\/\/www.youtube.com\/embed\/U5K7oOO1QR4?start=4&#038;feature=oembed\" frameborder=\"0\" allow=\"accelerometer; autoplay; clipboard-write; encrypted-media; gyroscope; picture-in-picture; web-share\" referrerpolicy=\"strict-origin-when-cross-origin\" allowfullscreen><\/iframe>\n<\/div><\/figure>\n\n\n\n<figure class=\"wp-block-embed is-type-video is-provider-youtube wp-block-embed-youtube wp-embed-aspect-16-9 wp-has-aspect-ratio\"><div class=\"wp-block-embed__wrapper\">\n<iframe title=\"12\u00ba Encontro Mensal sobre Discurso Acad\u00e9mico\" width=\"625\" height=\"352\" src=\"https:\/\/www.youtube.com\/embed\/ZdLRygGWSa0?feature=oembed\" frameborder=\"0\" allow=\"accelerometer; autoplay; clipboard-write; encrypted-media; gyroscope; picture-in-picture; web-share\" referrerpolicy=\"strict-origin-when-cross-origin\" allowfullscreen><\/iframe>\n<\/div><\/figure>\n\n\n\n<figure class=\"wp-block-embed is-type-video is-provider-youtube wp-block-embed-youtube wp-embed-aspect-16-9 wp-has-aspect-ratio\"><div class=\"wp-block-embed__wrapper\">\n<iframe title=\"11\u00ba Encontro Mensal sobre Discurso Acad\u00e9mico\" width=\"625\" height=\"352\" src=\"https:\/\/www.youtube.com\/embed\/6YQODZ4y6Zk?feature=oembed\" frameborder=\"0\" allow=\"accelerometer; autoplay; clipboard-write; encrypted-media; gyroscope; picture-in-picture; web-share\" referrerpolicy=\"strict-origin-when-cross-origin\" allowfullscreen><\/iframe>\n<\/div><\/figure>\n\n\n\n<figure class=\"wp-block-embed is-type-video is-provider-youtube wp-block-embed-youtube wp-embed-aspect-16-9 wp-has-aspect-ratio\"><div class=\"wp-block-embed__wrapper\">\n<iframe title=\"10\u00ba Encontro Mensal sobre Discurso Acad\u00e9mico\" width=\"625\" height=\"352\" src=\"https:\/\/www.youtube.com\/embed\/e0AQtgnMuV4?feature=oembed\" frameborder=\"0\" allow=\"accelerometer; autoplay; clipboard-write; encrypted-media; gyroscope; picture-in-picture; web-share\" referrerpolicy=\"strict-origin-when-cross-origin\" allowfullscreen><\/iframe>\n<\/div><\/figure>\n\n\n\n<figure class=\"wp-block-embed is-type-video is-provider-youtube wp-block-embed-youtube wp-embed-aspect-16-9 wp-has-aspect-ratio\"><div class=\"wp-block-embed__wrapper\">\n<iframe title=\"9\u00ba Encontro Mensal sobre Discurso Acad\u00e9mico\" width=\"625\" height=\"352\" src=\"https:\/\/www.youtube.com\/embed\/2ZU5GWjXdoY?feature=oembed\" frameborder=\"0\" allow=\"accelerometer; autoplay; clipboard-write; encrypted-media; gyroscope; picture-in-picture; web-share\" referrerpolicy=\"strict-origin-when-cross-origin\" allowfullscreen><\/iframe>\n<\/div><\/figure>\n\n\n\n<figure class=\"wp-block-embed is-type-video is-provider-youtube wp-block-embed-youtube wp-embed-aspect-16-9 wp-has-aspect-ratio\"><div class=\"wp-block-embed__wrapper\">\n<iframe title=\"8\u00ba Encontro Mensal sobre Discurso Acad\u00e9mico\" width=\"625\" height=\"352\" src=\"https:\/\/www.youtube.com\/embed\/nrvBBErojvc?feature=oembed\" frameborder=\"0\" allow=\"accelerometer; autoplay; clipboard-write; encrypted-media; gyroscope; picture-in-picture; web-share\" referrerpolicy=\"strict-origin-when-cross-origin\" allowfullscreen><\/iframe>\n<\/div><\/figure>\n\n\n\n<figure class=\"wp-block-embed is-type-video is-provider-youtube wp-block-embed-youtube wp-embed-aspect-16-9 wp-has-aspect-ratio\"><div class=\"wp-block-embed__wrapper\">\n<iframe title=\"7\u00ba Encontro Mensal sobre Discurso Acad\u00e9mico\" width=\"625\" height=\"352\" src=\"https:\/\/www.youtube.com\/embed\/SNRGOHZFp5U?feature=oembed\" frameborder=\"0\" allow=\"accelerometer; autoplay; clipboard-write; encrypted-media; gyroscope; picture-in-picture; web-share\" referrerpolicy=\"strict-origin-when-cross-origin\" allowfullscreen><\/iframe>\n<\/div><\/figure>\n\n\n\n<figure class=\"wp-block-embed is-type-video is-provider-youtube wp-block-embed-youtube wp-embed-aspect-16-9 wp-has-aspect-ratio\"><div class=\"wp-block-embed__wrapper\">\n<iframe title=\"6\u00ba Encontro Mensal sobre Discurso Acad\u00e9mico\" width=\"625\" height=\"352\" src=\"https:\/\/www.youtube.com\/embed\/QlAQ97rjEfI?feature=oembed\" frameborder=\"0\" allow=\"accelerometer; autoplay; clipboard-write; encrypted-media; gyroscope; picture-in-picture; web-share\" referrerpolicy=\"strict-origin-when-cross-origin\" allowfullscreen><\/iframe>\n<\/div><\/figure>\n\n\n\n<figure class=\"wp-block-embed is-type-video is-provider-youtube wp-block-embed-youtube wp-embed-aspect-16-9 wp-has-aspect-ratio\"><div class=\"wp-block-embed__wrapper\">\n<iframe title=\"5\u00ba Encontro Mensal sobre Discurso Acad\u00e9mico\" width=\"625\" height=\"352\" src=\"https:\/\/www.youtube.com\/embed\/5Z9WpDlYzes?feature=oembed\" frameborder=\"0\" allow=\"accelerometer; autoplay; clipboard-write; encrypted-media; gyroscope; picture-in-picture; web-share\" referrerpolicy=\"strict-origin-when-cross-origin\" allowfullscreen><\/iframe>\n<\/div><\/figure>\n\n\n\n<figure class=\"wp-block-embed is-type-video is-provider-youtube wp-block-embed-youtube wp-embed-aspect-16-9 wp-has-aspect-ratio\"><div class=\"wp-block-embed__wrapper\">\n<iframe title=\"4\u00ba Encontro Mensal sobre Discurso Acad\u00e9mico\" width=\"625\" height=\"352\" src=\"https:\/\/www.youtube.com\/embed\/ee05lRWarZ0?start=3632&#038;feature=oembed\" frameborder=\"0\" allow=\"accelerometer; autoplay; clipboard-write; encrypted-media; gyroscope; picture-in-picture; web-share\" referrerpolicy=\"strict-origin-when-cross-origin\" allowfullscreen><\/iframe>\n<\/div><\/figure>\n\n\n\n<figure class=\"wp-block-embed is-type-video is-provider-youtube wp-block-embed-youtube wp-embed-aspect-16-9 wp-has-aspect-ratio\"><div class=\"wp-block-embed__wrapper\">\n<iframe title=\"3\u00ba Encontro Mensal sobre Discurso Acad\u00e9mico\" width=\"625\" height=\"352\" src=\"https:\/\/www.youtube.com\/embed\/Dufaxuqyfis?start=4499&#038;feature=oembed\" frameborder=\"0\" allow=\"accelerometer; autoplay; clipboard-write; encrypted-media; gyroscope; picture-in-picture; web-share\" referrerpolicy=\"strict-origin-when-cross-origin\" allowfullscreen><\/iframe>\n<\/div><\/figure>\n\n\n\n<figure class=\"wp-block-embed is-type-video is-provider-youtube wp-block-embed-youtube wp-embed-aspect-16-9 wp-has-aspect-ratio\"><div class=\"wp-block-embed__wrapper\">\n<iframe title=\"2\u00ba Encontro Mensal sobre Discurso Acad\u00e9mico\" width=\"625\" height=\"352\" src=\"https:\/\/www.youtube.com\/embed\/901Dcyd4OaE?start=1737&#038;feature=oembed\" frameborder=\"0\" allow=\"accelerometer; autoplay; clipboard-write; encrypted-media; gyroscope; picture-in-picture; web-share\" referrerpolicy=\"strict-origin-when-cross-origin\" allowfullscreen><\/iframe>\n<\/div><\/figure>\n\n\n\n<div class=\"wp-block-columns is-layout-flex wp-container-core-columns-is-layout-2 wp-block-columns-is-layout-flex\">\n<div class=\"wp-block-column is-layout-flow wp-block-column-is-layout-flow\" style=\"flex-basis:100%\">\n<div class=\"wp-block-columns is-layout-flex wp-container-core-columns-is-layout-1 wp-block-columns-is-layout-flex\"><\/div>\n\n\n\n<figure class=\"wp-block-embed is-type-video is-provider-youtube wp-block-embed-youtube wp-embed-aspect-16-9 wp-has-aspect-ratio\"><div class=\"wp-block-embed__wrapper\">\n<iframe title=\"1\u00ba Encontro Mensal sobre Discurso Acad\u00e9mico\" width=\"625\" height=\"352\" src=\"https:\/\/www.youtube.com\/embed\/hP2dFgj-ZU8?start=14&#038;feature=oembed\" frameborder=\"0\" allow=\"accelerometer; autoplay; clipboard-write; encrypted-media; gyroscope; picture-in-picture; web-share\" referrerpolicy=\"strict-origin-when-cross-origin\" allowfullscreen><\/iframe>\n<\/div><\/figure>\n<\/div>\n<\/div>\n\n\n\n<div class=\"wp-block-columns is-layout-flex wp-container-core-columns-is-layout-3 wp-block-columns-is-layout-flex\"><\/div>\n\n\n\n<h6 class=\"wp-block-heading\">Momentos do EMDA2<\/h6>\n\n\n\n<figure class=\"wp-block-gallery has-nested-images columns-default is-cropped wp-block-gallery-1 is-layout-flex wp-block-gallery-is-layout-flex\">\n<figure class=\"wp-block-image size-large\"><img decoding=\"async\" data-id=\"531\" src=\"http:\/\/sites.ipleiria.pt\/emda\/files\/2021\/10\/Captura-de-ecr\u00e3-2021-10-13-\u00e0s-19.30.03-1024x640.png\" alt=\"\" class=\"wp-image-531\"\/><\/figure>\n\n\n\n<figure class=\"wp-block-image size-large\"><img decoding=\"async\" data-id=\"526\" src=\"http:\/\/sites.ipleiria.pt\/emda\/files\/2021\/10\/Captura-de-ecr\u00e3-2021-10-13-\u00e0s-18.33.39-1024x640.png\" alt=\"\" class=\"wp-image-526\"\/><\/figure>\n\n\n\n<figure class=\"wp-block-image size-large\"><img decoding=\"async\" data-id=\"528\" src=\"http:\/\/sites.ipleiria.pt\/emda\/files\/2021\/10\/Captura-de-ecr\u00e3-2021-10-13-\u00e0s-18.52.36-1024x640.png\" alt=\"\" class=\"wp-image-528\"\/><\/figure>\n\n\n\n<figure class=\"wp-block-image size-large\"><img decoding=\"async\" data-id=\"525\" src=\"http:\/\/sites.ipleiria.pt\/emda\/files\/2021\/10\/Captura-de-ecr\u00e3-2021-10-13-\u00e0s-18.30.29-1024x640.png\" alt=\"\" class=\"wp-image-525\"\/><\/figure>\n\n\n\n<figure class=\"wp-block-image size-large\"><img decoding=\"async\" data-id=\"530\" src=\"http:\/\/sites.ipleiria.pt\/emda\/files\/2021\/10\/Captura-de-ecr\u00e3-2021-10-13-\u00e0s-19.24.47-1024x640.png\" alt=\"\" class=\"wp-image-530\"\/><\/figure>\n\n\n\n<figure class=\"wp-block-image size-large\"><img decoding=\"async\" data-id=\"529\" src=\"http:\/\/sites.ipleiria.pt\/emda\/files\/2021\/10\/Captura-de-ecr\u00e3-2021-10-13-\u00e0s-19.24.28-1024x640.png\" alt=\"\" class=\"wp-image-529\"\/><\/figure>\n\n\n\n<figure class=\"wp-block-image size-large\"><img decoding=\"async\" data-id=\"523\" src=\"http:\/\/sites.ipleiria.pt\/emda\/files\/2021\/10\/Captura-de-ecr\u00e3-2021-10-13-\u00e0s-18.28.28-1024x640.png\" alt=\"\" class=\"wp-image-523\"\/><\/figure>\n\n\n\n<figure class=\"wp-block-image size-large\"><img decoding=\"async\" data-id=\"521\" src=\"http:\/\/sites.ipleiria.pt\/emda\/files\/2021\/10\/Captura-de-ecr\u00e3-2021-10-13-\u00e0s-18.25.28-1024x640.png\" alt=\"\" class=\"wp-image-521\"\/><\/figure>\n<\/figure>\n\n\n\n<h6 class=\"wp-block-heading\">Momentos do EMDA1<\/h6>\n\n\n\n<figure class=\"wp-block-gallery has-nested-images columns-2 is-cropped wp-block-gallery-2 is-layout-flex wp-block-gallery-is-layout-flex\">\n<figure class=\"wp-block-image size-large\"><img fetchpriority=\"high\" decoding=\"async\" width=\"1024\" height=\"574\" data-id=\"407\" src=\"http:\/\/sites.ipleiria.pt\/emda\/files\/2021\/07\/22-1-1024x574.png\" alt=\"\" class=\"wp-image-407\" srcset=\"https:\/\/sites.ipleiria.pt\/emda\/files\/2021\/07\/22-1-1024x574.png 1024w, https:\/\/sites.ipleiria.pt\/emda\/files\/2021\/07\/22-1-300x168.png 300w, https:\/\/sites.ipleiria.pt\/emda\/files\/2021\/07\/22-1-768x431.png 768w, https:\/\/sites.ipleiria.pt\/emda\/files\/2021\/07\/22-1-1536x861.png 1536w, https:\/\/sites.ipleiria.pt\/emda\/files\/2021\/07\/22-1-2048x1149.png 2048w, https:\/\/sites.ipleiria.pt\/emda\/files\/2021\/07\/22-1-624x350.png 624w\" sizes=\"(max-width: 1024px) 100vw, 1024px\" \/><\/figure>\n\n\n\n<figure class=\"wp-block-image size-large\"><img decoding=\"async\" width=\"1024\" height=\"715\" data-id=\"406\" src=\"http:\/\/sites.ipleiria.pt\/emda\/files\/2021\/07\/4-1-1024x715.png\" alt=\"\" class=\"wp-image-406\" srcset=\"https:\/\/sites.ipleiria.pt\/emda\/files\/2021\/07\/4-1-1024x715.png 1024w, https:\/\/sites.ipleiria.pt\/emda\/files\/2021\/07\/4-1-300x210.png 300w, https:\/\/sites.ipleiria.pt\/emda\/files\/2021\/07\/4-1-768x536.png 768w, https:\/\/sites.ipleiria.pt\/emda\/files\/2021\/07\/4-1-624x436.png 624w, https:\/\/sites.ipleiria.pt\/emda\/files\/2021\/07\/4-1.png 1515w\" sizes=\"(max-width: 1024px) 100vw, 1024px\" \/><\/figure>\n\n\n\n<figure class=\"wp-block-image size-large\"><img decoding=\"async\" width=\"1024\" height=\"549\" data-id=\"390\" src=\"http:\/\/sites.ipleiria.pt\/emda\/files\/2021\/07\/18-1024x549.png\" alt=\"\" class=\"wp-image-390\" srcset=\"https:\/\/sites.ipleiria.pt\/emda\/files\/2021\/07\/18-1024x549.png 1024w, https:\/\/sites.ipleiria.pt\/emda\/files\/2021\/07\/18-300x161.png 300w, https:\/\/sites.ipleiria.pt\/emda\/files\/2021\/07\/18-768x412.png 768w, https:\/\/sites.ipleiria.pt\/emda\/files\/2021\/07\/18-1536x823.png 1536w, https:\/\/sites.ipleiria.pt\/emda\/files\/2021\/07\/18-2048x1098.png 2048w, https:\/\/sites.ipleiria.pt\/emda\/files\/2021\/07\/18-624x334.png 624w\" sizes=\"(max-width: 1024px) 100vw, 1024px\" \/><\/figure>\n\n\n\n<figure class=\"wp-block-image size-large\"><img loading=\"lazy\" decoding=\"async\" width=\"1024\" height=\"574\" data-id=\"408\" src=\"http:\/\/sites.ipleiria.pt\/emda\/files\/2021\/07\/17-1024x574.png\" alt=\"\" class=\"wp-image-408\" srcset=\"https:\/\/sites.ipleiria.pt\/emda\/files\/2021\/07\/17-1024x574.png 1024w, https:\/\/sites.ipleiria.pt\/emda\/files\/2021\/07\/17-300x168.png 300w, https:\/\/sites.ipleiria.pt\/emda\/files\/2021\/07\/17-768x430.png 768w, https:\/\/sites.ipleiria.pt\/emda\/files\/2021\/07\/17-1536x861.png 1536w, https:\/\/sites.ipleiria.pt\/emda\/files\/2021\/07\/17-2048x1148.png 2048w, https:\/\/sites.ipleiria.pt\/emda\/files\/2021\/07\/17-624x350.png 624w\" sizes=\"(max-width: 1024px) 100vw, 1024px\" \/><\/figure>\n\n\n\n<figure class=\"wp-block-image size-large\"><img loading=\"lazy\" decoding=\"async\" width=\"1024\" height=\"576\" data-id=\"387\" src=\"http:\/\/sites.ipleiria.pt\/emda\/files\/2021\/07\/26-1024x576.png\" alt=\"\" class=\"wp-image-387\" srcset=\"https:\/\/sites.ipleiria.pt\/emda\/files\/2021\/07\/26-1024x576.png 1024w, https:\/\/sites.ipleiria.pt\/emda\/files\/2021\/07\/26-300x169.png 300w, https:\/\/sites.ipleiria.pt\/emda\/files\/2021\/07\/26-768x432.png 768w, https:\/\/sites.ipleiria.pt\/emda\/files\/2021\/07\/26-1536x864.png 1536w, https:\/\/sites.ipleiria.pt\/emda\/files\/2021\/07\/26-2048x1152.png 2048w, https:\/\/sites.ipleiria.pt\/emda\/files\/2021\/07\/26-624x351.png 624w\" sizes=\"(max-width: 1024px) 100vw, 1024px\" \/><\/figure>\n<\/figure>\n\n\n\n<p><\/p>\n\n\n\n<p>Recordamos que a participa\u00e7\u00e3o na sala zoom tem como pressuposto a&nbsp;aceita\u00e7\u00e3o do registo de som e imagem. Em alternativa, \u00e9 poss\u00edvel assistir \u00e0 emiss\u00e3o em direto no&nbsp;<a rel=\"noreferrer noopener\" href=\"https:\/\/www.youtube.com\/channel\/UCicjl7ixf_h8DbjhO5C_WrA\" target=\"_blank\">canal da ESECS-Polit\u00e9cnico de Leiria do YouTube<\/a>.<\/p>\n\n\n\n<figure class=\"wp-block-image size-full\"><img loading=\"lazy\" decoding=\"async\" width=\"1024\" height=\"89\" src=\"https:\/\/sites.ipleiria.pt\/emda\/files\/2021\/07\/logotipos.001-1-e1625577648547.jpeg\" alt=\"\" class=\"wp-image-252\" srcset=\"https:\/\/sites.ipleiria.pt\/emda\/files\/2021\/07\/logotipos.001-1-e1625577648547.jpeg 1024w, https:\/\/sites.ipleiria.pt\/emda\/files\/2021\/07\/logotipos.001-1-e1625577648547-300x26.jpeg 300w, https:\/\/sites.ipleiria.pt\/emda\/files\/2021\/07\/logotipos.001-1-e1625577648547-768x67.jpeg 768w, https:\/\/sites.ipleiria.pt\/emda\/files\/2021\/07\/logotipos.001-1-e1625577648547-624x54.jpeg 624w\" sizes=\"(max-width: 1024px) 100vw, 1024px\" \/><\/figure>\n\n\n\n<p><\/p>\n\n\n\n<figure class=\"wp-block-video\"><\/figure>\n\n\n\n<figure class=\"wp-block-video\"><\/figure>\n\n\n\n<figure class=\"wp-block-video\"><\/figure>\n\n\n\n<figure class=\"wp-block-video\"><\/figure>\n\n\n\n<figure class=\"wp-block-video\"><\/figure>\n\n\n\n<figure class=\"wp-block-video\"><\/figure>\n\n\n\n<figure class=\"wp-block-video\"><\/figure>\n\n\n\n<figure class=\"wp-block-video\"><\/figure>\n","protected":false},"excerpt":{"rendered":"<p>Todas as edi\u00e7\u00f5es dos EMDA ficam acess\u00edveis na lista de v\u00eddeos do&nbsp;canal da ESECS-Polit\u00e9cnico de Leiria do YouTube e tamb\u00e9m atrav\u00e9s desta p\u00e1gina, para visualiza\u00e7\u00e3o pelo p\u00fablico em geral. Recordamos que a participa\u00e7\u00e3o na sala zoom tem como pressuposto a&nbsp;aceita\u00e7\u00e3o do registo de som e imagem. Em alternativa, \u00e9 poss\u00edvel assistir \u00e0 emiss\u00e3o em direto [&hellip;]<\/p>\n","protected":false},"author":5223,"featured_media":0,"parent":0,"menu_order":0,"comment_status":"closed","ping_status":"closed","template":"","meta":{"footnotes":""},"class_list":["post-12","page","type-page","status-publish","hentry"],"_links":{"self":[{"href":"https:\/\/sites.ipleiria.pt\/emda\/wp-json\/wp\/v2\/pages\/12","targetHints":{"allow":["GET"]}}],"collection":[{"href":"https:\/\/sites.ipleiria.pt\/emda\/wp-json\/wp\/v2\/pages"}],"about":[{"href":"https:\/\/sites.ipleiria.pt\/emda\/wp-json\/wp\/v2\/types\/page"}],"author":[{"embeddable":true,"href":"https:\/\/sites.ipleiria.pt\/emda\/wp-json\/wp\/v2\/users\/5223"}],"replies":[{"embeddable":true,"href":"https:\/\/sites.ipleiria.pt\/emda\/wp-json\/wp\/v2\/comments?post=12"}],"version-history":[{"count":56,"href":"https:\/\/sites.ipleiria.pt\/emda\/wp-json\/wp\/v2\/pages\/12\/revisions"}],"predecessor-version":[{"id":1365,"href":"https:\/\/sites.ipleiria.pt\/emda\/wp-json\/wp\/v2\/pages\/12\/revisions\/1365"}],"wp:attachment":[{"href":"https:\/\/sites.ipleiria.pt\/emda\/wp-json\/wp\/v2\/media?parent=12"}],"curies":[{"name":"wp","href":"https:\/\/api.w.org\/{rel}","templated":true}]}}